{"id":761891,"date":"2025-08-28T09:51:00","date_gmt":"2025-08-28T06:51:00","guid":{"rendered":"https:\/\/roveyayinevi.com.tr\/index.php\/urun\/diderot-cagi-yasami-ve-eserleri\/"},"modified":"2026-04-15T03:27:05","modified_gmt":"2026-04-15T00:27:05","slug":"diderot-cagi-yasami-ve-eserleri","status":"publish","type":"product","link":"https:\/\/roveyayinevi.com.tr\/index.php\/urun\/diderot-cagi-yasami-ve-eserleri\/","title":{"rendered":"Diderot \u00c7a\u011f\u0131 Ya\u015fam\u0131 ve Eserleri"},"content":{"rendered":"<p>Bat\u0131\u2019da 18. Y\u00fczy\u0131l, o ayd\u0131nl\u0131klar y\u00fczy\u0131l\u0131 unutulur bir devir de\u011fil. O y\u00fczy\u0131lda, ba\u011fnazl\u0131k ile zorbal\u0131k kar\u015f\u0131s\u0131nda, akl\u0131n bayra\u011f\u0131n\u0131 a\u00e7m\u0131\u015f Frans\u0131z filozoflar\u0131 hi\u00e7 unutulmaz. Diderot, o ayd\u0131nlar kafilesinin ba\u015f\u0131na gelenlerden, materyalist okulun da \u015fefi. D\u00fc\u015f\u00fcnce d\u00fcnyas\u0131nda b\u00fcy\u00fck bir miras b\u0131rakt\u0131 bize. Hele i\u00e7inde yaln\u0131z hayaletlerin bar\u0131nd\u0131\u011f\u0131 g\u00f6\u011f\u00fcn kalesini onun kadar g\u00fc\u00e7le sarsan \u00e7ok az kimse vard\u0131r. Diderot, o surlarda a\u00e7t\u0131\u011f\u0131 gedikleri geni\u015fletmeyi bug\u00fcn de s\u00fcrd\u00fcr\u00fcyor; akl\u0131n bayra\u011f\u0131n\u0131 y\u00fckseltenler aras\u0131nda o da var. Diderot, \u00e7ok y\u00f6n\u00fcyle \u00e7a\u011fda\u015f\u0131m\u0131z. \u0130lerici ve devrimci bir d\u00fc\u015f\u00fcn\u00fcr olarak bug\u00fcn de ayd\u0131nlat\u0131p duruyor insanl\u0131\u011f\u0131. O, ak\u0131l, bilim ve ger\u00e7ek ad\u0131na b\u00fcy\u00fck bir \u00e7a\u011fr\u0131da bulundu. Onun \u00e7a\u011fr\u0131s\u0131na kulak vermek, ba\u011fnazl\u0131k ve zorbal\u0131kla kavgas\u0131n\u0131 h\u00e2l\u00e2 s\u00fcrd\u00fcren bizler i\u00e7in bir g\u00f6rev ayn\u0131 zamanda. Ne kald\u0131 Diderot\u2019dan g\u00fcn\u00fcm\u00fcze? \u00c7a\u011f\u0131n\u0131 a\u015f\u0131p ileriye kalan yazar, o \u00e7a\u011f\u0131 en do\u011fru ve somut bi\u00e7imde ve ayn\u0131 zamanda derinli\u011fine ve b\u00fcy\u00fck bir yetenekle dile getirilmesini bilen yazard\u0131r. Diderot b\u00f6yle bir yazard\u0131 i\u015fte. Okuyun g\u00f6receksiniz\u2026 <\/p>\n","protected":false},"excerpt":{"rendered":"<p>Bat\u0131\u2019da 18. Y\u00fczy\u0131l, o ayd\u0131nl\u0131klar y\u00fczy\u0131l\u0131 unutulur bir devir de\u011fil. O y\u00fczy\u0131lda, ba\u011fnazl\u0131k ile zorbal\u0131k kar\u015f\u0131s\u0131nda, akl\u0131n bayra\u011f\u0131n\u0131 a\u00e7m\u0131\u015f Frans\u0131z filozoflar\u0131 hi\u00e7 unutulmaz. Diderot, o ayd\u0131nlar<span class=\"excerpt-hellip\"> [\u2026]<\/span><\/p>\n","protected":false},"featured_media":0,"template":"","meta":{"_monsterinsights_skip_tracking":false,"_monsterinsights_sitenote_active":false,"_monsterinsights_sitenote_note":"","_monsterinsights_sitenote_category":0},"product_brand":[],"product_cat":[16038,12388],"product_tag":[],"class_list":{"0":"post-761891","1":"product","2":"type-product","3":"status-publish","5":"product_cat-arastirma-inceleme-referans-felsefe","6":"product_cat-felsefe","7":"pa_cilt-ciltsiz","8":"pa_tur-kitap","9":"pa_yayinevi-cumhuriyet-kitaplari","10":"pa_yazar-server-tanilli","12":"first","13":"instock","14":"sale","15":"shipping-taxable","16":"purchasable","17":"product-type-simple"},"_links":{"self":[{"href":"https:\/\/roveyayinevi.com.tr\/index.php\/wp-json\/wp\/v2\/product\/761891","targetHints":{"allow":["GET"]}}],"collection":[{"href":"https:\/\/roveyayinevi.com.tr\/index.php\/wp-json\/wp\/v2\/product"}],"about":[{"href":"https:\/\/roveyayinevi.com.tr\/index.php\/wp-json\/wp\/v2\/types\/product"}],"wp:attachment":[{"href":"https:\/\/roveyayinevi.com.tr\/index.php\/wp-json\/wp\/v2\/media?parent=761891"}],"wp:term":[{"taxonomy":"product_brand","embeddable":true,"href":"https:\/\/roveyayinevi.com.tr\/index.php\/wp-json\/wp\/v2\/product_brand?post=761891"},{"taxonomy":"product_cat","embeddable":true,"href":"https:\/\/roveyayinevi.com.tr\/index.php\/wp-json\/wp\/v2\/product_cat?post=761891"},{"taxonomy":"product_tag","embeddable":true,"href":"https:\/\/roveyayinevi.com.tr\/index.php\/wp-json\/wp\/v2\/product_tag?post=761891"}],"curies":[{"name":"wp","href":"https:\/\/api.w.org\/{rel}","templated":true}]}}