{"id":761880,"date":"2025-08-28T09:50:41","date_gmt":"2025-08-28T06:50:41","guid":{"rendered":"https:\/\/roveyayinevi.com.tr\/index.php\/urun\/benim-guzel-uzay-gemim\/"},"modified":"2026-04-15T03:27:04","modified_gmt":"2026-04-15T00:27:04","slug":"benim-guzel-uzay-gemim","status":"publish","type":"product","link":"https:\/\/roveyayinevi.com.tr\/index.php\/urun\/benim-guzel-uzay-gemim\/","title":{"rendered":"Benim G\u00fczel Uzay Gemim"},"content":{"rendered":"<p>Gelin bir uzay yolculu\u011funa \u00e7\u0131kal\u0131m, gezegen gezegen dola\u015fal\u0131m. Uzay kaplumba\u011fas\u0131na el sallay\u0131p uzay fillerinden, uzay aslanlar\u0131ndan ka\u00e7al\u0131m! Dede uzay masallar\u0131 anlats\u0131n torununa, biz g\u00f6kteki tak\u0131my\u0131ld\u0131zlar\u0131 ke\u015ffe \u00e7\u0131kal\u0131m\u2026   Filiz \u00d6zdem\u2019in yazd\u0131\u011f\u0131 bu merak uyand\u0131ran uzay hik\u00e2yesini Eren Caner Polat resimledi. <\/p>\n","protected":false},"excerpt":{"rendered":"<p>Gelin bir uzay yolculu\u011funa \u00e7\u0131kal\u0131m, gezegen gezegen dola\u015fal\u0131m. Uzay kaplumba\u011fas\u0131na el sallay\u0131p uzay fillerinden, uzay aslanlar\u0131ndan ka\u00e7al\u0131m! Dede uzay masallar\u0131 anlats\u0131n torununa, biz g\u00f6kteki tak\u0131my\u0131ld\u0131zlar\u0131 ke\u015ffe<span class=\"excerpt-hellip\"> [\u2026]<\/span><\/p>\n","protected":false},"featured_media":0,"template":"","meta":{"_monsterinsights_skip_tracking":false,"_monsterinsights_sitenote_active":false,"_monsterinsights_sitenote_note":"","_monsterinsights_sitenote_category":0},"product_brand":[],"product_cat":[12275,12274],"product_tag":[],"class_list":{"0":"post-761880","1":"product","2":"type-product","3":"status-publish","5":"product_cat-6-12-yas-kitaplari","6":"product_cat-cocuk-ve-genclik-kitaplari","7":"pa_cilt-ciltsiz","8":"pa_tur-kitap","9":"pa_yayinevi-yapi-kredi-yayinlari","10":"pa_yazar-filiz-ozdem","12":"first","13":"instock","14":"sale","15":"shipping-taxable","16":"purchasable","17":"product-type-simple"},"_links":{"self":[{"href":"https:\/\/roveyayinevi.com.tr\/index.php\/wp-json\/wp\/v2\/product\/761880","targetHints":{"allow":["GET"]}}],"collection":[{"href":"https:\/\/roveyayinevi.com.tr\/index.php\/wp-json\/wp\/v2\/product"}],"about":[{"href":"https:\/\/roveyayinevi.com.tr\/index.php\/wp-json\/wp\/v2\/types\/product"}],"wp:attachment":[{"href":"https:\/\/roveyayinevi.com.tr\/index.php\/wp-json\/wp\/v2\/media?parent=761880"}],"wp:term":[{"taxonomy":"product_brand","embeddable":true,"href":"https:\/\/roveyayinevi.com.tr\/index.php\/wp-json\/wp\/v2\/product_brand?post=761880"},{"taxonomy":"product_cat","embeddable":true,"href":"https:\/\/roveyayinevi.com.tr\/index.php\/wp-json\/wp\/v2\/product_cat?post=761880"},{"taxonomy":"product_tag","embeddable":true,"href":"https:\/\/roveyayinevi.com.tr\/index.php\/wp-json\/wp\/v2\/product_tag?post=761880"}],"curies":[{"name":"wp","href":"https:\/\/api.w.org\/{rel}","templated":true}]}}