{"id":761877,"date":"2025-08-28T09:50:35","date_gmt":"2025-08-28T06:50:35","guid":{"rendered":"https:\/\/roveyayinevi.com.tr\/index.php\/urun\/uc-tarihi-roman-beyaz-kale-benim-adim-kirmizi-veba-geceleri-delta\/"},"modified":"2026-04-15T03:27:04","modified_gmt":"2026-04-15T00:27:04","slug":"uc-tarihi-roman-beyaz-kale-benim-adim-kirmizi-veba-geceleri-delta","status":"publish","type":"product","link":"https:\/\/roveyayinevi.com.tr\/index.php\/urun\/uc-tarihi-roman-beyaz-kale-benim-adim-kirmizi-veba-geceleri-delta\/","title":{"rendered":"\u00dc\u00e7 Tarihi Roman \/ Beyaz Kale \u2013 Benim Ad\u0131m K\u0131rm\u0131z\u0131 \u2013 Veba Geceleri (Delta)"},"content":{"rendered":"<p>\u201cTarihi roman yazmay\u0131 seviyorsunuz, neden?\u201d sorusuna, \u201c19. y\u00fczy\u0131l Romantiklerinde oldu\u011fu gibi, \u015fu anki d\u00fcnyaya bir t\u00fcr tepki, insan\u0131n bu y\u00fczy\u0131lda ya\u015famaktan duydu\u011fu bir t\u00fcr ho\u015fnutsuzluk var bende\u2026 Ama \u2018ka\u00e7\u0131\u015f\u2019 duygusu k\u0131sa bir s\u00fcre sonra\u2026 g\u00fcn\u00fcm\u00fcze bir m\u00e2n\u00e2 ile dokunma sorumlulu\u011funa da yol a\u00e7\u0131yor\u201d cevab\u0131n\u0131 veren Orhan Pamuk&#8217;un romanlar\u0131n\u0131n Delta dizisindeki 3. cildi okurla bulu\u015fuyor.   \u00dc\u00e7 Tarihi Roman ad\u0131n\u0131 ta\u015f\u0131yan bu ciltte Beyaz Kale, Benim Ad\u0131m K\u0131rm\u0131z\u0131 ve Veba Geceleri bir araya getirildi. Sonda yer alan ve Orhan Pamuk\u2019la yap\u0131lm\u0131\u015f, her \u00fc\u00e7 roman\u0131n kaynaklar\u0131n\u0131, anlat\u0131m stratejilerini, ara\u015ft\u0131rma ve yaz\u0131l\u0131\u015f s\u00fcre\u00e7lerini enine boyuna tart\u0131\u015fan \u00f6zel bir s\u00f6yle\u015fi i\u00e7eren \u00dc\u00e7 Tarihi Roman, merakl\u0131s\u0131 i\u00e7in hem roman t\u00fcr\u00fc ve tarihi romana hem de yazar\u0131n d\u00fcnyas\u0131na dair kapsaml\u0131, \u00f6zel bir davet niteli\u011finde. <\/p>\n","protected":false},"excerpt":{"rendered":"<p>\u201cTarihi roman yazmay\u0131 seviyorsunuz, neden?\u201d sorusuna, \u201c19. y\u00fczy\u0131l Romantiklerinde oldu\u011fu gibi, \u015fu anki d\u00fcnyaya bir t\u00fcr tepki, insan\u0131n bu y\u00fczy\u0131lda ya\u015famaktan duydu\u011fu bir t\u00fcr ho\u015fnutsuzluk var<span class=\"excerpt-hellip\"> [\u2026]<\/span><\/p>\n","protected":false},"featured_media":0,"template":"","meta":{"_monsterinsights_skip_tracking":false,"_monsterinsights_sitenote_active":false,"_monsterinsights_sitenote_note":"","_monsterinsights_sitenote_category":0},"product_brand":[],"product_cat":[12291,12745],"product_tag":[],"class_list":{"0":"post-761877","1":"product","2":"type-product","3":"status-publish","5":"product_cat-edebiyat","6":"product_cat-tarihi-roman","7":"pa_cilt-ciltsiz","8":"pa_tur-kitap","9":"pa_yayinevi-yapi-kredi-yayinlari","10":"pa_yazar-orhan-pamuk","12":"first","13":"instock","14":"sale","15":"shipping-taxable","16":"purchasable","17":"product-type-simple"},"_links":{"self":[{"href":"https:\/\/roveyayinevi.com.tr\/index.php\/wp-json\/wp\/v2\/product\/761877","targetHints":{"allow":["GET"]}}],"collection":[{"href":"https:\/\/roveyayinevi.com.tr\/index.php\/wp-json\/wp\/v2\/product"}],"about":[{"href":"https:\/\/roveyayinevi.com.tr\/index.php\/wp-json\/wp\/v2\/types\/product"}],"wp:attachment":[{"href":"https:\/\/roveyayinevi.com.tr\/index.php\/wp-json\/wp\/v2\/media?parent=761877"}],"wp:term":[{"taxonomy":"product_brand","embeddable":true,"href":"https:\/\/roveyayinevi.com.tr\/index.php\/wp-json\/wp\/v2\/product_brand?post=761877"},{"taxonomy":"product_cat","embeddable":true,"href":"https:\/\/roveyayinevi.com.tr\/index.php\/wp-json\/wp\/v2\/product_cat?post=761877"},{"taxonomy":"product_tag","embeddable":true,"href":"https:\/\/roveyayinevi.com.tr\/index.php\/wp-json\/wp\/v2\/product_tag?post=761877"}],"curies":[{"name":"wp","href":"https:\/\/api.w.org\/{rel}","templated":true}]}}