{"id":761850,"date":"2025-08-28T09:49:52","date_gmt":"2025-08-28T06:49:52","guid":{"rendered":"https:\/\/roveyayinevi.com.tr\/index.php\/urun\/dilek-bekcileri\/"},"modified":"2026-04-15T03:27:04","modified_gmt":"2026-04-15T00:27:04","slug":"dilek-bekcileri","status":"publish","type":"product","link":"https:\/\/roveyayinevi.com.tr\/index.php\/urun\/dilek-bekcileri\/","title":{"rendered":"Dilek Bek\u00e7ileri"},"content":{"rendered":"<p>S\u00fcrprizlerle dolu, heyecan verici bir maceraya haz\u0131r ol!Sadece masum bir dilekte bulundu\u011funu d\u00fc\u015f\u00fcnen Felix, Dilek Bek\u00e7isi Rupus\u2019la tan\u0131\u015faca\u011f\u0131n\u0131 bilmiyordu. \u00dcstelik dilek bek\u00e7isi \u00e7\u0131ra\u011f\u0131 olmas\u0131 i\u00e7in teklif alaca\u011f\u0131n\u0131 tahmin bile edemezdi. O g\u00fcne kadar s\u0131radan bir hayat\u0131 olan Felix, kasabadaki dilekleri; umutlar\u0131 ve hayalleri yok etmek isteyen Dilek H\u0131rs\u0131zlar\u0131\u2019ndan korumal\u0131yd\u0131 art\u0131k. Acaba muhte\u015fem ikili Dilek Bek\u00e7isi Rupus ve \u00c7\u0131rak Felix, DIlek H\u0131rs\u0131zlar\u0131\u2019n\u0131 durdurabilecek mi?<\/p>\n","protected":false},"excerpt":{"rendered":"<p>S\u00fcrprizlerle dolu, heyecan verici bir maceraya haz\u0131r ol!Sadece masum bir dilekte bulundu\u011funu d\u00fc\u015f\u00fcnen Felix, Dilek Bek\u00e7isi Rupus\u2019la tan\u0131\u015faca\u011f\u0131n\u0131 bilmiyordu. \u00dcstelik dilek bek\u00e7isi \u00e7\u0131ra\u011f\u0131 olmas\u0131 i\u00e7in teklif<span class=\"excerpt-hellip\"> [\u2026]<\/span><\/p>\n","protected":false},"featured_media":0,"template":"","meta":{"_monsterinsights_skip_tracking":false,"_monsterinsights_sitenote_active":false,"_monsterinsights_sitenote_note":"","_monsterinsights_sitenote_category":0},"product_brand":[],"product_cat":[12274,12284],"product_tag":[],"class_list":{"0":"post-761850","1":"product","2":"type-product","3":"status-publish","5":"product_cat-cocuk-ve-genclik-kitaplari","6":"product_cat-hikayeler","7":"pa_cilt-ciltsiz","8":"pa_tur-kitap","9":"pa_yayinevi-timas-yayinlari","10":"pa_yazar-rachel-chivers-khoo","12":"first","13":"instock","14":"sale","15":"shipping-taxable","16":"purchasable","17":"product-type-simple"},"_links":{"self":[{"href":"https:\/\/roveyayinevi.com.tr\/index.php\/wp-json\/wp\/v2\/product\/761850","targetHints":{"allow":["GET"]}}],"collection":[{"href":"https:\/\/roveyayinevi.com.tr\/index.php\/wp-json\/wp\/v2\/product"}],"about":[{"href":"https:\/\/roveyayinevi.com.tr\/index.php\/wp-json\/wp\/v2\/types\/product"}],"wp:attachment":[{"href":"https:\/\/roveyayinevi.com.tr\/index.php\/wp-json\/wp\/v2\/media?parent=761850"}],"wp:term":[{"taxonomy":"product_brand","embeddable":true,"href":"https:\/\/roveyayinevi.com.tr\/index.php\/wp-json\/wp\/v2\/product_brand?post=761850"},{"taxonomy":"product_cat","embeddable":true,"href":"https:\/\/roveyayinevi.com.tr\/index.php\/wp-json\/wp\/v2\/product_cat?post=761850"},{"taxonomy":"product_tag","embeddable":true,"href":"https:\/\/roveyayinevi.com.tr\/index.php\/wp-json\/wp\/v2\/product_tag?post=761850"}],"curies":[{"name":"wp","href":"https:\/\/api.w.org\/{rel}","templated":true}]}}