{"id":761845,"date":"2025-08-28T09:49:43","date_gmt":"2025-08-28T06:49:43","guid":{"rendered":"https:\/\/roveyayinevi.com.tr\/index.php\/urun\/divane\/"},"modified":"2026-04-11T03:25:40","modified_gmt":"2026-04-11T00:25:40","slug":"divane","status":"publish","type":"product","link":"https:\/\/roveyayinevi.com.tr\/index.php\/urun\/divane\/","title":{"rendered":"Divane"},"content":{"rendered":"<p>&#8211;\u015eeref \u00f6nce bir s\u00fcre bakt\u0131 yerdeki k\u00e2\u011f\u0131da. Sonra e\u011filerek ald\u0131 k\u00e2\u011f\u0131d\u0131 ve yava\u015f\u00e7a a\u00e7t\u0131. \u0130\u00e7indekileri okuyunca h\u0131\u00e7k\u0131rarak a\u011flamaya ba\u015flad\u0131. Hayat\u0131 g\u00f6zlerinin \u00f6n\u00fcnden ak\u0131p gitti. Fatma&#8217;ya yapt\u0131klar\u0131 birer birer b\u0131\u00e7ak olup sapland\u0131 y\u00fcre\u011fine. Minik yavrusunu d\u00fc\u015f\u00fcnd\u00fck\u00e7e ac\u0131lar\u0131 mermi olup ya\u011fd\u0131 \u00fczerine..K\u0131ymet bilmek kaybedince arkas\u0131ndan a\u011flamak de\u011fil, yan\u0131ndayken s\u0131ms\u0131k\u0131 sar\u0131lmakt\u0131r.&#8221;\u015eimdi istersen kafan\u0131 duvarlara vur! \u00cdstersen meczup ol, sokak sokak gezin dur! \u0130sterse herkes sana &#8220;Deli divane&#8221; desin&#8230;Art\u0131k \u00e7ok ge\u00e7.Hz. MevlanaO &#8220;\u00e7i\u00e7ek&#8221; dedi\u011finiz kad\u0131nlar\u0131 dal\u0131ndan kopard\u0131n\u0131z. Yavrular\u0131 bir bir anas\u0131z koydunuz.<\/p>\n","protected":false},"excerpt":{"rendered":"<p>&#8211;\u015eeref \u00f6nce bir s\u00fcre bakt\u0131 yerdeki k\u00e2\u011f\u0131da. Sonra e\u011filerek ald\u0131 k\u00e2\u011f\u0131d\u0131 ve yava\u015f\u00e7a a\u00e7t\u0131. \u0130\u00e7indekileri okuyunca h\u0131\u00e7k\u0131rarak a\u011flamaya ba\u015flad\u0131. Hayat\u0131 g\u00f6zlerinin \u00f6n\u00fcnden ak\u0131p gitti. Fatma&#8217;ya yapt\u0131klar\u0131<span class=\"excerpt-hellip\"> [\u2026]<\/span><\/p>\n","protected":false},"featured_media":0,"template":"","meta":{"_monsterinsights_skip_tracking":false,"_monsterinsights_sitenote_active":false,"_monsterinsights_sitenote_note":"","_monsterinsights_sitenote_category":0},"product_brand":[],"product_cat":[12291,12711],"product_tag":[],"class_list":{"0":"post-761845","1":"product","2":"type-product","3":"status-publish","5":"product_cat-edebiyat","6":"product_cat-roman-oyku","7":"pa_cilt-ciltsiz","8":"pa_tur-kitap","9":"pa_yayinevi-kmd-yayinlari","10":"pa_yazar-selahattin-simsek","12":"first","13":"instock","14":"sale","15":"shipping-taxable","16":"purchasable","17":"product-type-simple"},"_links":{"self":[{"href":"https:\/\/roveyayinevi.com.tr\/index.php\/wp-json\/wp\/v2\/product\/761845","targetHints":{"allow":["GET"]}}],"collection":[{"href":"https:\/\/roveyayinevi.com.tr\/index.php\/wp-json\/wp\/v2\/product"}],"about":[{"href":"https:\/\/roveyayinevi.com.tr\/index.php\/wp-json\/wp\/v2\/types\/product"}],"wp:attachment":[{"href":"https:\/\/roveyayinevi.com.tr\/index.php\/wp-json\/wp\/v2\/media?parent=761845"}],"wp:term":[{"taxonomy":"product_brand","embeddable":true,"href":"https:\/\/roveyayinevi.com.tr\/index.php\/wp-json\/wp\/v2\/product_brand?post=761845"},{"taxonomy":"product_cat","embeddable":true,"href":"https:\/\/roveyayinevi.com.tr\/index.php\/wp-json\/wp\/v2\/product_cat?post=761845"},{"taxonomy":"product_tag","embeddable":true,"href":"https:\/\/roveyayinevi.com.tr\/index.php\/wp-json\/wp\/v2\/product_tag?post=761845"}],"curies":[{"name":"wp","href":"https:\/\/api.w.org\/{rel}","templated":true}]}}