{"id":761838,"date":"2025-08-28T09:49:31","date_gmt":"2025-08-28T06:49:31","guid":{"rendered":"https:\/\/roveyayinevi.com.tr\/index.php\/urun\/roman-tarihine-genel-bir-bakis\/"},"modified":"2026-03-31T12:46:18","modified_gmt":"2026-03-31T09:46:18","slug":"roman-tarihine-genel-bir-bakis","status":"publish","type":"product","link":"https:\/\/roveyayinevi.com.tr\/index.php\/urun\/roman-tarihine-genel-bir-bakis\/","title":{"rendered":"Roman Tarihine Genel Bir Bak\u0131\u015f"},"content":{"rendered":"<p>Ahmet Mithat Efendi B\u00fct\u00fcn Eserleri &#8211; 24 Roman t\u00fcr\u00fc hakk\u0131nda bir kavga ba\u015fl\u0131yor Osmanl\u0131 bas\u0131n\u0131nda. Nabizade Naz\u0131m&#8217;\u0131n ele\u015ftirilerini Ahmet Mithat g\u00f6\u011f\u00fcsl\u00fcyor. Kalem k\u0131l\u0131\u00e7 oluyor, gazete sayfalar\u0131 muharebe alan\u0131. Osmanl\u0131 topraklar\u0131nda hen\u00fcz do\u011fan bir t\u00fcr\u00fcn niteli\u011fi hakk\u0131nda g\u00f6r\u00fc\u015fler sunuluyor. Ve hemen konuyu ele al\u0131yor Ahmet Mithat Efendi. Yaz\u0131lar\u0131n\u0131 kitap h\u00e2line getiriyor. B\u00f6ylece roman\u0131n tarihine, ne oldu\u011funa ve ne olmas\u0131 gerekti\u011fine dair bir eser \u00e7\u0131k\u0131yor ortaya. Ahbar-\u0131 Asara Tamim-i Enzar adl\u0131 yaz\u0131 dizisi Roman Tarihine Genel Bir Bak\u0131\u015f ba\u015fl\u0131\u011f\u0131 alt\u0131nda g\u00fcn\u00fcm\u00fcz T\u00fcrk\u00e7esiyle okuyucusuyla bulu\u015fuyor. <\/p>\n","protected":false},"excerpt":{"rendered":"<p>Ahmet Mithat Efendi B\u00fct\u00fcn Eserleri &#8211; 24 Roman t\u00fcr\u00fc hakk\u0131nda bir kavga ba\u015fl\u0131yor Osmanl\u0131 bas\u0131n\u0131nda. Nabizade Naz\u0131m&#8217;\u0131n ele\u015ftirilerini Ahmet Mithat g\u00f6\u011f\u00fcsl\u00fcyor. Kalem k\u0131l\u0131\u00e7 oluyor, gazete sayfalar\u0131<span class=\"excerpt-hellip\"> [\u2026]<\/span><\/p>\n","protected":false},"featured_media":0,"template":"","meta":{"_monsterinsights_skip_tracking":false,"_monsterinsights_sitenote_active":false,"_monsterinsights_sitenote_note":"","_monsterinsights_sitenote_category":0},"product_brand":[],"product_cat":[13072,12291],"product_tag":[],"class_list":{"0":"post-761838","1":"product","2":"type-product","3":"status-publish","5":"product_cat-arastirma-inceleme-referans","6":"product_cat-edebiyat","7":"pa_cilt-ciltsiz","8":"pa_tur-kitap","9":"pa_yayinevi-sapiens-yayinlari","10":"pa_yazar-ahmet-mithat-efendi","12":"first","13":"instock","14":"sale","15":"shipping-taxable","16":"purchasable","17":"product-type-simple"},"_links":{"self":[{"href":"https:\/\/roveyayinevi.com.tr\/index.php\/wp-json\/wp\/v2\/product\/761838","targetHints":{"allow":["GET"]}}],"collection":[{"href":"https:\/\/roveyayinevi.com.tr\/index.php\/wp-json\/wp\/v2\/product"}],"about":[{"href":"https:\/\/roveyayinevi.com.tr\/index.php\/wp-json\/wp\/v2\/types\/product"}],"wp:attachment":[{"href":"https:\/\/roveyayinevi.com.tr\/index.php\/wp-json\/wp\/v2\/media?parent=761838"}],"wp:term":[{"taxonomy":"product_brand","embeddable":true,"href":"https:\/\/roveyayinevi.com.tr\/index.php\/wp-json\/wp\/v2\/product_brand?post=761838"},{"taxonomy":"product_cat","embeddable":true,"href":"https:\/\/roveyayinevi.com.tr\/index.php\/wp-json\/wp\/v2\/product_cat?post=761838"},{"taxonomy":"product_tag","embeddable":true,"href":"https:\/\/roveyayinevi.com.tr\/index.php\/wp-json\/wp\/v2\/product_tag?post=761838"}],"curies":[{"name":"wp","href":"https:\/\/api.w.org\/{rel}","templated":true}]}}