{"id":761832,"date":"2025-08-28T09:49:19","date_gmt":"2025-08-28T06:49:19","guid":{"rendered":"https:\/\/roveyayinevi.com.tr\/index.php\/urun\/bir-catisma\/"},"modified":"2026-04-15T03:27:03","modified_gmt":"2026-04-15T00:27:03","slug":"bir-catisma","status":"publish","type":"product","link":"https:\/\/roveyayinevi.com.tr\/index.php\/urun\/bir-catisma\/","title":{"rendered":"Bir \u00c7at\u0131\u015fma"},"content":{"rendered":"<p>Paris\u2019teki L\u00fcksemburg Bah\u00e7eleri\u2019nde usta ya\u015fl\u0131 satran\u00e7 oyuncusuyla kimsenin tan\u0131mad\u0131\u011f\u0131 amat\u00f6r gen\u00e7 oyuncunun girdi\u011fi heyecan ve gerilim dolu m\u00fcsabaka giderek \u201cbir \u00e7at\u0131\u015fma\u201dya d\u00f6n\u00fc\u015f\u00fcr. Oyunu kazanmak i\u00e7in k\u0131ran k\u0131rana m\u00fccadele eden oyunculardan hangisinin \u015fah\u0131n\u0131n d\u00fc\u015fece\u011fi merak konusudur.   Patrick S\u00fcskind\u2019in \u00dc\u00e7 Bu\u00e7uk \u00d6yk\u00fc kitab\u0131ndaki \u00f6yk\u00fclerden biri olan Bir \u00c7at\u0131\u015fma bu kez Semp\u00e9\u2019nin e\u015fsiz \u00e7izimleriyle kar\u015f\u0131n\u0131zda. <\/p>\n","protected":false},"excerpt":{"rendered":"<p>Paris\u2019teki L\u00fcksemburg Bah\u00e7eleri\u2019nde usta ya\u015fl\u0131 satran\u00e7 oyuncusuyla kimsenin tan\u0131mad\u0131\u011f\u0131 amat\u00f6r gen\u00e7 oyuncunun girdi\u011fi heyecan ve gerilim dolu m\u00fcsabaka giderek \u201cbir \u00e7at\u0131\u015fma\u201dya d\u00f6n\u00fc\u015f\u00fcr. Oyunu kazanmak i\u00e7in k\u0131ran<span class=\"excerpt-hellip\"> [\u2026]<\/span><\/p>\n","protected":false},"featured_media":0,"template":"","meta":{"_monsterinsights_skip_tracking":false,"_monsterinsights_sitenote_active":false,"_monsterinsights_sitenote_note":"","_monsterinsights_sitenote_category":0},"product_brand":[],"product_cat":[12291,18202],"product_tag":[],"class_list":{"0":"post-761832","1":"product","2":"type-product","3":"status-publish","5":"product_cat-edebiyat","6":"product_cat-hikaye","7":"pa_cilt-ciltsiz","8":"pa_tur-kitap","9":"pa_yayinevi-can-yayinlari","10":"pa_yazar-patrick-suskind","12":"first","13":"instock","14":"sale","15":"shipping-taxable","16":"purchasable","17":"product-type-simple"},"_links":{"self":[{"href":"https:\/\/roveyayinevi.com.tr\/index.php\/wp-json\/wp\/v2\/product\/761832","targetHints":{"allow":["GET"]}}],"collection":[{"href":"https:\/\/roveyayinevi.com.tr\/index.php\/wp-json\/wp\/v2\/product"}],"about":[{"href":"https:\/\/roveyayinevi.com.tr\/index.php\/wp-json\/wp\/v2\/types\/product"}],"wp:attachment":[{"href":"https:\/\/roveyayinevi.com.tr\/index.php\/wp-json\/wp\/v2\/media?parent=761832"}],"wp:term":[{"taxonomy":"product_brand","embeddable":true,"href":"https:\/\/roveyayinevi.com.tr\/index.php\/wp-json\/wp\/v2\/product_brand?post=761832"},{"taxonomy":"product_cat","embeddable":true,"href":"https:\/\/roveyayinevi.com.tr\/index.php\/wp-json\/wp\/v2\/product_cat?post=761832"},{"taxonomy":"product_tag","embeddable":true,"href":"https:\/\/roveyayinevi.com.tr\/index.php\/wp-json\/wp\/v2\/product_tag?post=761832"}],"curies":[{"name":"wp","href":"https:\/\/api.w.org\/{rel}","templated":true}]}}