{"id":761815,"date":"2025-08-28T09:48:46","date_gmt":"2025-08-28T06:48:46","guid":{"rendered":"https:\/\/roveyayinevi.com.tr\/index.php\/urun\/dakikalar-icinde-selcuklular\/"},"modified":"2026-04-15T03:27:03","modified_gmt":"2026-04-15T00:27:03","slug":"dakikalar-icinde-selcuklular","status":"publish","type":"product","link":"https:\/\/roveyayinevi.com.tr\/index.php\/urun\/dakikalar-icinde-selcuklular\/","title":{"rendered":"Dakikalar \u0130\u00e7inde Sel\u00e7uklular"},"content":{"rendered":"<p>T\u00dcM Y\u00d6NLER\u0130YLE SEL\u00c7UKLULARIN DO\u011eU\u015eU, Y\u00dcKSEL\u0130\u015e\u0130 VE \u00c7\u00d6K\u00dc\u015e\u00dc   G\u00f6\u00e7ebe bir topluluktan b\u00fcy\u00fck bir imparatorlu\u011fa d\u00f6n\u00fc\u015fen Sel\u00e7uklular\u0131n hikayesi&#8230; Dandanakan Sava\u015f\u0131\u2019ndan k\u0131sa s\u00fcre \u00f6nce bask\u0131n yeme endi\u015fesiyle aya\u011f\u0131ndan \u00e7izmesini \u00e7\u0131karamayan, kalkan\u0131n\u0131 kendine yast\u0131k yaparak uyuyan Tu\u011frul Bey ba\u015fta olmak \u00fczere 200 \u00f6nemli tarihi olay, \u015fahsiyet, kavram ve g\u00f6rsel ile haz\u0131rlanm\u0131\u015f bir Sel\u00e7uklu Tarihi&#8230; Sel\u00e7uk Bey, \u00c7a\u011fr\u0131 Bey, Musa Yabgu, Sultan Tu\u011frul Bey, Sultan Alp Arslan, Sultan Melik\u015fah, Sultan Berkyaruk, Sultan Muhammed Tapar, K\u0131l\u0131\u00e7 Arslan, Sultan Sencer, Nizam\u00fclm\u00fclk, Terken Hatun gibi tarihe y\u00f6n veren isimler; Dandanakan Sava\u015f\u0131, Pasinler Sava\u015f\u0131, Nizamiye Medreseleri, Malazgirt Sava\u015f\u0131, Ha\u015fha\u015filer, O\u011fuz \u0130syan\u0131, Bizans ile ili\u015fkiler gibi \u00f6nemli ba\u015fl\u0131klar\u2026 Dakikalar \u0130\u00e7inde Sel\u00e7uklular, Cend\u2019den Mavera\u00fcnnehir\u2019e, Mavera\u00fcnnehir\u2019den Harizm\u2019e, Harizm\u2019den Horasan\u2019a ve oradan Anadolu\u2019ya uzanan Sel\u00e7uklular\u0131n izini s\u00fcr\u00fcyor ve okurlar\u0131 bilgilendirici bir yolculu\u011fa \u00e7\u0131kar\u0131yor. Sel\u00e7uklu Tarihi hakk\u0131nda k\u0131sa ama etkili bilgiler sunan bu kitap, Sel\u00e7uklular\u0131n etkileyici ge\u00e7mi\u015fini merak edenler i\u00e7in vazge\u00e7ilmez bir rehber olacak. <\/p>\n","protected":false},"excerpt":{"rendered":"<p>T\u00dcM Y\u00d6NLER\u0130YLE SEL\u00c7UKLULARIN DO\u011eU\u015eU, Y\u00dcKSEL\u0130\u015e\u0130 VE \u00c7\u00d6K\u00dc\u015e\u00dc G\u00f6\u00e7ebe bir topluluktan b\u00fcy\u00fck bir imparatorlu\u011fa d\u00f6n\u00fc\u015fen Sel\u00e7uklular\u0131n hikayesi&#8230; Dandanakan Sava\u015f\u0131\u2019ndan k\u0131sa s\u00fcre \u00f6nce bask\u0131n yeme endi\u015fesiyle aya\u011f\u0131ndan \u00e7izmesini<span class=\"excerpt-hellip\"> [\u2026]<\/span><\/p>\n","protected":false},"featured_media":0,"template":"","meta":{"_monsterinsights_skip_tracking":false,"_monsterinsights_sitenote_active":false,"_monsterinsights_sitenote_note":"","_monsterinsights_sitenote_category":0},"product_brand":[],"product_cat":[12304],"product_tag":[],"class_list":{"0":"post-761815","1":"product","2":"type-product","3":"status-publish","5":"product_cat-tarih","6":"pa_cilt-ciltsiz","7":"pa_tur-kitap","8":"pa_yayinevi-kronik-kitap","9":"pa_yazar-cihan-piyadeoglu","11":"first","12":"instock","13":"sale","14":"shipping-taxable","15":"purchasable","16":"product-type-simple"},"_links":{"self":[{"href":"https:\/\/roveyayinevi.com.tr\/index.php\/wp-json\/wp\/v2\/product\/761815","targetHints":{"allow":["GET"]}}],"collection":[{"href":"https:\/\/roveyayinevi.com.tr\/index.php\/wp-json\/wp\/v2\/product"}],"about":[{"href":"https:\/\/roveyayinevi.com.tr\/index.php\/wp-json\/wp\/v2\/types\/product"}],"wp:attachment":[{"href":"https:\/\/roveyayinevi.com.tr\/index.php\/wp-json\/wp\/v2\/media?parent=761815"}],"wp:term":[{"taxonomy":"product_brand","embeddable":true,"href":"https:\/\/roveyayinevi.com.tr\/index.php\/wp-json\/wp\/v2\/product_brand?post=761815"},{"taxonomy":"product_cat","embeddable":true,"href":"https:\/\/roveyayinevi.com.tr\/index.php\/wp-json\/wp\/v2\/product_cat?post=761815"},{"taxonomy":"product_tag","embeddable":true,"href":"https:\/\/roveyayinevi.com.tr\/index.php\/wp-json\/wp\/v2\/product_tag?post=761815"}],"curies":[{"name":"wp","href":"https:\/\/api.w.org\/{rel}","templated":true}]}}