{"id":761793,"date":"2025-08-28T09:48:04","date_gmt":"2025-08-28T06:48:04","guid":{"rendered":"https:\/\/roveyayinevi.com.tr\/index.php\/urun\/magnus-chase-ve-asgard-tanrilari-2-thorun-cekici\/"},"modified":"2026-04-15T03:27:02","modified_gmt":"2026-04-15T00:27:02","slug":"magnus-chase-ve-asgard-tanrilari-2-thorun-cekici","status":"publish","type":"product","link":"https:\/\/roveyayinevi.com.tr\/index.php\/urun\/magnus-chase-ve-asgard-tanrilari-2-thorun-cekici\/","title":{"rendered":"Magnus Chase ve Asgard Tanr\u0131lar\u0131  2 &#8211; Thor\u2019un \u00c7ekici"},"content":{"rendered":"<p>THOR\u2019UN \u00c7EK\u0130C\u0130 kaybolmu\u015ftu. \u015eim\u015fek tanr\u0131s\u0131 silah\u0131n\u0131, yani Dokuz D\u00fcnya\u2019daki en kudretli nesneyi nereye koydu\u011funu hep unuturdu. Fakat bu kez Thor\u2019un \u00e7ekici kaybolmakla kalmam\u0131\u015f, ayn\u0131 zamanda d\u00fc\u015fman\u0131n eline de ge\u00e7mi\u015fti. Magnus Chase ve arkada\u015flar\u0131 \u00e7ekici bir an \u00f6nce bulamazlarsa, \u00f6l\u00fcml\u00fclerin ya\u015fad\u0131\u011f\u0131 d\u00fcnyalar devlerin istilas\u0131na kar\u015f\u0131 savunmas\u0131z kalacakt\u0131. B\u00f6ylelikle Ragnarok\u2019un ba\u015flamas\u0131 da ka\u00e7\u0131n\u0131lmaz hale gelecekti. Bunlar yetmezmi\u015f gibi, \u00e7ekici geri almak i\u00e7in d\u00fc\u015fmanla pazarl\u0131k edebilecek tek ki\u015fi, tanr\u0131lar\u0131n ba\u015f d\u00fc\u015fman\u0131 Loki\u2019ydi. Loki\u2019yle b\u00f6yle bir anla\u015fma yapman\u0131n bedeliyse \u00e7ok ama \u00e7ok a\u011f\u0131rd\u0131\u2026 \u0130skandinav tanr\u0131lar\u0131ndan Frey\u2019in o\u011flu, cesur sava\u015f\u00e7\u0131 Magnus Chase\u2019in nefes kesen maceras\u0131 devam ediyor! <\/p>\n","protected":false},"excerpt":{"rendered":"<p>THOR\u2019UN \u00c7EK\u0130C\u0130 kaybolmu\u015ftu. \u015eim\u015fek tanr\u0131s\u0131 silah\u0131n\u0131, yani Dokuz D\u00fcnya\u2019daki en kudretli nesneyi nereye koydu\u011funu hep unuturdu. Fakat bu kez Thor\u2019un \u00e7ekici kaybolmakla kalmam\u0131\u015f, ayn\u0131 zamanda d\u00fc\u015fman\u0131n<span class=\"excerpt-hellip\"> [\u2026]<\/span><\/p>\n","protected":false},"featured_media":0,"template":"","meta":{"_monsterinsights_skip_tracking":false,"_monsterinsights_sitenote_active":false,"_monsterinsights_sitenote_note":"","_monsterinsights_sitenote_category":0},"product_brand":[],"product_cat":[12291,12711],"product_tag":[],"class_list":{"0":"post-761793","1":"product","2":"type-product","3":"status-publish","5":"product_cat-edebiyat","6":"product_cat-roman-oyku","7":"pa_cilt-ciltsiz","8":"pa_tur-kitap","9":"pa_yayinevi-x-libris","10":"pa_yazar-rick-riordan","12":"first","13":"instock","14":"sale","15":"shipping-taxable","16":"purchasable","17":"product-type-simple"},"_links":{"self":[{"href":"https:\/\/roveyayinevi.com.tr\/index.php\/wp-json\/wp\/v2\/product\/761793","targetHints":{"allow":["GET"]}}],"collection":[{"href":"https:\/\/roveyayinevi.com.tr\/index.php\/wp-json\/wp\/v2\/product"}],"about":[{"href":"https:\/\/roveyayinevi.com.tr\/index.php\/wp-json\/wp\/v2\/types\/product"}],"wp:attachment":[{"href":"https:\/\/roveyayinevi.com.tr\/index.php\/wp-json\/wp\/v2\/media?parent=761793"}],"wp:term":[{"taxonomy":"product_brand","embeddable":true,"href":"https:\/\/roveyayinevi.com.tr\/index.php\/wp-json\/wp\/v2\/product_brand?post=761793"},{"taxonomy":"product_cat","embeddable":true,"href":"https:\/\/roveyayinevi.com.tr\/index.php\/wp-json\/wp\/v2\/product_cat?post=761793"},{"taxonomy":"product_tag","embeddable":true,"href":"https:\/\/roveyayinevi.com.tr\/index.php\/wp-json\/wp\/v2\/product_tag?post=761793"}],"curies":[{"name":"wp","href":"https:\/\/api.w.org\/{rel}","templated":true}]}}