{"id":761785,"date":"2025-08-28T09:47:49","date_gmt":"2025-08-28T06:47:49","guid":{"rendered":"https:\/\/roveyayinevi.com.tr\/index.php\/urun\/anneanemin-mucize-tarifi\/"},"modified":"2026-04-15T03:27:02","modified_gmt":"2026-04-15T00:27:02","slug":"anneanemin-mucize-tarifi","status":"publish","type":"product","link":"https:\/\/roveyayinevi.com.tr\/index.php\/urun\/anneanemin-mucize-tarifi\/","title":{"rendered":"Anneanemin Mucize Tarifi"},"content":{"rendered":"<p>Bazen hayallerimizin ger\u00e7ekle\u015fmesi i\u00e7in k\u00fc\u00e7\u00fck mucizelere ihtiya\u00e7 duyar\u0131z ya da onlar\u0131 kendimiz yapar\u0131z\u2026 Asl\u0131\u2019da ya\u015fayaca\u011f\u0131 k\u00fc\u00e7\u00fck mucizelerinden habersiz anneannesinden kalan tarif defterini buluyor. Sayfalar\u0131 \u00e7eviriyor, tarifleri deniyor, \u00e7\u0131rp\u0131yor, kar\u0131\u015ft\u0131r\u0131yor, pi\u015firiyor, s\u00fcsl\u00fcyor ve sonunda k\u00fc\u00e7\u00fck mucizelerine tan\u0131k oluyor. Sadece tariflerle kalm\u0131yor ayn\u0131 zamanda arkada\u015fl\u0131\u011f\u0131, dostlu\u011fu, aile ba\u011flar\u0131 ve yard\u0131mla\u015fma gibi harika duygular da ya\u015f\u0131yor. Sizde kendi mucizelerinizi ararken Asl\u0131\u2019n\u0131n mucizelerine de tan\u0131k olacak ve en g\u00fczel duygularla bezeli bu hik\u00e2yeyi keyifle okuyacaks\u0131n\u0131z. <\/p>\n","protected":false},"excerpt":{"rendered":"<p>Bazen hayallerimizin ger\u00e7ekle\u015fmesi i\u00e7in k\u00fc\u00e7\u00fck mucizelere ihtiya\u00e7 duyar\u0131z ya da onlar\u0131 kendimiz yapar\u0131z\u2026 Asl\u0131\u2019da ya\u015fayaca\u011f\u0131 k\u00fc\u00e7\u00fck mucizelerinden habersiz anneannesinden kalan tarif defterini buluyor. Sayfalar\u0131 \u00e7eviriyor, tarifleri<span class=\"excerpt-hellip\"> [\u2026]<\/span><\/p>\n","protected":false},"featured_media":0,"template":"","meta":{"_monsterinsights_skip_tracking":false,"_monsterinsights_sitenote_active":false,"_monsterinsights_sitenote_note":"","_monsterinsights_sitenote_category":0},"product_brand":[],"product_cat":[12274,15842],"product_tag":[],"class_list":{"0":"post-761785","1":"product","2":"type-product","3":"status-publish","5":"product_cat-cocuk-ve-genclik-kitaplari","6":"product_cat-egitici-kitaplar","7":"pa_cilt-ciltsiz","8":"pa_tur-kitap","9":"pa_yayinevi-kitap-muptelasi-yayinlari","10":"pa_yazar-damla-demirdag","12":"first","13":"instock","14":"sale","15":"shipping-taxable","16":"purchasable","17":"product-type-simple"},"_links":{"self":[{"href":"https:\/\/roveyayinevi.com.tr\/index.php\/wp-json\/wp\/v2\/product\/761785","targetHints":{"allow":["GET"]}}],"collection":[{"href":"https:\/\/roveyayinevi.com.tr\/index.php\/wp-json\/wp\/v2\/product"}],"about":[{"href":"https:\/\/roveyayinevi.com.tr\/index.php\/wp-json\/wp\/v2\/types\/product"}],"wp:attachment":[{"href":"https:\/\/roveyayinevi.com.tr\/index.php\/wp-json\/wp\/v2\/media?parent=761785"}],"wp:term":[{"taxonomy":"product_brand","embeddable":true,"href":"https:\/\/roveyayinevi.com.tr\/index.php\/wp-json\/wp\/v2\/product_brand?post=761785"},{"taxonomy":"product_cat","embeddable":true,"href":"https:\/\/roveyayinevi.com.tr\/index.php\/wp-json\/wp\/v2\/product_cat?post=761785"},{"taxonomy":"product_tag","embeddable":true,"href":"https:\/\/roveyayinevi.com.tr\/index.php\/wp-json\/wp\/v2\/product_tag?post=761785"}],"curies":[{"name":"wp","href":"https:\/\/api.w.org\/{rel}","templated":true}]}}