{"id":761744,"date":"2025-08-28T09:46:37","date_gmt":"2025-08-28T06:46:37","guid":{"rendered":"https:\/\/roveyayinevi.com.tr\/index.php\/urun\/buzagi-karagoz\/"},"modified":"2026-04-12T03:19:16","modified_gmt":"2026-04-12T00:19:16","slug":"buzagi-karagoz","status":"publish","type":"product","link":"https:\/\/roveyayinevi.com.tr\/index.php\/urun\/buzagi-karagoz\/","title":{"rendered":"Buza\u011f\u0131 Karag\u00f6z"},"content":{"rendered":"<p>Buza\u011f\u0131 Karag\u00f6z\u2019\u00fcn harika resimlerle dolu g\u00fczel hikayesini \u00e7ocuklar \u00e7ok sevecek.Oku-\u00d6\u011fren,salla-e\u011flen..<\/p>\n","protected":false},"excerpt":{"rendered":"<p>Buza\u011f\u0131 Karag\u00f6z\u2019\u00fcn harika resimlerle dolu g\u00fczel hikayesini \u00e7ocuklar \u00e7ok sevecek.Oku-\u00d6\u011fren,salla-e\u011flen..<\/p>\n","protected":false},"featured_media":0,"template":"","meta":{"_monsterinsights_skip_tracking":false,"_monsterinsights_sitenote_active":false,"_monsterinsights_sitenote_note":"","_monsterinsights_sitenote_category":0},"product_brand":[],"product_cat":[12274,12284],"product_tag":[],"class_list":{"0":"post-761744","1":"product","2":"type-product","3":"status-publish","5":"product_cat-cocuk-ve-genclik-kitaplari","6":"product_cat-hikayeler","7":"pa_cilt-ciltsiz","8":"pa_tur-kitap","9":"pa_yayinevi-net-cocuk-yayinlari","10":"pa_yazar-omer-canbir","12":"first","13":"instock","14":"sale","15":"shipping-taxable","16":"purchasable","17":"product-type-simple"},"_links":{"self":[{"href":"https:\/\/roveyayinevi.com.tr\/index.php\/wp-json\/wp\/v2\/product\/761744","targetHints":{"allow":["GET"]}}],"collection":[{"href":"https:\/\/roveyayinevi.com.tr\/index.php\/wp-json\/wp\/v2\/product"}],"about":[{"href":"https:\/\/roveyayinevi.com.tr\/index.php\/wp-json\/wp\/v2\/types\/product"}],"wp:attachment":[{"href":"https:\/\/roveyayinevi.com.tr\/index.php\/wp-json\/wp\/v2\/media?parent=761744"}],"wp:term":[{"taxonomy":"product_brand","embeddable":true,"href":"https:\/\/roveyayinevi.com.tr\/index.php\/wp-json\/wp\/v2\/product_brand?post=761744"},{"taxonomy":"product_cat","embeddable":true,"href":"https:\/\/roveyayinevi.com.tr\/index.php\/wp-json\/wp\/v2\/product_cat?post=761744"},{"taxonomy":"product_tag","embeddable":true,"href":"https:\/\/roveyayinevi.com.tr\/index.php\/wp-json\/wp\/v2\/product_tag?post=761744"}],"curies":[{"name":"wp","href":"https:\/\/api.w.org\/{rel}","templated":true}]}}