{"id":761693,"date":"2025-08-28T09:45:04","date_gmt":"2025-08-28T06:45:04","guid":{"rendered":"https:\/\/roveyayinevi.com.tr\/index.php\/urun\/iste-benim-bir-gunum-2\/"},"modified":"2025-10-01T22:11:19","modified_gmt":"2025-10-01T19:11:19","slug":"iste-benim-bir-gunum-2","status":"publish","type":"product","link":"https:\/\/roveyayinevi.com.tr\/index.php\/urun\/iste-benim-bir-gunum-2\/","title":{"rendered":"\u0130\u015fte Benim Bir G\u00fcn\u00fcm"},"content":{"rendered":"<p>Neden g\u00fcnl\u00fck rutinleri \u00f6\u011fretmeliyiz ?\u00c7\u00fcnk\u00fc g\u00fcnl\u00fck rutinler,bebe\u011finizin do\u011fdu\u011fu andan itibaren fark\u0131nda olmadan \u00f6\u011frenmeye ba\u015flad\u0131\u011f\u0131,zamanla onu rahatlatan bir hal alan g\u00fcnl\u00fck etkinliklerdir.Olu\u015f s\u0131ras\u0131,uygulanma \u015feklinin s\u00fcreklili\u011fi zamanla bebekte g\u00fcven duygusunu destekleyecektir.\u0130lerleyen zamanda ise g\u00fcnl\u00fck hayata uyumunu kolayla\u015ft\u0131racakt\u0131r.Bu kitap,bebe\u011finiz ve sizin i\u00e7in tam bir yol g\u00f6sterici\u2026<\/p>\n","protected":false},"excerpt":{"rendered":"<p>Neden g\u00fcnl\u00fck rutinleri \u00f6\u011fretmeliyiz ?\u00c7\u00fcnk\u00fc g\u00fcnl\u00fck rutinler,bebe\u011finizin do\u011fdu\u011fu andan itibaren fark\u0131nda olmadan \u00f6\u011frenmeye ba\u015flad\u0131\u011f\u0131,zamanla onu rahatlatan bir hal alan g\u00fcnl\u00fck etkinliklerdir.Olu\u015f s\u0131ras\u0131,uygulanma \u015feklinin s\u00fcreklili\u011fi zamanla bebekte<span class=\"excerpt-hellip\"> [\u2026]<\/span><\/p>\n","protected":false},"featured_media":0,"template":"","meta":{"_monsterinsights_skip_tracking":false,"_monsterinsights_sitenote_active":false,"_monsterinsights_sitenote_note":"","_monsterinsights_sitenote_category":0},"product_brand":[],"product_cat":[12274,15842],"product_tag":[],"class_list":{"0":"post-761693","1":"product","2":"type-product","3":"status-publish","5":"product_cat-cocuk-ve-genclik-kitaplari","6":"product_cat-egitici-kitaplar","7":"pa_cilt-ciltsiz","8":"pa_tur-kitap","9":"pa_yayinevi-net-cocuk-yayinlari","10":"pa_yazar-ozge-selcuk-bozkurt","12":"first","13":"instock","14":"sale","15":"shipping-taxable","16":"purchasable","17":"product-type-simple"},"_links":{"self":[{"href":"https:\/\/roveyayinevi.com.tr\/index.php\/wp-json\/wp\/v2\/product\/761693","targetHints":{"allow":["GET"]}}],"collection":[{"href":"https:\/\/roveyayinevi.com.tr\/index.php\/wp-json\/wp\/v2\/product"}],"about":[{"href":"https:\/\/roveyayinevi.com.tr\/index.php\/wp-json\/wp\/v2\/types\/product"}],"wp:attachment":[{"href":"https:\/\/roveyayinevi.com.tr\/index.php\/wp-json\/wp\/v2\/media?parent=761693"}],"wp:term":[{"taxonomy":"product_brand","embeddable":true,"href":"https:\/\/roveyayinevi.com.tr\/index.php\/wp-json\/wp\/v2\/product_brand?post=761693"},{"taxonomy":"product_cat","embeddable":true,"href":"https:\/\/roveyayinevi.com.tr\/index.php\/wp-json\/wp\/v2\/product_cat?post=761693"},{"taxonomy":"product_tag","embeddable":true,"href":"https:\/\/roveyayinevi.com.tr\/index.php\/wp-json\/wp\/v2\/product_tag?post=761693"}],"curies":[{"name":"wp","href":"https:\/\/api.w.org\/{rel}","templated":true}]}}