{"id":761662,"date":"2025-08-28T09:44:08","date_gmt":"2025-08-28T06:44:08","guid":{"rendered":"https:\/\/roveyayinevi.com.tr\/index.php\/urun\/barisin-akil-almaz-yolculuklari\/"},"modified":"2026-04-16T03:14:57","modified_gmt":"2026-04-16T00:14:57","slug":"barisin-akil-almaz-yolculuklari","status":"publish","type":"product","link":"https:\/\/roveyayinevi.com.tr\/index.php\/urun\/barisin-akil-almaz-yolculuklari\/","title":{"rendered":"Bar\u0131\u015f\u2019\u0131n Ak\u0131l Almaz Yolculuklar\u0131"},"content":{"rendered":"<p>Kimimiz insan, kimimiz kedi, hepimiz D\u00fcnyal\u0131\u2019y\u0131z. \u00c7a\u011fda\u015f edebiyat eserlerinin yan\u0131 s\u0131ra gen\u00e7lik romanlar\u0131yla da sevilen Neslihan Acu, ilk kez \u00e7ocuklar i\u00e7in yazd\u0131. Baba \u00f6zlemi \u00e7eken, kedilerle ha\u015f\u0131r ne\u015fir, merakl\u0131 bir \u00e7ocu\u011fun du\u0308\u015fsel yolculuklar\u0131n\u0131 mizahi bir dille hik\u00e2ye eden roman, etkileyici kurgusu, renkli karakterleriyle iz b\u0131rak\u0131yor. Ya\u015fam\u0131n de\u011ferini, sevginin gu\u0308cu\u0308nu\u0308 duyumsat\u0131rken gu\u0308lu\u0308mseten, \u00e7ocuklu\u011fun s\u0131n\u0131rs\u0131z hayal du\u0308nyas\u0131n\u0131 yu\u0308celten bir fantazya. Uzay ve tarih filmlerine, \u00e7izgi romanlara hayran Bar\u0131\u015f, annesi ve abisiyle ya\u015famaktad\u0131r. Bamba\u015fka du\u0308nyalar\u0131n hayalini kurarken gu\u0308ndelik hayat\u0131ndan fazlas\u0131yla s\u0131k\u0131l\u0131r. Bah\u00e7edeki ye\u015fil g\u00f6zlu\u0308 tuhaf sarman kedinin hayat\u0131 bile onunkinden ilgin\u00e7tir. Ba\u015fka bir hayat\u0131n hayaliyle uyudu\u011fu gecenin sabah\u0131nda, kendini inan\u0131lmaz bir maceran\u0131n i\u00e7inde bulur. Bilmedi\u011fi \u015fehirler, fantastik ya\u015fl\u0131lar park\u0131, Paris\u2019teki so\u011fuk laboratuvar, su\u0308rprizli gemi derken, Bar\u0131\u015f\u2019\u0131n eve d\u00f6nu\u0308\u015f yolunu bulmas\u0131 zorla\u015f\u0131r&#8230;<\/p>\n","protected":false},"excerpt":{"rendered":"<p>Kimimiz insan, kimimiz kedi, hepimiz D\u00fcnyal\u0131\u2019y\u0131z. \u00c7a\u011fda\u015f edebiyat eserlerinin yan\u0131 s\u0131ra gen\u00e7lik romanlar\u0131yla da sevilen Neslihan Acu, ilk kez \u00e7ocuklar i\u00e7in yazd\u0131. Baba \u00f6zlemi \u00e7eken, kedilerle<span class=\"excerpt-hellip\"> [\u2026]<\/span><\/p>\n","protected":false},"featured_media":0,"template":"","meta":{"_monsterinsights_skip_tracking":false,"_monsterinsights_sitenote_active":false,"_monsterinsights_sitenote_note":"","_monsterinsights_sitenote_category":0},"product_brand":[],"product_cat":[12274,12284],"product_tag":[],"class_list":{"0":"post-761662","1":"product","2":"type-product","3":"status-publish","5":"product_cat-cocuk-ve-genclik-kitaplari","6":"product_cat-hikayeler","7":"pa_cilt-ciltsiz","8":"pa_tur-kitap","9":"pa_yayinevi-gunisigi-kitapligi","10":"pa_yazar-neslihan-acu","12":"first","13":"instock","14":"sale","15":"shipping-taxable","16":"purchasable","17":"product-type-simple"},"_links":{"self":[{"href":"https:\/\/roveyayinevi.com.tr\/index.php\/wp-json\/wp\/v2\/product\/761662","targetHints":{"allow":["GET"]}}],"collection":[{"href":"https:\/\/roveyayinevi.com.tr\/index.php\/wp-json\/wp\/v2\/product"}],"about":[{"href":"https:\/\/roveyayinevi.com.tr\/index.php\/wp-json\/wp\/v2\/types\/product"}],"wp:attachment":[{"href":"https:\/\/roveyayinevi.com.tr\/index.php\/wp-json\/wp\/v2\/media?parent=761662"}],"wp:term":[{"taxonomy":"product_brand","embeddable":true,"href":"https:\/\/roveyayinevi.com.tr\/index.php\/wp-json\/wp\/v2\/product_brand?post=761662"},{"taxonomy":"product_cat","embeddable":true,"href":"https:\/\/roveyayinevi.com.tr\/index.php\/wp-json\/wp\/v2\/product_cat?post=761662"},{"taxonomy":"product_tag","embeddable":true,"href":"https:\/\/roveyayinevi.com.tr\/index.php\/wp-json\/wp\/v2\/product_tag?post=761662"}],"curies":[{"name":"wp","href":"https:\/\/api.w.org\/{rel}","templated":true}]}}