{"id":761627,"date":"2025-08-28T09:42:50","date_gmt":"2025-08-28T06:42:50","guid":{"rendered":"https:\/\/roveyayinevi.com.tr\/index.php\/urun\/filiz-hic-uzulmesin\/"},"modified":"2026-04-16T03:14:56","modified_gmt":"2026-04-16T00:14:56","slug":"filiz-hic-uzulmesin","status":"publish","type":"product","link":"https:\/\/roveyayinevi.com.tr\/index.php\/urun\/filiz-hic-uzulmesin\/","title":{"rendered":"Filiz Hi\u00e7 \u00dcz\u00fclmesin"},"content":{"rendered":"<p>\u201c&#8230; \u00fcz\u00fclecek bir \u015fey yok. Her \u015fey d\u00fczelir, hele Filiz hi\u00e7 \u00fcz\u00fclmesin.\u201d   Filiz Ali\u2019nin an\u0131lar\u0131n\u0131, babas\u0131n\u0131n eserleri ve mektuplar\u0131yla harmanlayarak kitapla\u015ft\u0131rd\u0131\u011f\u0131 \u201cFiliz Hi\u00e7 \u00dcz\u00fclmesin\u201d, sadece bir hayata odaklanmakla kalm\u0131yor, Sabahattin Ali\u2019nin usta foto\u011fraf\u00e7\u0131l\u0131\u011f\u0131na da tan\u0131kl\u0131k ediyor.   Sabahattin Ali\u2019nin Ist\u0131ranca Da\u011flar\u0131\u2019nda \u00f6ld\u00fcr\u00fclmeden \u00e7ok \u00f6nce, kehanette bulunur gibi kendi sonunu yazd\u0131\u011f\u0131 dizeleriyle biten \u201cFiliz Hi\u00e7 \u00dcz\u00fclmesin\u201d, edebiyat\u0131m\u0131z\u0131n efsanevi yazar\u0131n\u0131 yatt\u0131\u011f\u0131 yerde de selaml\u0131yor&#8230;   \u201cBir g\u00fcn kadrim bilinirse \u0130smim a\u011fza al\u0131n\u0131rsa Yerim soran bulunursa Benim meskenim da\u011flard\u0131r.\u201d <\/p>\n","protected":false},"excerpt":{"rendered":"<p>\u201c&#8230; \u00fcz\u00fclecek bir \u015fey yok. Her \u015fey d\u00fczelir, hele Filiz hi\u00e7 \u00fcz\u00fclmesin.\u201d Filiz Ali\u2019nin an\u0131lar\u0131n\u0131, babas\u0131n\u0131n eserleri ve mektuplar\u0131yla harmanlayarak kitapla\u015ft\u0131rd\u0131\u011f\u0131 \u201cFiliz Hi\u00e7 \u00dcz\u00fclmesin\u201d, sadece bir<span class=\"excerpt-hellip\"> [\u2026]<\/span><\/p>\n","protected":false},"featured_media":0,"template":"","meta":{"_monsterinsights_skip_tracking":false,"_monsterinsights_sitenote_active":false,"_monsterinsights_sitenote_note":"","_monsterinsights_sitenote_category":0},"product_brand":[],"product_cat":[14009,12291],"product_tag":[],"class_list":{"0":"post-761627","1":"product","2":"type-product","3":"status-publish","5":"product_cat-biyografi-otobiyografi-edebiyat","6":"product_cat-edebiyat","7":"pa_cilt-ciltsiz","8":"pa_tur-kitap","9":"pa_yayinevi-yapi-kredi-yayinlari","10":"pa_yazar-filiz-ali","12":"first","13":"instock","14":"sale","15":"shipping-taxable","16":"purchasable","17":"product-type-simple"},"_links":{"self":[{"href":"https:\/\/roveyayinevi.com.tr\/index.php\/wp-json\/wp\/v2\/product\/761627","targetHints":{"allow":["GET"]}}],"collection":[{"href":"https:\/\/roveyayinevi.com.tr\/index.php\/wp-json\/wp\/v2\/product"}],"about":[{"href":"https:\/\/roveyayinevi.com.tr\/index.php\/wp-json\/wp\/v2\/types\/product"}],"wp:attachment":[{"href":"https:\/\/roveyayinevi.com.tr\/index.php\/wp-json\/wp\/v2\/media?parent=761627"}],"wp:term":[{"taxonomy":"product_brand","embeddable":true,"href":"https:\/\/roveyayinevi.com.tr\/index.php\/wp-json\/wp\/v2\/product_brand?post=761627"},{"taxonomy":"product_cat","embeddable":true,"href":"https:\/\/roveyayinevi.com.tr\/index.php\/wp-json\/wp\/v2\/product_cat?post=761627"},{"taxonomy":"product_tag","embeddable":true,"href":"https:\/\/roveyayinevi.com.tr\/index.php\/wp-json\/wp\/v2\/product_tag?post=761627"}],"curies":[{"name":"wp","href":"https:\/\/api.w.org\/{rel}","templated":true}]}}