{"id":761624,"date":"2025-08-28T09:42:45","date_gmt":"2025-08-28T06:42:45","guid":{"rendered":"https:\/\/roveyayinevi.com.tr\/index.php\/urun\/ben-leyla-gencer-la-diva-turca-kucuk-boy\/"},"modified":"2026-04-16T03:14:56","modified_gmt":"2026-04-16T00:14:56","slug":"ben-leyla-gencer-la-diva-turca-kucuk-boy","status":"publish","type":"product","link":"https:\/\/roveyayinevi.com.tr\/index.php\/urun\/ben-leyla-gencer-la-diva-turca-kucuk-boy\/","title":{"rendered":"Ben Leyla Gencer \u2013 La Diva Turca (K\u00fc\u00e7\u00fck Boy)"},"content":{"rendered":"<p>\u00dcnl\u00fc keman virt\u00fcozu Isaac Stern \u0130lk 79 Y\u0131l\u0131m adl\u0131 kitab\u0131n\u0131n \u00f6ns\u00f6z\u00fcnde \u015f\u00f6yle der: \u201cM\u00fczi\u011fin hizmetine girmek bir meslek edinmek de\u011fil, bir ya\u015fam bi\u00e7imidir. Bunun i\u00e7in iki \u015feye sahip olmal\u0131s\u0131n: Birincisi, ne olmak istedi\u011fin hakk\u0131nda k\u00fc\u00e7\u00fck ya\u015ftan itibaren kesin bir fikre; ikincisi, o iste\u011finin ger\u00e7ekle\u015fmesi i\u00e7in gereken \u00f6zg\u00fcvene, m\u00fccadele g\u00fcc\u00fcne ve gurura.\u201d   \u0130\u015fte Leyla Gencer\u2019in m\u00fczik ser\u00fcveni bu d\u00fc\u015f\u00fcncenin hayata yans\u0131mas\u0131 olmu\u015ftur adeta.   Safranbolulu bir baba ile Polonyal\u0131 bir annenin k\u0131z\u0131 olan Leyla Gencer \u00c7ubuklu\u2019da d\u00fcnyaya geldi, Frans\u0131z dad\u0131s\u0131n\u0131n \u00e7okk\u00fclt\u00fcrl\u00fcl\u00fc\u011f\u00fc ve evde piyano \u00e7alan annesinin s\u00f6yledi\u011fi Leh\u00e7e \u015fark\u0131lar arac\u0131l\u0131\u011f\u0131yla hen\u00fcz hayat\u0131n\u0131n ilk y\u0131llar\u0131nda m\u00fczikle tan\u0131\u015ft\u0131. Soprano Arangi-Lombardi ile \u00e7al\u0131\u015fmas\u0131 hayat\u0131n\u0131n d\u00f6n\u00fcm noktalar\u0131ndan biri oldu. \u0130lk opera temsilini Ankara\u2019da verdi. 1953\u2019te \u0130talyan radyosundaki kayd\u0131yla da ilk kez sesini d\u00fcnyaya duyurdu.   Leyla Gencer, k\u00fc\u00e7\u00fck ya\u015f\u0131ndan itibaren sahnede olmay\u0131 akl\u0131na koymu\u015ftu. \u00d6zg\u00fcveniyle, \u00e7al\u0131\u015fkanl\u0131\u011f\u0131yla, sava\u015f\u00e7\u0131 ki\u015fili\u011fiyle hayat\u0131n\u0131 bu fikre g\u00f6re \u015fekillendirdi. Opera k\u00fclt\u00fcr\u00fc olmayan bir \u00fclkeden \u00e7\u0131k\u0131p, bu k\u00fclt\u00fcrle evrilmi\u015f bir \u00fclkenin, \u0130talya\u2019n\u0131n ortas\u0131nda kendini ispat etmek i\u00e7in verdi\u011fi m\u00fccadelelerle, tam yirmi be\u015f y\u0131l boyunca operan\u0131n mabedi say\u0131lan La Scala\u2019n\u0131n prima donna\u2019s\u0131 oldu. Sonraki yirmi be\u015f y\u0131l da, \u00f6l\u00fcnceye kadar, e\u011fitimci olarak opera d\u00fcnyas\u0131na hizmet etti.   Zaman\u0131n\u0131n b\u00fcy\u00fck sopranolar\u0131yla girdi\u011fi rekabetle, tarihi \u015fefler ve rejis\u00f6r-lerle birlikte \u00e7al\u0131\u015fmas\u0131yla,b\u00fcy\u00fck bestecilerin g\u00f6lgede kalm\u0131\u015f yap\u0131tlar\u0131n\u0131 ke\u015ffetmesiyle, repertuvar\u0131ndaki yetmi\u015f \u00fc\u00e7 opera ve canl\u0131 temsillerden kaydedilen sesiyle yirminci y\u00fczy\u0131l opera tarihine ge\u00e7meyi ba\u015faran La Diva Turca, bug\u00fcn de Divalar\u0131n Divas\u0131 olarak an\u0131lmaktad\u0131r.   Ben Leyla Gencer \u2013 La Diva Turca kitab\u0131, sesiyle ve dramatik g\u00fcc\u00fcyle iz b\u0131rakan sanat\u00e7\u0131y\u0131 ki\u015file\u015ftirerek kendini var etme yolculu\u011funda ya\u015fad\u0131\u011f\u0131 co\u015fkular\u0131n\u0131, hayal k\u0131r\u0131kl\u0131klar\u0131n\u0131, sevin\u00e7lerini, ac\u0131lar\u0131n\u0131 kendi a\u011fz\u0131ndan hik\u00e2yele\u015ftirirken, okuru operan\u0131n co\u015fkulu y\u0131llar\u0131na g\u00f6t\u00fcr\u00fcp m\u00fczik d\u00fcnya-s\u0131nda bir yolculu\u011fa \u00e7\u0131kar\u0131yor. <\/p>\n","protected":false},"excerpt":{"rendered":"<p>\u00dcnl\u00fc keman virt\u00fcozu Isaac Stern \u0130lk 79 Y\u0131l\u0131m adl\u0131 kitab\u0131n\u0131n \u00f6ns\u00f6z\u00fcnde \u015f\u00f6yle der: \u201cM\u00fczi\u011fin hizmetine girmek bir meslek edinmek de\u011fil, bir ya\u015fam bi\u00e7imidir. Bunun i\u00e7in iki<span class=\"excerpt-hellip\"> [\u2026]<\/span><\/p>\n","protected":false},"featured_media":0,"template":"","meta":{"_monsterinsights_skip_tracking":false,"_monsterinsights_sitenote_active":false,"_monsterinsights_sitenote_note":"","_monsterinsights_sitenote_category":0},"product_brand":[],"product_cat":[12408],"product_tag":[],"class_list":{"0":"post-761624","1":"product","2":"type-product","3":"status-publish","5":"product_cat-sanat","6":"pa_cilt-ciltsiz","7":"pa_tur-kitap","8":"pa_yayinevi-yapi-kredi-yayinlari","9":"pa_yazar-evin-ilyasoglu","11":"first","12":"instock","13":"sale","14":"shipping-taxable","15":"purchasable","16":"product-type-simple"},"_links":{"self":[{"href":"https:\/\/roveyayinevi.com.tr\/index.php\/wp-json\/wp\/v2\/product\/761624","targetHints":{"allow":["GET"]}}],"collection":[{"href":"https:\/\/roveyayinevi.com.tr\/index.php\/wp-json\/wp\/v2\/product"}],"about":[{"href":"https:\/\/roveyayinevi.com.tr\/index.php\/wp-json\/wp\/v2\/types\/product"}],"wp:attachment":[{"href":"https:\/\/roveyayinevi.com.tr\/index.php\/wp-json\/wp\/v2\/media?parent=761624"}],"wp:term":[{"taxonomy":"product_brand","embeddable":true,"href":"https:\/\/roveyayinevi.com.tr\/index.php\/wp-json\/wp\/v2\/product_brand?post=761624"},{"taxonomy":"product_cat","embeddable":true,"href":"https:\/\/roveyayinevi.com.tr\/index.php\/wp-json\/wp\/v2\/product_cat?post=761624"},{"taxonomy":"product_tag","embeddable":true,"href":"https:\/\/roveyayinevi.com.tr\/index.php\/wp-json\/wp\/v2\/product_tag?post=761624"}],"curies":[{"name":"wp","href":"https:\/\/api.w.org\/{rel}","templated":true}]}}