{"id":761619,"date":"2025-08-28T09:42:39","date_gmt":"2025-08-28T06:42:39","guid":{"rendered":"https:\/\/roveyayinevi.com.tr\/index.php\/urun\/sonun-baslangici-2\/"},"modified":"2026-04-16T03:14:55","modified_gmt":"2026-04-16T00:14:55","slug":"sonun-baslangici-2","status":"publish","type":"product","link":"https:\/\/roveyayinevi.com.tr\/index.php\/urun\/sonun-baslangici-2\/","title":{"rendered":"Sonun Ba\u015flang\u0131c\u0131"},"content":{"rendered":"<p>\u0130srailo\u011fullar\u0131, K\u00fcresel \u00c7ete\u2019nin Faturas\u0131n\u0131 \u00d6demekle M\u00fckellef! \u0130srail\u2019in Gazze\u2019de on binlerce ki\u015finin \u00f6l\u00fcm\u00fcne neden oldu\u011fu ve aylard\u0131r s\u00fcren soyk\u0131r\u0131ma d\u00fcnya genelinde bir\u00e7ok oyuncu, m\u00fczisyen, sanat\u00e7\u0131, akademisyen, en sayg\u0131n \u00fcniversitelerin \u00f6\u011frencileri ve futbol kul\u00fcb\u00fc taraftarlar\u0131 bu zamana kadar g\u00f6r\u00fclmedik \u015fekilde tepki g\u00f6sterdi. \u201cG\u00f6rmezden gelmeyi tercih eden herkes insanl\u0131\u011f\u0131n\u0131 kaybetmi\u015ftir.\u201d, \u201cHi\u00e7bir zul\u00fcm sonsuza kadar s\u00fcrmez.\u201d, \u201cBir halk\u0131n sistematik bir \u015fekilde yok edilmesine seyirci kalabilirsiniz.\u201d \u00e7\u0131\u011fl\u0131klar\u0131 d\u00fcnyan\u0131n d\u00f6rt bir yan\u0131nda yank\u0131land\u0131. \u0130srail\u2019in yapt\u0131\u011f\u0131 zul\u00fcm art\u0131k d\u00fcnyay\u0131 endi\u015feye sevk etmeye ba\u015flad\u0131. Yazar Mehmet Ali Bulut da \u0130srail\u2019in ger\u00e7ek niyetinin tam olarak anla\u015f\u0131lmas\u0131na katk\u0131 sa\u011flamak amac\u0131yla \u0130srailo\u011fullar\u0131n\u0131, Yahudileri ve onlar\u0131n arkas\u0131na saklanan K\u00fcresel \u00c7ete\u2019nin ger\u00e7ek y\u00fcz\u00fcn\u00fc, mahiyetini anlamak ve anlatmak i\u00e7in \u201cSonun Ba\u015flang\u0131c\u0131\u201d kitab\u0131n\u0131 yazd\u0131. Yazar, Kur\u2019an-\u0131 Kerim, \u0130ncil ve Tevrat\u2019ta yer alan a\u00e7\u0131k uyar\u0131lar e\u015fli\u011finde \u0130srail\u2019i bekleyen sonu g\u00f6zler \u00f6n\u00fcne seriyor. Kitaptan al\u0131nt\u0131\u2026  \u201cSize aktaraca\u011f\u0131m metinleri okudu\u011funuzda g\u00f6recek ve anlayacaks\u0131n\u0131z ki \u0130srailo\u011fullar\u0131, bug\u00fcn onlar ad\u0131na \u00e7al\u0131\u015f\u0131yormu\u015f gibi g\u00f6r\u00fcnen K\u00fcresel \u00c7ete\u2019nin (decc\u00e2lin) yery\u00fcz\u00fcnde sergiledi\u011fi her t\u00fcrl\u00fc zul\u00fcm, ifsat, fuhu\u015f, f\u0131trat\u0131 bozma, ahlaks\u0131zl\u0131k, LGBT, fitne, fesat ve ak\u0131tt\u0131klar\u0131 g\u00f6zya\u015f\u0131 gibi be\u015ferin yap\u0131s\u0131n\u0131 ve huzurunu bozma faaliyetlerinin faturas\u0131n\u0131 \u00f6demekle m\u00fckellef bir kader mahk\u00fbmudur! Nitekim bu i\u015flerin olaca\u011f\u0131n\u0131 ve \u0130srailo\u011fullar\u0131n\u0131n g\u00fcnlerin sonunda nerede ise \u0131rk baz\u0131nda imha edilece\u011fini haber veren metinler de onlara aittir.\u201d \u2013Mehmet Ali Bulut<\/p>\n","protected":false},"excerpt":{"rendered":"<p>\u0130srailo\u011fullar\u0131, K\u00fcresel \u00c7ete\u2019nin Faturas\u0131n\u0131 \u00d6demekle M\u00fckellef! \u0130srail\u2019in Gazze\u2019de on binlerce ki\u015finin \u00f6l\u00fcm\u00fcne neden oldu\u011fu ve aylard\u0131r s\u00fcren soyk\u0131r\u0131ma d\u00fcnya genelinde bir\u00e7ok oyuncu, m\u00fczisyen, sanat\u00e7\u0131, akademisyen, en<span class=\"excerpt-hellip\"> [\u2026]<\/span><\/p>\n","protected":false},"featured_media":0,"template":"","meta":{"_monsterinsights_skip_tracking":false,"_monsterinsights_sitenote_active":false,"_monsterinsights_sitenote_note":"","_monsterinsights_sitenote_category":0},"product_brand":[],"product_cat":[12337],"product_tag":[],"class_list":{"0":"post-761619","1":"product","2":"type-product","3":"status-publish","5":"product_cat-politika-siyaset","6":"pa_cilt-ciltsiz","7":"pa_tur-kitap","8":"pa_yayinevi-hayat-yayinlari","9":"pa_yazar-mehmet-ali-bulut","11":"first","12":"instock","13":"sale","14":"shipping-taxable","15":"purchasable","16":"product-type-simple"},"_links":{"self":[{"href":"https:\/\/roveyayinevi.com.tr\/index.php\/wp-json\/wp\/v2\/product\/761619","targetHints":{"allow":["GET"]}}],"collection":[{"href":"https:\/\/roveyayinevi.com.tr\/index.php\/wp-json\/wp\/v2\/product"}],"about":[{"href":"https:\/\/roveyayinevi.com.tr\/index.php\/wp-json\/wp\/v2\/types\/product"}],"wp:attachment":[{"href":"https:\/\/roveyayinevi.com.tr\/index.php\/wp-json\/wp\/v2\/media?parent=761619"}],"wp:term":[{"taxonomy":"product_brand","embeddable":true,"href":"https:\/\/roveyayinevi.com.tr\/index.php\/wp-json\/wp\/v2\/product_brand?post=761619"},{"taxonomy":"product_cat","embeddable":true,"href":"https:\/\/roveyayinevi.com.tr\/index.php\/wp-json\/wp\/v2\/product_cat?post=761619"},{"taxonomy":"product_tag","embeddable":true,"href":"https:\/\/roveyayinevi.com.tr\/index.php\/wp-json\/wp\/v2\/product_tag?post=761619"}],"curies":[{"name":"wp","href":"https:\/\/api.w.org\/{rel}","templated":true}]}}