{"id":761611,"date":"2025-08-28T09:42:24","date_gmt":"2025-08-28T06:42:24","guid":{"rendered":"https:\/\/roveyayinevi.com.tr\/index.php\/urun\/nur-harmani\/"},"modified":"2026-01-30T03:53:51","modified_gmt":"2026-01-30T00:53:51","slug":"nur-harmani","status":"publish","type":"product","link":"https:\/\/roveyayinevi.com.tr\/index.php\/urun\/nur-harmani\/","title":{"rendered":"Nur Harman\u0131"},"content":{"rendered":"<p>Peygamberimiz (sav) \u015f\u00f6yle buyurdu, \u201cK\u0131yamet g\u00fcn\u00fc, m\u00fcminlerin terazisinde g\u00fczel ahlaktan daha a\u011f\u0131r bir \u015fey yoktur. Allahuteala, \u00e7irkin konu\u015fan ve ne konu\u015ftu\u011funu bilmeyenlerden nefret eder.\u201d (Tirmiz\u00ee) Ak\u0131ll\u0131 insan, ahiret hayat\u0131 i\u00e7in \u00e7al\u0131\u015fan insand\u0131r \u00e7\u00fcnk\u00fc ger\u00e7ek hayat ahiret hayat\u0131d\u0131r. D\u00fcnya hayat\u0131 ise oyun ve oyalanmaktan ibarettir. Bizler ise tam tersine d\u00fcnya hayat\u0131 ad\u0131na fazla kazan\u00e7 getiren mesleklere, i\u015flere y\u00f6neliriz. Oysa ahiret ad\u0131na fazla kazan\u00e7 getiren i\u015flere y\u00f6nelmeliyiz. Bunlardan biri de g\u00fczel ahlak\u0131 elde etmek ve ailemize iyi davranmakt\u0131r. \u201cYa Rabbi, Ahlak\u0131m\u0131z\u0131 Kur&#8217;an ahlak\u0131 ile ahlakland\u0131r.\u201d (\u00c2min)             Bu kitapta O&#8217;nun (sav) tavsiyelerinden b\u00f6l\u00fcmler bulacaks\u0131n\u0131z. Burada daha \u00e7ok ahlak\u0131m\u0131z\u0131, ibadet hayat\u0131m\u0131z\u0131 ve sosyal ya\u015fant\u0131m\u0131z\u0131 ilgilendiren hadislere yer verdik. Bu kitab\u0131 haz\u0131rlarken, \u201cKolayla\u015ft\u0131r\u0131n\u0131z, g\u00fc\u00e7le\u015ftirmeyiniz; sevdiriniz, nefret ettirmeyiniz\u201d Hadis-i \u015eerifi rehberimiz oldu. \u201cBizden i\u015fitip iyice belleyip de ba\u015fkalar\u0131na aynen bildiren ki\u015finin y\u00fcz\u00fcn\u00fc Allah ak etsin\u201d duas\u0131, beni bu kitab\u0131 yazmaya te\u015fvik etti.<\/p>\n","protected":false},"excerpt":{"rendered":"<p>Peygamberimiz (sav) \u015f\u00f6yle buyurdu, \u201cK\u0131yamet g\u00fcn\u00fc, m\u00fcminlerin terazisinde g\u00fczel ahlaktan daha a\u011f\u0131r bir \u015fey yoktur. Allahuteala, \u00e7irkin konu\u015fan ve ne konu\u015ftu\u011funu bilmeyenlerden nefret eder.\u201d (Tirmiz\u00ee) Ak\u0131ll\u0131<span class=\"excerpt-hellip\"> [\u2026]<\/span><\/p>\n","protected":false},"featured_media":0,"template":"","meta":{"_monsterinsights_skip_tracking":false,"_monsterinsights_sitenote_active":false,"_monsterinsights_sitenote_note":"","_monsterinsights_sitenote_category":0},"product_brand":[],"product_cat":[12718,12719],"product_tag":[],"class_list":{"0":"post-761611","1":"product","2":"type-product","3":"status-publish","5":"product_cat-din","6":"product_cat-islam","7":"pa_cilt-ciltsiz","8":"pa_tur-kitap","9":"pa_yayinevi-vova-yayinlari","10":"pa_yazar-mehmet-surmen","12":"first","13":"instock","14":"sale","15":"shipping-taxable","16":"purchasable","17":"product-type-simple"},"_links":{"self":[{"href":"https:\/\/roveyayinevi.com.tr\/index.php\/wp-json\/wp\/v2\/product\/761611","targetHints":{"allow":["GET"]}}],"collection":[{"href":"https:\/\/roveyayinevi.com.tr\/index.php\/wp-json\/wp\/v2\/product"}],"about":[{"href":"https:\/\/roveyayinevi.com.tr\/index.php\/wp-json\/wp\/v2\/types\/product"}],"wp:attachment":[{"href":"https:\/\/roveyayinevi.com.tr\/index.php\/wp-json\/wp\/v2\/media?parent=761611"}],"wp:term":[{"taxonomy":"product_brand","embeddable":true,"href":"https:\/\/roveyayinevi.com.tr\/index.php\/wp-json\/wp\/v2\/product_brand?post=761611"},{"taxonomy":"product_cat","embeddable":true,"href":"https:\/\/roveyayinevi.com.tr\/index.php\/wp-json\/wp\/v2\/product_cat?post=761611"},{"taxonomy":"product_tag","embeddable":true,"href":"https:\/\/roveyayinevi.com.tr\/index.php\/wp-json\/wp\/v2\/product_tag?post=761611"}],"curies":[{"name":"wp","href":"https:\/\/api.w.org\/{rel}","templated":true}]}}