{"id":761565,"date":"2025-08-28T09:41:03","date_gmt":"2025-08-28T06:41:03","guid":{"rendered":"https:\/\/roveyayinevi.com.tr\/index.php\/urun\/siyasal-kuramda-siddet\/"},"modified":"2026-04-16T03:14:54","modified_gmt":"2026-04-16T00:14:54","slug":"siyasal-kuramda-siddet","status":"publish","type":"product","link":"https:\/\/roveyayinevi.com.tr\/index.php\/urun\/siyasal-kuramda-siddet\/","title":{"rendered":"Siyasal Kuramda \u015eiddet"},"content":{"rendered":"<p>\u015eiddet i\u00e7ermeyen siyaset olabilir mi? \u015eiddetin me\u015frula\u015ft\u0131r\u0131labilirli\u011fi, varolan d\u00fczeni savunmak ya da y\u0131kmak i\u00e7in uyguland\u0131\u011f\u0131na m\u0131 yoksa uygulanma bi\u00e7imine mi ba\u011fl\u0131d\u0131r? \u015eiddet basit\u00e7e dolays\u0131z bedensel yaralama m\u0131d\u0131r yoksa yap\u0131sal, simgesel ya da epistemik \u015fiddetten s\u00f6z edebilir miyiz?Bu kitapta Elizabeth Frazer ve Kimberley Hutchings, Niccolo Machiavelli&#8217;den Elaine Scarry&#8217;ye siyasal kuramc\u0131lar\u0131n bu konular\u0131 nas\u0131l ele ald\u0131klar\u0131n\u0131 inceliyorlar. Siyasette \u015fiddetin hem savunucular\u0131 hem de ele\u015ftirmenleriyle etkile\u015fime girerek, bu tart\u0131\u015fmalar\u0131n kal\u0131c\u0131 temalar\u0131n\u0131 ortaya \u00e7\u0131karmak i\u00e7in \u00e7e\u015fitli me\u015frula\u015ft\u0131rma ve retorik stratejilerini analiz ediyorlar. Siyasal kuramc\u0131lar\u0131n \u015fiddeti ya tarafs\u0131z bir araca indirgeyerek ya da adalet ve erdem gibi olduk\u00e7a farkl\u0131 kavramlarla \u00f6zde\u015fle\u015ftirerek, onun ortaya \u00e7\u0131kard\u0131\u011f\u0131 temel zorluklardan nas\u0131l ka\u00e7ma e\u011filiminde olduklar\u0131n\u0131 g\u00f6steriyorlar. \u015eiddet zorunlu olarak hiyerar\u015fik ve d\u0131\u015flay\u0131c\u0131 yap\u0131lar ve tahayy\u00fcllerle sarmaland\u0131\u011f\u0131 i\u00e7in, \u015fiddeti hizmet etti\u011fi ama\u00e7lar ya da nas\u0131l uyguland\u0131\u011f\u0131 a\u00e7\u0131s\u0131ndan me\u015frula\u015ft\u0131rman\u0131n art\u0131k bir anlam ifade etmedi\u011fini savunuyorlar.Ter\u00f6r ve sava\u015f ahlak\u0131ndan radikal ve devrimci siyasi d\u00fc\u015f\u00fcn\u00fc\u015fe paha bi\u00e7ilmez bir kaynak.&#8221;Bu m\u00fckemmel kitap, Machiavelli&#8217;den g\u00fcn\u00fcm\u00fcze \u015fiddet ve siyaset aras\u0131ndaki kesi\u015fime dair \u00e7ok dikkatli, sistematik ve son derece okunabilir bir giri\u015f ve analiz sunuyor.\u201dVittorio Bufacchi, University College Cork, \u0130rlanda\u201cSiyasal kuram ve \u015fiddet konusunda yazarlar\u0131n bu kitapta ula\u015ft\u0131\u011f\u0131 kapsam geni\u015fli\u011fine yakla\u015fan kar\u015f\u0131la\u015ft\u0131r\u0131labilir bir metin yok.&#8221;The Review of Politics <\/p>\n","protected":false},"excerpt":{"rendered":"<p>\u015eiddet i\u00e7ermeyen siyaset olabilir mi? \u015eiddetin me\u015frula\u015ft\u0131r\u0131labilirli\u011fi, varolan d\u00fczeni savunmak ya da y\u0131kmak i\u00e7in uyguland\u0131\u011f\u0131na m\u0131 yoksa uygulanma bi\u00e7imine mi ba\u011fl\u0131d\u0131r? \u015eiddet basit\u00e7e dolays\u0131z bedensel yaralama<span class=\"excerpt-hellip\"> [\u2026]<\/span><\/p>\n","protected":false},"featured_media":0,"template":"","meta":{"_monsterinsights_skip_tracking":false,"_monsterinsights_sitenote_active":false,"_monsterinsights_sitenote_note":"","_monsterinsights_sitenote_category":0},"product_brand":[],"product_cat":[12351,12324],"product_tag":[],"class_list":{"0":"post-761565","1":"product","2":"type-product","3":"status-publish","5":"product_cat-siyaset-sosyolojisi","6":"product_cat-sosyoloji","7":"pa_cilt-ciltsiz","8":"pa_tur-kitap","9":"pa_yayinevi-nika-yayinevi","10":"pa_yazar-elizabeth-frazer-kimberly-hutchings","12":"first","13":"instock","14":"sale","15":"shipping-taxable","16":"purchasable","17":"product-type-simple"},"_links":{"self":[{"href":"https:\/\/roveyayinevi.com.tr\/index.php\/wp-json\/wp\/v2\/product\/761565","targetHints":{"allow":["GET"]}}],"collection":[{"href":"https:\/\/roveyayinevi.com.tr\/index.php\/wp-json\/wp\/v2\/product"}],"about":[{"href":"https:\/\/roveyayinevi.com.tr\/index.php\/wp-json\/wp\/v2\/types\/product"}],"wp:attachment":[{"href":"https:\/\/roveyayinevi.com.tr\/index.php\/wp-json\/wp\/v2\/media?parent=761565"}],"wp:term":[{"taxonomy":"product_brand","embeddable":true,"href":"https:\/\/roveyayinevi.com.tr\/index.php\/wp-json\/wp\/v2\/product_brand?post=761565"},{"taxonomy":"product_cat","embeddable":true,"href":"https:\/\/roveyayinevi.com.tr\/index.php\/wp-json\/wp\/v2\/product_cat?post=761565"},{"taxonomy":"product_tag","embeddable":true,"href":"https:\/\/roveyayinevi.com.tr\/index.php\/wp-json\/wp\/v2\/product_tag?post=761565"}],"curies":[{"name":"wp","href":"https:\/\/api.w.org\/{rel}","templated":true}]}}