{"id":761564,"date":"2025-08-28T09:41:00","date_gmt":"2025-08-28T06:41:00","guid":{"rendered":"https:\/\/roveyayinevi.com.tr\/index.php\/urun\/susmadim-sesini-kistim\/"},"modified":"2026-04-16T03:14:54","modified_gmt":"2026-04-16T00:14:54","slug":"susmadim-sesini-kistim","status":"publish","type":"product","link":"https:\/\/roveyayinevi.com.tr\/index.php\/urun\/susmadim-sesini-kistim\/","title":{"rendered":"Susmad\u0131m Sesini K\u0131st\u0131m"},"content":{"rendered":"<p>\u0130nsana, insan olmay\u0131 \u00f6\u011fretmek beyhude bir \u00e7abad\u0131r. Ancak ve ancak biri do\u011farak biri de severek insan olmay\u0131 \u00f6\u011frenecektir.   &#8230; Ve Ben sana susmad\u0131m, Sadece sesini k\u0131st\u0131m hepsi bu. Art\u0131k kendim oldum sen olmaktan yoruldum&#8230; Yoksa seninle yanacakt\u0131m, Yakas\u0131z bir g\u00f6mle\u011fin ucundan ba\u015flad\u0131n yakmaya&#8230; Ate\u015f k\u0131z\u0131ll\u0131\u011f\u0131nda g\u00fcllerim gibi. Sana bir \u00e7akmak laz\u0131md\u0131, Onu da senin eline koz olarak vermedim. Kendim oldum sen olmaktan korktum. M\u00fcptelan de\u011filim art\u0131k, Sadece sessize ald\u0131m seni, Susmad\u0131m, k\u0131st\u0131m sesini hepsi bu. <\/p>\n","protected":false},"excerpt":{"rendered":"<p>\u0130nsana, insan olmay\u0131 \u00f6\u011fretmek beyhude bir \u00e7abad\u0131r. Ancak ve ancak biri do\u011farak biri de severek insan olmay\u0131 \u00f6\u011frenecektir. &#8230; Ve Ben sana susmad\u0131m, Sadece sesini k\u0131st\u0131m<span class=\"excerpt-hellip\"> [\u2026]<\/span><\/p>\n","protected":false},"featured_media":0,"template":"","meta":{"_monsterinsights_skip_tracking":false,"_monsterinsights_sitenote_active":false,"_monsterinsights_sitenote_note":"","_monsterinsights_sitenote_category":0},"product_brand":[],"product_cat":[12291,12509],"product_tag":[],"class_list":{"0":"post-761564","1":"product","2":"type-product","3":"status-publish","5":"product_cat-edebiyat","6":"product_cat-siir","7":"pa_cilt-ciltsiz","8":"pa_tur-kitap","9":"pa_yayinevi-efsun-yayincilik","10":"pa_yazar-gulay-ozdemir","12":"first","13":"instock","14":"sale","15":"shipping-taxable","16":"purchasable","17":"product-type-simple"},"_links":{"self":[{"href":"https:\/\/roveyayinevi.com.tr\/index.php\/wp-json\/wp\/v2\/product\/761564","targetHints":{"allow":["GET"]}}],"collection":[{"href":"https:\/\/roveyayinevi.com.tr\/index.php\/wp-json\/wp\/v2\/product"}],"about":[{"href":"https:\/\/roveyayinevi.com.tr\/index.php\/wp-json\/wp\/v2\/types\/product"}],"wp:attachment":[{"href":"https:\/\/roveyayinevi.com.tr\/index.php\/wp-json\/wp\/v2\/media?parent=761564"}],"wp:term":[{"taxonomy":"product_brand","embeddable":true,"href":"https:\/\/roveyayinevi.com.tr\/index.php\/wp-json\/wp\/v2\/product_brand?post=761564"},{"taxonomy":"product_cat","embeddable":true,"href":"https:\/\/roveyayinevi.com.tr\/index.php\/wp-json\/wp\/v2\/product_cat?post=761564"},{"taxonomy":"product_tag","embeddable":true,"href":"https:\/\/roveyayinevi.com.tr\/index.php\/wp-json\/wp\/v2\/product_tag?post=761564"}],"curies":[{"name":"wp","href":"https:\/\/api.w.org\/{rel}","templated":true}]}}