{"id":761561,"date":"2025-08-28T09:40:53","date_gmt":"2025-08-28T06:40:53","guid":{"rendered":"https:\/\/roveyayinevi.com.tr\/index.php\/urun\/carpe-diem\/"},"modified":"2026-04-16T03:14:54","modified_gmt":"2026-04-16T00:14:54","slug":"carpe-diem","status":"publish","type":"product","link":"https:\/\/roveyayinevi.com.tr\/index.php\/urun\/carpe-diem\/","title":{"rendered":"Carpe Diem"},"content":{"rendered":"<p>\u201cNe mutlu \u00e7abuk gidene d\u00fcnyadan, hele bu d\u00fcnyaya hi\u00e7 gelmeyene!\u201d   \u2013 \u00d6mer Hayyam   \u00d6mer Hayyam, t\u00fcm insanlar gibi ya\u015fad\u0131\u011f\u0131 k\u00fclt\u00fcr\u00fcn ge\u00e7mi\u015finden, i\u00e7inde bulundu\u011fu zamandan beslenmi\u015f ve gelecekteki beklentileri i\u00e7inde \u015fekillenmi\u015ftir. \u00d6mer\u2019in etkisi, \u00f6zellikle Bat\u0131\u2019da yeniden ke\u015ffinin sonras\u0131nda b\u00fct\u00fcn Bat\u0131 felsefesi (Immanuel Kant, Arthur Schopenhauer, Martin Heidegger, Ludwig Wittgenstein) ve edebiyat\u0131 (Oscar Wilde, Emily Dickinson, William Yeats, William Shakespeare) \u00fczerinde g\u00f6r\u00fcnmez derin bir etki olu\u015fturmu\u015f, filozof ve \u015fairlerin eserleri i\u00e7inde de kendi yerini ele gelmez \u015fekilde gizli gizli edinmi\u015ftir. Carpe Diem, \u00d6mer\u2019in \u00e7a\u011flar\u0131n \u00f6tesinden g\u00fcn\u00fcm\u00fcze uzanan etkisi ve zihin d\u00fcnyas\u0131 yans\u0131malar\u0131n\u0131 felsefe ve edebiyatta arama \u00e7abas\u0131d\u0131r.   Kitab\u0131 okurken \u00e7\u0131kaca\u011f\u0131n\u0131z zihinsel yolculukta Fars dini ve edebiyat\u0131 \u00fczerinden \u00d6mer\u2019i besleyen kadim kaynaklara (Fars felsefesi, Epik\u00fcr felsefesi) ula\u015facak, \u015fairlerin \u015fiirleri, ressamlar\u0131n resimleri, d\u00e2hilerin tiyatro eserleri ve filozoflar\u0131n c\u00fcmlelerinde \u00d6mer\u2019i gizli ve a\u00e7\u0131k \u015fekilde bulacak, ayn\u0131 zamanda \u00d6mer\u2019in g\u00fcn\u00fcm\u00fczde devam eden d\u00fc\u015f\u00fcnce d\u00fcnyas\u0131 ve zihni ile de sevgi dolu zamanlar\u0131 a\u015fan ama an\u0131 da yakalayan bir temas kuracaks\u0131n\u0131z. <\/p>\n","protected":false},"excerpt":{"rendered":"<p>\u201cNe mutlu \u00e7abuk gidene d\u00fcnyadan, hele bu d\u00fcnyaya hi\u00e7 gelmeyene!\u201d \u2013 \u00d6mer Hayyam \u00d6mer Hayyam, t\u00fcm insanlar gibi ya\u015fad\u0131\u011f\u0131 k\u00fclt\u00fcr\u00fcn ge\u00e7mi\u015finden, i\u00e7inde bulundu\u011fu zamandan beslenmi\u015f ve<span class=\"excerpt-hellip\"> [\u2026]<\/span><\/p>\n","protected":false},"featured_media":0,"template":"","meta":{"_monsterinsights_skip_tracking":false,"_monsterinsights_sitenote_active":false,"_monsterinsights_sitenote_note":"","_monsterinsights_sitenote_category":0},"product_brand":[],"product_cat":[12388],"product_tag":[],"class_list":{"0":"post-761561","1":"product","2":"type-product","3":"status-publish","5":"product_cat-felsefe","6":"pa_cilt-ciltsiz","7":"pa_tur-kitap","8":"pa_yayinevi-destek-yayinlari","9":"pa_yazar-sultan-tarlaci","11":"first","12":"instock","13":"sale","14":"shipping-taxable","15":"purchasable","16":"product-type-simple"},"_links":{"self":[{"href":"https:\/\/roveyayinevi.com.tr\/index.php\/wp-json\/wp\/v2\/product\/761561","targetHints":{"allow":["GET"]}}],"collection":[{"href":"https:\/\/roveyayinevi.com.tr\/index.php\/wp-json\/wp\/v2\/product"}],"about":[{"href":"https:\/\/roveyayinevi.com.tr\/index.php\/wp-json\/wp\/v2\/types\/product"}],"wp:attachment":[{"href":"https:\/\/roveyayinevi.com.tr\/index.php\/wp-json\/wp\/v2\/media?parent=761561"}],"wp:term":[{"taxonomy":"product_brand","embeddable":true,"href":"https:\/\/roveyayinevi.com.tr\/index.php\/wp-json\/wp\/v2\/product_brand?post=761561"},{"taxonomy":"product_cat","embeddable":true,"href":"https:\/\/roveyayinevi.com.tr\/index.php\/wp-json\/wp\/v2\/product_cat?post=761561"},{"taxonomy":"product_tag","embeddable":true,"href":"https:\/\/roveyayinevi.com.tr\/index.php\/wp-json\/wp\/v2\/product_tag?post=761561"}],"curies":[{"name":"wp","href":"https:\/\/api.w.org\/{rel}","templated":true}]}}