{"id":761560,"date":"2025-08-28T09:40:52","date_gmt":"2025-08-28T06:40:52","guid":{"rendered":"https:\/\/roveyayinevi.com.tr\/index.php\/urun\/icebakis\/"},"modified":"2026-04-16T03:14:54","modified_gmt":"2026-04-16T00:14:54","slug":"icebakis","status":"publish","type":"product","link":"https:\/\/roveyayinevi.com.tr\/index.php\/urun\/icebakis\/","title":{"rendered":"\u0130\u00e7ebak\u0131\u015f"},"content":{"rendered":"<p>\u201cTeredd\u00fct etmeyen, beklentisi olmayan bir zihin meditasyonun ta kendisidir. Yuvas\u0131na yani kayna\u011f\u0131na geri d\u00f6nm\u00fc\u015ft\u00fcr.\u201d \u2013 Gurudev Sri Sri Ravi Shankar   Meditasyon sakinli\u011fe, huzura ve s\u00fck\u00fbnete uzanan bir yolculuktur. Bu yolculu\u011fun hazinesini sadece kendi i\u00e7ine bakma cesareti olanlar g\u00f6rebilir. Bug\u00fcn\u00fcn d\u00fcnyas\u0131nda bu bir l\u00fcks de\u011fil, gerekliliktir. D\u00fcnyaca \u00fcnl\u00fc yoga, meditasyon ve mantra gurusu Swami Purnachaitanya, ger\u00e7ek bir meditasyon ustas\u0131 olan \u00f6\u011fretmeni Gurudev Sri Sri Ravi Shankar\u2019dan \u00f6\u011frendi\u011fi meditasyon tekniklerini anlat\u0131yor. \u0130ncelikle dokunmu\u015f bu kadim Hint bilgeli\u011fi ve teknikleriyle sizler de: \u2022 Zihninizin i\u015fleyi\u015fini ve onu y\u00f6netmeyi \u00f6\u011frenecek \u2022 Dayan\u0131kl\u0131l\u0131k kazanarak enerjinizi anda kalmaya odaklayacak \u2022 Stres, endi\u015fe ve zorluklarla ba\u015fa \u00e7\u0131kmada ustal\u0131k kazanacak \u2022 \u00d6zg\u00fcrl\u00fck ve tatmin duygunuzu g\u00fc\u00e7lendirecek \u2022 Meditasyonun ger\u00e7ek g\u00fcc\u00fcnden faydalanabileceksiniz. Bu kitap daha sa\u011fl\u0131kl\u0131, daha mutlu ve uyumlu bir ya\u015fam i\u00e7in ki\u015fisel rehberiniz olacak. <\/p>\n","protected":false},"excerpt":{"rendered":"<p>\u201cTeredd\u00fct etmeyen, beklentisi olmayan bir zihin meditasyonun ta kendisidir. Yuvas\u0131na yani kayna\u011f\u0131na geri d\u00f6nm\u00fc\u015ft\u00fcr.\u201d \u2013 Gurudev Sri Sri Ravi Shankar Meditasyon sakinli\u011fe, huzura ve s\u00fck\u00fbnete uzanan<span class=\"excerpt-hellip\"> [\u2026]<\/span><\/p>\n","protected":false},"featured_media":0,"template":"","meta":{"_monsterinsights_skip_tracking":false,"_monsterinsights_sitenote_active":false,"_monsterinsights_sitenote_note":"","_monsterinsights_sitenote_category":0},"product_brand":[],"product_cat":[13365,19822],"product_tag":[],"class_list":{"0":"post-761560","1":"product","2":"type-product","3":"status-publish","5":"product_cat-saglik","6":"product_cat-yoga-meditasyon","7":"pa_cilt-ciltsiz","8":"pa_tur-kitap","9":"pa_yayinevi-destek-yayinlari","10":"pa_yazar-swami-purnachaitanya","12":"first","13":"instock","14":"sale","15":"shipping-taxable","16":"purchasable","17":"product-type-simple"},"_links":{"self":[{"href":"https:\/\/roveyayinevi.com.tr\/index.php\/wp-json\/wp\/v2\/product\/761560","targetHints":{"allow":["GET"]}}],"collection":[{"href":"https:\/\/roveyayinevi.com.tr\/index.php\/wp-json\/wp\/v2\/product"}],"about":[{"href":"https:\/\/roveyayinevi.com.tr\/index.php\/wp-json\/wp\/v2\/types\/product"}],"wp:attachment":[{"href":"https:\/\/roveyayinevi.com.tr\/index.php\/wp-json\/wp\/v2\/media?parent=761560"}],"wp:term":[{"taxonomy":"product_brand","embeddable":true,"href":"https:\/\/roveyayinevi.com.tr\/index.php\/wp-json\/wp\/v2\/product_brand?post=761560"},{"taxonomy":"product_cat","embeddable":true,"href":"https:\/\/roveyayinevi.com.tr\/index.php\/wp-json\/wp\/v2\/product_cat?post=761560"},{"taxonomy":"product_tag","embeddable":true,"href":"https:\/\/roveyayinevi.com.tr\/index.php\/wp-json\/wp\/v2\/product_tag?post=761560"}],"curies":[{"name":"wp","href":"https:\/\/api.w.org\/{rel}","templated":true}]}}