{"id":761555,"date":"2025-08-28T09:40:41","date_gmt":"2025-08-28T06:40:41","guid":{"rendered":"https:\/\/roveyayinevi.com.tr\/index.php\/urun\/hayatinizin-matematigi-ve-kaderinizi-yoneten-sayilar\/"},"modified":"2026-04-08T03:23:20","modified_gmt":"2026-04-08T00:23:20","slug":"hayatinizin-matematigi-ve-kaderinizi-yoneten-sayilar","status":"publish","type":"product","link":"https:\/\/roveyayinevi.com.tr\/index.php\/urun\/hayatinizin-matematigi-ve-kaderinizi-yoneten-sayilar\/","title":{"rendered":"Hayat\u0131n\u0131z\u0131n Matemati\u011fi ve Kaderinizi Y\u00f6neten Say\u0131lar"},"content":{"rendered":"<p>\u201cMatematik, Tanr\u0131\u2019n\u0131n evreni yazd\u0131\u011f\u0131 dildir.\u201d Galileo Galilei   Her ismin kendine has bir matemati\u011fi vard\u0131r. Size o isimle hitap edilmeye ba\u015fland\u0131\u011f\u0131 andan itibaren \u00f6n\u00fcn\u00fczde bir kader yolu \u00e7izilir. \u00c7\u00fcnk\u00fc isminiz kaderinizi y\u00f6netir. Do\u011fum tarihiniz ise ruhsal haritan\u0131zd\u0131r; belli karakter \u00f6zellikleriniz ve yetenekleriniz ile hayat\u0131n\u0131z\u0131n ana ba\u015fl\u0131klar\u0131, do\u011fum tarihinizin rakamlar\u0131nda -pin kodlar\u0131nda- gizlidir. E\u011fer isminizin ve do\u011fum tarihinizin size ve kaderinize nas\u0131l yans\u0131d\u0131\u011f\u0131n\u0131 bilirseniz, i\u015fte o vakit hayat\u0131n\u0131z\u0131n direksiyonunu elinize alabilirsiniz.   Kevser Demet, Hayat\u0131n\u0131z\u0131n Matemati\u011fi ve Kaderinizi Y\u00f6neten Say\u0131lar ile isminiz ve do\u011fum tarihinizin s\u0131rlar\u0131na eri\u015ferek hayat\u0131n\u0131z\u0131n haritas\u0131n\u0131 \u00e7\u0131karman\u0131z i\u00e7in size rehberlik ediyor. <\/p>\n","protected":false},"excerpt":{"rendered":"<p>\u201cMatematik, Tanr\u0131\u2019n\u0131n evreni yazd\u0131\u011f\u0131 dildir.\u201d Galileo Galilei Her ismin kendine has bir matemati\u011fi vard\u0131r. Size o isimle hitap edilmeye ba\u015fland\u0131\u011f\u0131 andan itibaren \u00f6n\u00fcn\u00fczde bir kader yolu<span class=\"excerpt-hellip\"> [\u2026]<\/span><\/p>\n","protected":false},"featured_media":0,"template":"","meta":{"_monsterinsights_skip_tracking":false,"_monsterinsights_sitenote_active":false,"_monsterinsights_sitenote_note":"","_monsterinsights_sitenote_category":0},"product_brand":[],"product_cat":[12364,12376],"product_tag":[],"class_list":{"0":"post-761555","1":"product","2":"type-product","3":"status-publish","5":"product_cat-genel-konular","6":"product_cat-kisisel-gelisim","7":"pa_cilt-ciltsiz","8":"pa_tur-kitap","9":"pa_yayinevi-muptela-yayinevi","10":"pa_yazar-kevser-demet","12":"first","13":"instock","14":"sale","15":"shipping-taxable","16":"purchasable","17":"product-type-simple"},"_links":{"self":[{"href":"https:\/\/roveyayinevi.com.tr\/index.php\/wp-json\/wp\/v2\/product\/761555","targetHints":{"allow":["GET"]}}],"collection":[{"href":"https:\/\/roveyayinevi.com.tr\/index.php\/wp-json\/wp\/v2\/product"}],"about":[{"href":"https:\/\/roveyayinevi.com.tr\/index.php\/wp-json\/wp\/v2\/types\/product"}],"wp:attachment":[{"href":"https:\/\/roveyayinevi.com.tr\/index.php\/wp-json\/wp\/v2\/media?parent=761555"}],"wp:term":[{"taxonomy":"product_brand","embeddable":true,"href":"https:\/\/roveyayinevi.com.tr\/index.php\/wp-json\/wp\/v2\/product_brand?post=761555"},{"taxonomy":"product_cat","embeddable":true,"href":"https:\/\/roveyayinevi.com.tr\/index.php\/wp-json\/wp\/v2\/product_cat?post=761555"},{"taxonomy":"product_tag","embeddable":true,"href":"https:\/\/roveyayinevi.com.tr\/index.php\/wp-json\/wp\/v2\/product_tag?post=761555"}],"curies":[{"name":"wp","href":"https:\/\/api.w.org\/{rel}","templated":true}]}}