{"id":761548,"date":"2025-08-28T09:40:28","date_gmt":"2025-08-28T06:40:28","guid":{"rendered":"https:\/\/roveyayinevi.com.tr\/index.php\/urun\/melankolik-cinler-kilavuzu\/"},"modified":"2026-04-16T03:14:54","modified_gmt":"2026-04-16T00:14:54","slug":"melankolik-cinler-kilavuzu","status":"publish","type":"product","link":"https:\/\/roveyayinevi.com.tr\/index.php\/urun\/melankolik-cinler-kilavuzu\/","title":{"rendered":"Melankolik Cinler K\u0131lavuzu"},"content":{"rendered":"<p>Gen\u00e7 akademisyen Ada, bir g\u00fcn posta kutusunda gizemli bir mektup bulur. Mektuptan \u00e7\u0131kan eski bir Bo\u011faz haritas\u0131, onu Kuzguncuk\u2019taki metruk bir k\u00f6\u015fke y\u00f6nlendirecektir. Merak\u0131n\u0131 dizginleyemeyen Ada, bir zamanlar bir kad\u0131n k\u00fct\u00fcphanesi bar\u0131nd\u0131rd\u0131\u011f\u0131na inan\u0131lan bu tozpembe k\u00f6\u015fk\u00fcn tarihini e\u015feledik\u00e7e, kendisini insanlar\u0131n cinlere, cinlerin perilere, perilerin de ru\u0308yalara kar\u0131\u015ft\u0131\u011f\u0131 efsunlu bir hik\u00e2yenin i\u00e7inde bulur. Uzun koridorlar\u0131nda as\u0131rl\u0131k falc\u0131lar\u0131n hat\u0131ratlar\u0131n\u0131n, denizlerden \u00e7\u0131k\u0131p gelen ansiklopedilerin, kadim seyahatnamelerin, r\u00fcya ve b\u00fcy\u00fc kitaplar\u0131n\u0131n elden ele dola\u015ft\u0131\u011f\u0131, k\u00fcf kokan odalar\u0131nda egzotik ku\u015flar\u0131n u\u00e7u\u015ftu\u011fu Pembe K\u00f6\u015fk s\u0131rlar\u0131n\u0131 f\u0131s\u0131ldamaya ba\u015flam\u0131\u015ft\u0131r art\u0131k bir kere! Melankolik Cinler K\u0131lavuzu, garip tesadu\u0308flerin birbirini kovalad\u0131\u011f\u0131 masals\u0131 bir macera davetiyesi&#8230; \u201cHu\u0308lasaten, sevgili ve sab\u0131rl\u0131 okur, bu sayfalar i\u00e7inde denizli ormanl\u0131 koca bir du\u0308nyay\u0131 ke\u015ffedecek ve bu du\u0308nyan\u0131n i\u00e7inden bir daha asla \u00e7\u0131kmak istemeyeceksiniz.\u201d <\/p>\n","protected":false},"excerpt":{"rendered":"<p>Gen\u00e7 akademisyen Ada, bir g\u00fcn posta kutusunda gizemli bir mektup bulur. Mektuptan \u00e7\u0131kan eski bir Bo\u011faz haritas\u0131, onu Kuzguncuk\u2019taki metruk bir k\u00f6\u015fke y\u00f6nlendirecektir. Merak\u0131n\u0131 dizginleyemeyen Ada,<span class=\"excerpt-hellip\"> [\u2026]<\/span><\/p>\n","protected":false},"featured_media":0,"template":"","meta":{"_monsterinsights_skip_tracking":false,"_monsterinsights_sitenote_active":false,"_monsterinsights_sitenote_note":"","_monsterinsights_sitenote_category":0},"product_brand":[],"product_cat":[12291,14777],"product_tag":[],"class_list":{"0":"post-761548","1":"product","2":"type-product","3":"status-publish","5":"product_cat-edebiyat","6":"product_cat-fantastik","7":"pa_cilt-ciltsiz","8":"pa_tur-kitap","9":"pa_yayinevi-ithaki-yayinlari","10":"pa_yazar-defne-cizakca","12":"first","13":"instock","14":"sale","15":"shipping-taxable","16":"purchasable","17":"product-type-simple"},"_links":{"self":[{"href":"https:\/\/roveyayinevi.com.tr\/index.php\/wp-json\/wp\/v2\/product\/761548","targetHints":{"allow":["GET"]}}],"collection":[{"href":"https:\/\/roveyayinevi.com.tr\/index.php\/wp-json\/wp\/v2\/product"}],"about":[{"href":"https:\/\/roveyayinevi.com.tr\/index.php\/wp-json\/wp\/v2\/types\/product"}],"wp:attachment":[{"href":"https:\/\/roveyayinevi.com.tr\/index.php\/wp-json\/wp\/v2\/media?parent=761548"}],"wp:term":[{"taxonomy":"product_brand","embeddable":true,"href":"https:\/\/roveyayinevi.com.tr\/index.php\/wp-json\/wp\/v2\/product_brand?post=761548"},{"taxonomy":"product_cat","embeddable":true,"href":"https:\/\/roveyayinevi.com.tr\/index.php\/wp-json\/wp\/v2\/product_cat?post=761548"},{"taxonomy":"product_tag","embeddable":true,"href":"https:\/\/roveyayinevi.com.tr\/index.php\/wp-json\/wp\/v2\/product_tag?post=761548"}],"curies":[{"name":"wp","href":"https:\/\/api.w.org\/{rel}","templated":true}]}}