{"id":761506,"date":"2025-08-28T09:39:18","date_gmt":"2025-08-28T06:39:18","guid":{"rendered":"https:\/\/roveyayinevi.com.tr\/index.php\/urun\/mazosizm-uluslararasi-psikanaliz-yilligi-2023\/"},"modified":"2026-04-16T03:14:53","modified_gmt":"2026-04-16T00:14:53","slug":"mazosizm-uluslararasi-psikanaliz-yilligi-2023","status":"publish","type":"product","link":"https:\/\/roveyayinevi.com.tr\/index.php\/urun\/mazosizm-uluslararasi-psikanaliz-yilligi-2023\/","title":{"rendered":"Mazo\u015fizm &#8211; Uluslararas\u0131 Psikanaliz Y\u0131ll\u0131\u011f\u0131 2023"},"content":{"rendered":"<p>Uluslararas\u0131 Psikanaliz Y\u0131ll\u0131\u011f\u0131 2023 \u201cMazo\u015fizm\u201d ba\u015fl\u0131\u011f\u0131n\u0131 ta\u015f\u0131yor. Y\u0131ll\u0131\u011f\u0131n 15. say\u0131s\u0131, Freud\u2019dan g\u00fcn\u00fcm\u00fcze mazo\u015fizm kavram\u0131nda ortaya \u00e7\u0131kan kuramsal farkl\u0131l\u0131klar\u0131 ve bunlar\u0131n klini\u011fe yans\u0131malar\u0131na dair \u00e7a\u011fda\u015f makaleleri i\u00e7eriyor. Se\u00e7kide ayr\u0131ca tekrarlama ve \u00e7\u00f6k\u00fc\u015f kavramlar\u0131na dair bir Freud-Winnicott kar\u015f\u0131la\u015ft\u0131rmas\u0131, Vam\u0131k Volkan&#8217;\u0131n \u201cneden sava\u015f\u201d sorusuna b\u00fcy\u00fck grup psikolojisi odakl\u0131 yan\u0131t\u0131, Baranger\u2019lerin psikanalize katk\u0131lar\u0131, analistin bast\u0131r\u0131lmam\u0131\u015f bilin\u00e7d\u0131\u015f\u0131na yakla\u015fma u\u011fra\u015f\u0131n\u0131n birincil arac\u0131 olarak sezgi kavram\u0131 ve ebeveyn-bebek terapisinden esinlenen eri\u015fkin analizinde analistin metafor nitelikli i\u015flevine \u00fczerine metinler de yer al\u0131yor. Psikanaliz alan\u0131n\u0131n bug\u00fcn d\u00fcnya \u00e7ap\u0131nda en k\u00f6kl\u00fc ve en kapsaml\u0131 hakemli bilimsel dergisi olan The International Journal of Psychoanalysis (IJP) 1920\u2019de Sigmund Freud&#8217;un te\u015fvikiyle Ernest Jones taraf\u0131ndan kuruldu. IJP\u2019nin ge\u00e7mi\u015f bir y\u0131l i\u00e7inde \u00e7\u0131km\u0131\u015f makalelerinden derlenen Uluslararas\u0131 Psikanaliz Y\u0131ll\u0131\u011f\u0131 uluslararas\u0131 psikanaliz camias\u0131nda y\u00fcr\u00fct\u00fclen g\u00fcncel tart\u0131\u015fmalar\u0131, \u00e7a\u011fda\u015f klinik deneyimi, kuramsal ve teknik birikimi okurlara T\u00fcrk\u00e7e olarak ula\u015ft\u0131rmay\u0131 ama\u00e7l\u0131yor. Uluslararas\u0131 Psikanaliz Y\u0131ll\u0131\u011f\u0131, psikanalist Melis Tan\u0131k Sivri edit\u00f6rl\u00fc\u011f\u00fcnde, Psike \u0130stanbul \u00fcyesi psikanalistlerden olu\u015fan yay\u0131n kurulu taraf\u0131ndan haz\u0131rlan\u0131yor.<\/p>\n","protected":false},"excerpt":{"rendered":"<p>Uluslararas\u0131 Psikanaliz Y\u0131ll\u0131\u011f\u0131 2023 \u201cMazo\u015fizm\u201d ba\u015fl\u0131\u011f\u0131n\u0131 ta\u015f\u0131yor. Y\u0131ll\u0131\u011f\u0131n 15. say\u0131s\u0131, Freud\u2019dan g\u00fcn\u00fcm\u00fcze mazo\u015fizm kavram\u0131nda ortaya \u00e7\u0131kan kuramsal farkl\u0131l\u0131klar\u0131 ve bunlar\u0131n klini\u011fe yans\u0131malar\u0131na dair \u00e7a\u011fda\u015f makaleleri i\u00e7eriyor.<span class=\"excerpt-hellip\"> [\u2026]<\/span><\/p>\n","protected":false},"featured_media":0,"template":"","meta":{"_monsterinsights_skip_tracking":false,"_monsterinsights_sitenote_active":false,"_monsterinsights_sitenote_note":"","_monsterinsights_sitenote_category":0},"product_brand":[],"product_cat":[12357],"product_tag":[],"class_list":{"0":"post-761506","1":"product","2":"type-product","3":"status-publish","5":"product_cat-psikoloji","6":"pa_cilt-ciltsiz","7":"pa_tur-kitap","8":"pa_yayinevi-istanbul-bilgi-universitesi-yayinlari","9":"pa_yazar-kolektif","11":"first","12":"instock","13":"sale","14":"shipping-taxable","15":"purchasable","16":"product-type-simple"},"_links":{"self":[{"href":"https:\/\/roveyayinevi.com.tr\/index.php\/wp-json\/wp\/v2\/product\/761506","targetHints":{"allow":["GET"]}}],"collection":[{"href":"https:\/\/roveyayinevi.com.tr\/index.php\/wp-json\/wp\/v2\/product"}],"about":[{"href":"https:\/\/roveyayinevi.com.tr\/index.php\/wp-json\/wp\/v2\/types\/product"}],"wp:attachment":[{"href":"https:\/\/roveyayinevi.com.tr\/index.php\/wp-json\/wp\/v2\/media?parent=761506"}],"wp:term":[{"taxonomy":"product_brand","embeddable":true,"href":"https:\/\/roveyayinevi.com.tr\/index.php\/wp-json\/wp\/v2\/product_brand?post=761506"},{"taxonomy":"product_cat","embeddable":true,"href":"https:\/\/roveyayinevi.com.tr\/index.php\/wp-json\/wp\/v2\/product_cat?post=761506"},{"taxonomy":"product_tag","embeddable":true,"href":"https:\/\/roveyayinevi.com.tr\/index.php\/wp-json\/wp\/v2\/product_tag?post=761506"}],"curies":[{"name":"wp","href":"https:\/\/api.w.org\/{rel}","templated":true}]}}