{"id":761500,"date":"2025-08-28T09:39:11","date_gmt":"2025-08-28T06:39:11","guid":{"rendered":"https:\/\/roveyayinevi.com.tr\/index.php\/urun\/seksin-antropolojisi\/"},"modified":"2026-04-16T03:14:53","modified_gmt":"2026-04-16T00:14:53","slug":"seksin-antropolojisi","status":"publish","type":"product","link":"https:\/\/roveyayinevi.com.tr\/index.php\/urun\/seksin-antropolojisi\/","title":{"rendered":"Seksin Antropolojisi"},"content":{"rendered":"<p>Antropolojinin insani \u00e7e\u015fitlili\u011finin d\u00fc\u015f\u00fcn\u00fc\u015f, eylem ve hayatta kalma bi\u00e7imleri aras\u0131ndaki farkl\u0131l\u0131klarla birlikte de\u011fi\u015fkenli\u011fin ay\u0131rd\u0131na varma bak\u0131\u015f a\u00e7\u0131s\u0131yla hareket eden bu \u00e7al\u0131\u015fma farkl\u0131 k\u00fclt\u00fcrlerde, iki cinsiyetli beden alg\u0131s\u0131n\u0131 a\u015fan seks deneyimleri, duygular\u0131 ve anlamlar\u0131na dairdir. Seks bir biyolojik d\u00fcrt\u00fc olsa da farkl\u0131 yerlerdeki insanlar taraf\u0131ndan farkl\u0131 ya\u015fanmaktad\u0131r. Farkl\u0131 bi\u00e7imlerde yap\u0131ld\u0131\u011f\u0131 gibi buna dair duygular da yap\u0131ld\u0131\u011f\u0131 toplumsal ve k\u00fclt\u00fcrel ortama ba\u011fl\u0131 olarak de\u011fi\u015fir. Cinsel prati\u011fin bu deneyimsel y\u00f6n\u00fcn\u00fc vurgulamak i\u00e7in, \u00f6zellikle insanlar\u0131n kendilerinin seks hakk\u0131nda ne s\u00f6yledikleri ve yapt\u0131klar\u0131, onu nas\u0131l alg\u0131lad\u0131klar\u0131 ve yorumlad\u0131klar\u0131na bakmak ufuk a\u00e7\u0131c\u0131d\u0131r. K\u00fclt\u00fcr\u00fcn \u00f6nemli bir k\u0131sm\u0131, insan\u0131n biyo-k\u00fclt\u00fcrel yeniden \u00fcretiminin vazge\u00e7ilmez bir olgusu olan seksin denetlenmesi, bast\u0131r\u0131lmas\u0131, gizlenmesi \u00fczerine \u015fekillenmesine kar\u015f\u0131n, \u00f6te yandan t\u00fcm yasaklar\u0131n yerle bir edildi\u011fi bir aland\u0131r. Bu, insan cinselli\u011finin karakteristik olarak belirsiz ontolojik stat\u00fcs\u00fcyle ilgisi olabilir; \u00e7\u00fcnk\u00fc seks ne tam anlam\u0131yla biyolojik ne de tam anlam\u0131yla k\u00fclt\u00fcreldir ama g\u00f6r\u00fcn\u00fc\u015fe g\u00f6re ayn\u0131 anda her ikisidir. Seks toplumsal kimliklerin hem \u00fcretici hem de yeniden \u00fcreticisidir ve bu kimlik resmi ve gayr\u0131 resmi cinsel anla\u015fmalarla k\u0131s\u0131tlanmas\u0131na kar\u015f\u0131n, cinsel \u015fekillenmeleri saran pratiklerin ayn\u0131 anda nas\u0131l duygusal, toplumsal, siyasal ve psikolojik olabildi\u011fini, farkl\u0131 k\u00fclt\u00fcrlerden etnografik \u00f6rneklerden, ya da \u00f6tekilerden \u00f6\u011frenmeye davet eden bir \u00e7al\u0131\u015fma elinizdeki kitap&#8230; <\/p>\n","protected":false},"excerpt":{"rendered":"<p>Antropolojinin insani \u00e7e\u015fitlili\u011finin d\u00fc\u015f\u00fcn\u00fc\u015f, eylem ve hayatta kalma bi\u00e7imleri aras\u0131ndaki farkl\u0131l\u0131klarla birlikte de\u011fi\u015fkenli\u011fin ay\u0131rd\u0131na varma bak\u0131\u015f a\u00e7\u0131s\u0131yla hareket eden bu \u00e7al\u0131\u015fma farkl\u0131 k\u00fclt\u00fcrlerde, iki cinsiyetli beden<span class=\"excerpt-hellip\"> [\u2026]<\/span><\/p>\n","protected":false},"featured_media":0,"template":"","meta":{"_monsterinsights_skip_tracking":false,"_monsterinsights_sitenote_active":false,"_monsterinsights_sitenote_note":"","_monsterinsights_sitenote_category":0},"product_brand":[],"product_cat":[15499,13488],"product_tag":[],"class_list":{"0":"post-761500","1":"product","2":"type-product","3":"status-publish","5":"product_cat-antropoloji","6":"product_cat-toplum-ve-insan","7":"pa_cilt-ciltsiz","8":"pa_tur-kitap","9":"pa_yayinevi-dipnot-yayinlari","10":"pa_yazar-hastings-donnan-fiona-magowan","12":"first","13":"instock","14":"sale","15":"shipping-taxable","16":"purchasable","17":"product-type-simple"},"_links":{"self":[{"href":"https:\/\/roveyayinevi.com.tr\/index.php\/wp-json\/wp\/v2\/product\/761500","targetHints":{"allow":["GET"]}}],"collection":[{"href":"https:\/\/roveyayinevi.com.tr\/index.php\/wp-json\/wp\/v2\/product"}],"about":[{"href":"https:\/\/roveyayinevi.com.tr\/index.php\/wp-json\/wp\/v2\/types\/product"}],"wp:attachment":[{"href":"https:\/\/roveyayinevi.com.tr\/index.php\/wp-json\/wp\/v2\/media?parent=761500"}],"wp:term":[{"taxonomy":"product_brand","embeddable":true,"href":"https:\/\/roveyayinevi.com.tr\/index.php\/wp-json\/wp\/v2\/product_brand?post=761500"},{"taxonomy":"product_cat","embeddable":true,"href":"https:\/\/roveyayinevi.com.tr\/index.php\/wp-json\/wp\/v2\/product_cat?post=761500"},{"taxonomy":"product_tag","embeddable":true,"href":"https:\/\/roveyayinevi.com.tr\/index.php\/wp-json\/wp\/v2\/product_tag?post=761500"}],"curies":[{"name":"wp","href":"https:\/\/api.w.org\/{rel}","templated":true}]}}