{"id":761498,"date":"2025-08-28T09:39:08","date_gmt":"2025-08-28T06:39:08","guid":{"rendered":"https:\/\/roveyayinevi.com.tr\/index.php\/urun\/101-soruda-evrim\/"},"modified":"2026-04-16T03:14:53","modified_gmt":"2026-04-16T00:14:53","slug":"101-soruda-evrim","status":"publish","type":"product","link":"https:\/\/roveyayinevi.com.tr\/index.php\/urun\/101-soruda-evrim\/","title":{"rendered":"101 Soruda Evrim"},"content":{"rendered":"<p>Neden erkekler var? Baz\u0131 mikroskobik omurgas\u0131z hayvan gruplar\u0131nda evrim s\u00fcreci i\u00e7inde erkekler tasfiye edildi. \u0130nsan\u0131n evrimi de b\u00f6yle bir yol izleyebilir mi? Neden ya\u015flan\u0131yor ve \u00f6l\u00fcyoruz? Ya\u015flanma e\u011fer \u00fcreme etkinli\u011fini azalt\u0131yorsa evrim s\u00fcrecinde neden ya\u015flanmadan daha iyi bir \u00e7\u00f6z\u00fcm ortaya \u00e7\u0131kmad\u0131? Yoksa ya\u015flanma ve \u00f6l\u00fcm birer adaptasyon mu? Evrim teorisi ile yarat\u0131l\u0131\u015f inanc\u0131 aras\u0131nda neden bir \u00e7at\u0131\u015fma var? Dindar kesim ile sek\u00fcler kesimin bu konuda uzla\u015fmas\u0131 m\u00fcmk\u00fcn m\u00fc? Epigenetik evrim teorisinde devrim yaratacak m\u0131? \u0130stisnalar d\u0131\u015f\u0131nda, bir organizman\u0131n b\u00fct\u00fcn h\u00fccreleri ayn\u0131 genlere sahiptir. Peki ama neden farkl\u0131 h\u00fccre tipleri var? \u0130ki milyon y\u0131l sonra insanlar neye benzeyecek? \u0130nsanlar sanal \u00e2lemi daha \u00e7ekici bulup biyolojik bedenlerini ve beyinlerini terk mi edecekler? Thomas Junker, bu ve buna benzer sorular\u0131 yan\u0131tlarken anla\u015f\u0131l\u0131r ve bilgiye dayal\u0131 bir dil kullan\u0131yor, evrim ger\u00e7e\u011fini ve ilgili bilimsel ara\u015ft\u0131rmalar\u0131 bize h\u0131zl\u0131 ve kapsaml\u0131 bir \u015fekilde tan\u0131tmay\u0131 ama\u00e7l\u0131yor. <\/p>\n","protected":false},"excerpt":{"rendered":"<p>Neden erkekler var? Baz\u0131 mikroskobik omurgas\u0131z hayvan gruplar\u0131nda evrim s\u00fcreci i\u00e7inde erkekler tasfiye edildi. \u0130nsan\u0131n evrimi de b\u00f6yle bir yol izleyebilir mi? Neden ya\u015flan\u0131yor ve \u00f6l\u00fcyoruz?<span class=\"excerpt-hellip\"> [\u2026]<\/span><\/p>\n","protected":false},"featured_media":0,"template":"","meta":{"_monsterinsights_skip_tracking":false,"_monsterinsights_sitenote_active":false,"_monsterinsights_sitenote_note":"","_monsterinsights_sitenote_category":0},"product_brand":[],"product_cat":[13005],"product_tag":[],"class_list":{"0":"post-761498","1":"product","2":"type-product","3":"status-publish","5":"product_cat-bilim-muhendislik","6":"pa_cilt-ciltsiz","7":"pa_tur-kitap","8":"pa_yayinevi-say-yayinlari","9":"pa_yazar-thomas-junker","11":"first","12":"instock","13":"sale","14":"shipping-taxable","15":"purchasable","16":"product-type-simple"},"_links":{"self":[{"href":"https:\/\/roveyayinevi.com.tr\/index.php\/wp-json\/wp\/v2\/product\/761498","targetHints":{"allow":["GET"]}}],"collection":[{"href":"https:\/\/roveyayinevi.com.tr\/index.php\/wp-json\/wp\/v2\/product"}],"about":[{"href":"https:\/\/roveyayinevi.com.tr\/index.php\/wp-json\/wp\/v2\/types\/product"}],"wp:attachment":[{"href":"https:\/\/roveyayinevi.com.tr\/index.php\/wp-json\/wp\/v2\/media?parent=761498"}],"wp:term":[{"taxonomy":"product_brand","embeddable":true,"href":"https:\/\/roveyayinevi.com.tr\/index.php\/wp-json\/wp\/v2\/product_brand?post=761498"},{"taxonomy":"product_cat","embeddable":true,"href":"https:\/\/roveyayinevi.com.tr\/index.php\/wp-json\/wp\/v2\/product_cat?post=761498"},{"taxonomy":"product_tag","embeddable":true,"href":"https:\/\/roveyayinevi.com.tr\/index.php\/wp-json\/wp\/v2\/product_tag?post=761498"}],"curies":[{"name":"wp","href":"https:\/\/api.w.org\/{rel}","templated":true}]}}