{"id":761473,"date":"2025-08-28T09:38:25","date_gmt":"2025-08-28T06:38:25","guid":{"rendered":"https:\/\/roveyayinevi.com.tr\/index.php\/urun\/dijital-vatandaslik-nedir\/"},"modified":"2026-04-16T03:14:52","modified_gmt":"2026-04-16T00:14:52","slug":"dijital-vatandaslik-nedir","status":"publish","type":"product","link":"https:\/\/roveyayinevi.com.tr\/index.php\/urun\/dijital-vatandaslik-nedir\/","title":{"rendered":"Dijital Vatanda\u015fl\u0131k Nedir?"},"content":{"rendered":"<p>\u00c7a\u011f\u0131m\u0131zda yeti\u015fkinler, teknolojinin \u00e7e\u015fitli t\u00fcrlerini \u00e7ok kolayl\u0131kla kulland\u0131klar\u0131 i\u00e7in gen\u00e7lere \u201cdijital yerli\u201d demektedir. Dijital k\u00fclt\u00fcr\u00fcn i\u00e7inde var olan ve internete eri\u015febilen gen\u00e7ler, her ne kadar internet teknolojisini kullanmak i\u00e7in rehberli\u011fe ihtiya\u00e7 duymuyorsa da, bir siber d\u00fcnya gezgini \u00f6zelli\u011fi olan dijital okuryazarl\u0131k becerisi edinmelerinde yol g\u00f6sterilmeye gereksinim duyabilirler. Gen\u00e7 dijital d\u00fcnya kullan\u0131c\u0131lar\u0131, dijital k\u00fclt\u00fcrleri, s\u00fcrekli de\u011fi\u015fen teknolojilerle sunulan bilginin i\u00e7eri\u011fini ve bu bilginin aktar\u0131c\u0131s\u0131n\u0131n ticari kayg\u0131lar\u0131n\u0131 anlayabilmelidir. Gen\u00e7lerin bu \u00e7a\u011fda medyalararas\u0131 bilgi a\u011f\u0131n\u0131n i\u00e7inde ele\u015ftirel d\u00fc\u015f\u00fcnmesi, bilgiyi de\u011ferlendirebilmesi, ileti\u015fim kurmas\u0131, g\u00fcvende olmas\u0131 ve dijital vatanda\u015fl\u0131k de\u011ferlerini edinmesi \u00f6nemlidir. Medya okuryazar\u0131 olman\u0131n \u00f6z\u00fcnde dijital vatanda\u015f olmak vard\u0131r. <\/p>\n","protected":false},"excerpt":{"rendered":"<p>\u00c7a\u011f\u0131m\u0131zda yeti\u015fkinler, teknolojinin \u00e7e\u015fitli t\u00fcrlerini \u00e7ok kolayl\u0131kla kulland\u0131klar\u0131 i\u00e7in gen\u00e7lere \u201cdijital yerli\u201d demektedir. Dijital k\u00fclt\u00fcr\u00fcn i\u00e7inde var olan ve internete eri\u015febilen gen\u00e7ler, her ne kadar internet<span class=\"excerpt-hellip\"> [\u2026]<\/span><\/p>\n","protected":false},"featured_media":0,"template":"","meta":{"_monsterinsights_skip_tracking":false,"_monsterinsights_sitenote_active":false,"_monsterinsights_sitenote_note":"","_monsterinsights_sitenote_category":0},"product_brand":[],"product_cat":[15983,13488],"product_tag":[],"class_list":{"0":"post-761473","1":"product","2":"type-product","3":"status-publish","5":"product_cat-iletisim-ve-medya","6":"product_cat-toplum-ve-insan","7":"pa_cilt-ciltsiz","8":"pa_tur-kitap","9":"pa_yayinevi-cikolata-yayinevi","10":"pa_yazar-meltem-erincmen-kanoglu","12":"first","13":"instock","14":"sale","15":"shipping-taxable","16":"purchasable","17":"product-type-simple"},"_links":{"self":[{"href":"https:\/\/roveyayinevi.com.tr\/index.php\/wp-json\/wp\/v2\/product\/761473","targetHints":{"allow":["GET"]}}],"collection":[{"href":"https:\/\/roveyayinevi.com.tr\/index.php\/wp-json\/wp\/v2\/product"}],"about":[{"href":"https:\/\/roveyayinevi.com.tr\/index.php\/wp-json\/wp\/v2\/types\/product"}],"wp:attachment":[{"href":"https:\/\/roveyayinevi.com.tr\/index.php\/wp-json\/wp\/v2\/media?parent=761473"}],"wp:term":[{"taxonomy":"product_brand","embeddable":true,"href":"https:\/\/roveyayinevi.com.tr\/index.php\/wp-json\/wp\/v2\/product_brand?post=761473"},{"taxonomy":"product_cat","embeddable":true,"href":"https:\/\/roveyayinevi.com.tr\/index.php\/wp-json\/wp\/v2\/product_cat?post=761473"},{"taxonomy":"product_tag","embeddable":true,"href":"https:\/\/roveyayinevi.com.tr\/index.php\/wp-json\/wp\/v2\/product_tag?post=761473"}],"curies":[{"name":"wp","href":"https:\/\/api.w.org\/{rel}","templated":true}]}}