{"id":761467,"date":"2025-08-28T09:38:15","date_gmt":"2025-08-28T06:38:15","guid":{"rendered":"https:\/\/roveyayinevi.com.tr\/index.php\/urun\/etkilesimli-boyama-kitabi\/"},"modified":"2026-04-16T03:14:52","modified_gmt":"2026-04-16T00:14:52","slug":"etkilesimli-boyama-kitabi","status":"publish","type":"product","link":"https:\/\/roveyayinevi.com.tr\/index.php\/urun\/etkilesimli-boyama-kitabi\/","title":{"rendered":"Etkile\u015fimli Boyama Kitab\u0131"},"content":{"rendered":"<p>Etkile\u015fimli Boyama Kitab\u0131 \u00e7ocuklar\u0131n\u0131z\u0131n; g\u00f6rsel d\u00fc\u015f\u00fcnebilmesine,  ili\u015fkisel d\u00fc\u015f\u00fcnebilmesine, dikkat ve alg\u0131s\u0131n\u0131n artmas\u0131na, renkleri kavramas\u0131na, \u00f6zneler ve nesneler aras\u0131nda ba\u011f kurmas\u0131na, soru ve yan\u0131tlara odaklanmas\u0131na, i\u015f tamamlayabilmesine, k\u00fc\u00e7\u00fck kas geli\u015fiminin artmas\u0131na, sanata ilgisinin uyanmas\u0131na katk\u0131 sa\u011flayacakt\u0131r.<\/p>\n","protected":false},"excerpt":{"rendered":"<p>Etkile\u015fimli Boyama Kitab\u0131 \u00e7ocuklar\u0131n\u0131z\u0131n; g\u00f6rsel d\u00fc\u015f\u00fcnebilmesine, ili\u015fkisel d\u00fc\u015f\u00fcnebilmesine, dikkat ve alg\u0131s\u0131n\u0131n artmas\u0131na, renkleri kavramas\u0131na, \u00f6zneler ve nesneler aras\u0131nda ba\u011f kurmas\u0131na, soru ve yan\u0131tlara odaklanmas\u0131na, i\u015f tamamlayabilmesine,<span class=\"excerpt-hellip\"> [\u2026]<\/span><\/p>\n","protected":false},"featured_media":0,"template":"","meta":{"_monsterinsights_skip_tracking":false,"_monsterinsights_sitenote_active":false,"_monsterinsights_sitenote_note":"","_monsterinsights_sitenote_category":0},"product_brand":[],"product_cat":[12644,12274],"product_tag":[],"class_list":{"0":"post-761467","1":"product","2":"type-product","3":"status-publish","5":"product_cat-boyama-kitaplari","6":"product_cat-cocuk-ve-genclik-kitaplari","7":"pa_cilt-ciltsiz","8":"pa_tur-kitap","9":"pa_yayinevi-cikolata-yayinevi","10":"pa_yazar-sunguralp-solpan","12":"first","13":"instock","14":"sale","15":"shipping-taxable","16":"purchasable","17":"product-type-simple"},"_links":{"self":[{"href":"https:\/\/roveyayinevi.com.tr\/index.php\/wp-json\/wp\/v2\/product\/761467","targetHints":{"allow":["GET"]}}],"collection":[{"href":"https:\/\/roveyayinevi.com.tr\/index.php\/wp-json\/wp\/v2\/product"}],"about":[{"href":"https:\/\/roveyayinevi.com.tr\/index.php\/wp-json\/wp\/v2\/types\/product"}],"wp:attachment":[{"href":"https:\/\/roveyayinevi.com.tr\/index.php\/wp-json\/wp\/v2\/media?parent=761467"}],"wp:term":[{"taxonomy":"product_brand","embeddable":true,"href":"https:\/\/roveyayinevi.com.tr\/index.php\/wp-json\/wp\/v2\/product_brand?post=761467"},{"taxonomy":"product_cat","embeddable":true,"href":"https:\/\/roveyayinevi.com.tr\/index.php\/wp-json\/wp\/v2\/product_cat?post=761467"},{"taxonomy":"product_tag","embeddable":true,"href":"https:\/\/roveyayinevi.com.tr\/index.php\/wp-json\/wp\/v2\/product_tag?post=761467"}],"curies":[{"name":"wp","href":"https:\/\/api.w.org\/{rel}","templated":true}]}}