{"id":761455,"date":"2025-08-28T09:37:54","date_gmt":"2025-08-28T06:37:54","guid":{"rendered":"https:\/\/roveyayinevi.com.tr\/index.php\/urun\/tumburluplar-aburlupcuburlup\/"},"modified":"2026-04-16T03:14:51","modified_gmt":"2026-04-16T00:14:51","slug":"tumburluplar-aburlupcuburlup","status":"publish","type":"product","link":"https:\/\/roveyayinevi.com.tr\/index.php\/urun\/tumburluplar-aburlupcuburlup\/","title":{"rendered":"Tumburluplar &#8211; Aburlupcuburlup"},"content":{"rendered":"<p>Ailelerin y\u00fczle\u015fmek zorunda kald\u0131\u011f\u0131 ve okul \u00e7a\u011f\u0131ndaki \u00e7ocuklar\u0131n b\u00fcy\u00fck bir sorunu olarak kar\u015f\u0131m\u0131za \u00e7\u0131kan sa\u011fl\u0131ks\u0131z beslenme ya da di\u011fer bir deyi\u015fle abur cubur g\u0131dalar Tumburluplar &#8211;  Aburlup Cuburlup kitab\u0131nda kar\u015f\u0131m\u0131za \u00e7\u0131k\u0131yor. Sevimli Tumburlup kahramanlar\u0131m\u0131z, Tutu teyzelerinin rehberli\u011finde, sa\u011fl\u0131kl\u0131 ve dengeli beslenmeyi ve bunun okul ba\u015far\u0131lar\u0131n\u0131 nas\u0131l etkileyebilece\u011fini \u00f6\u011freniyorlar.<\/p>\n","protected":false},"excerpt":{"rendered":"<p>Ailelerin y\u00fczle\u015fmek zorunda kald\u0131\u011f\u0131 ve okul \u00e7a\u011f\u0131ndaki \u00e7ocuklar\u0131n b\u00fcy\u00fck bir sorunu olarak kar\u015f\u0131m\u0131za \u00e7\u0131kan sa\u011fl\u0131ks\u0131z beslenme ya da di\u011fer bir deyi\u015fle abur cubur g\u0131dalar Tumburluplar &#8211;<span class=\"excerpt-hellip\"> [\u2026]<\/span><\/p>\n","protected":false},"featured_media":0,"template":"","meta":{"_monsterinsights_skip_tracking":false,"_monsterinsights_sitenote_active":false,"_monsterinsights_sitenote_note":"","_monsterinsights_sitenote_category":0},"product_brand":[],"product_cat":[12275,12274],"product_tag":[],"class_list":{"0":"post-761455","1":"product","2":"type-product","3":"status-publish","5":"product_cat-6-12-yas-kitaplari","6":"product_cat-cocuk-ve-genclik-kitaplari","7":"pa_cilt-ciltsiz","8":"pa_tur-kitap","9":"pa_yayinevi-cikolata-yayinevi","10":"pa_yazar-meltem-erincmen-kanoglu","12":"first","13":"instock","14":"sale","15":"shipping-taxable","16":"purchasable","17":"product-type-simple"},"_links":{"self":[{"href":"https:\/\/roveyayinevi.com.tr\/index.php\/wp-json\/wp\/v2\/product\/761455","targetHints":{"allow":["GET"]}}],"collection":[{"href":"https:\/\/roveyayinevi.com.tr\/index.php\/wp-json\/wp\/v2\/product"}],"about":[{"href":"https:\/\/roveyayinevi.com.tr\/index.php\/wp-json\/wp\/v2\/types\/product"}],"wp:attachment":[{"href":"https:\/\/roveyayinevi.com.tr\/index.php\/wp-json\/wp\/v2\/media?parent=761455"}],"wp:term":[{"taxonomy":"product_brand","embeddable":true,"href":"https:\/\/roveyayinevi.com.tr\/index.php\/wp-json\/wp\/v2\/product_brand?post=761455"},{"taxonomy":"product_cat","embeddable":true,"href":"https:\/\/roveyayinevi.com.tr\/index.php\/wp-json\/wp\/v2\/product_cat?post=761455"},{"taxonomy":"product_tag","embeddable":true,"href":"https:\/\/roveyayinevi.com.tr\/index.php\/wp-json\/wp\/v2\/product_tag?post=761455"}],"curies":[{"name":"wp","href":"https:\/\/api.w.org\/{rel}","templated":true}]}}