{"id":761422,"date":"2025-08-28T09:36:45","date_gmt":"2025-08-28T06:36:45","guid":{"rendered":"https:\/\/roveyayinevi.com.tr\/index.php\/urun\/buyukanne-vertigo-m-bir-karinca-meselesi\/"},"modified":"2026-04-11T14:29:41","modified_gmt":"2026-04-11T11:29:41","slug":"buyukanne-vertigo-m-bir-karinca-meselesi","status":"publish","type":"product","link":"https:\/\/roveyayinevi.com.tr\/index.php\/urun\/buyukanne-vertigo-m-bir-karinca-meselesi\/","title":{"rendered":"B\u00fcy\u00fckanne Vertigo M. &#8211; Bir Kar\u0131nca Meselesi"},"content":{"rendered":"<p>B\u00fcy\u00fckAnne Vertigo M. \u00d6yle s\u0131radan biri de\u011fildir. \u00c7\u00f6z\u00fcm\u00fc olmayan sorun olmad\u0131\u011f\u0131na inan\u0131r. Kar\u0131ncalarda bunu bildi\u011finden denizin alt\u0131ndaki evlerini tamir etmesi i\u00e7in ondan yard\u0131m isterler..Veee Sonraaaa&#8230;<\/p>\n","protected":false},"excerpt":{"rendered":"<p>B\u00fcy\u00fckAnne Vertigo M. \u00d6yle s\u0131radan biri de\u011fildir. \u00c7\u00f6z\u00fcm\u00fc olmayan sorun olmad\u0131\u011f\u0131na inan\u0131r. Kar\u0131ncalarda bunu bildi\u011finden denizin alt\u0131ndaki evlerini tamir etmesi i\u00e7in ondan yard\u0131m isterler..Veee Sonraaaa&#8230;<\/p>\n","protected":false},"featured_media":0,"template":"","meta":{"_monsterinsights_skip_tracking":false,"_monsterinsights_sitenote_active":false,"_monsterinsights_sitenote_note":"","_monsterinsights_sitenote_category":0},"product_brand":[],"product_cat":[12274,12284],"product_tag":[],"class_list":{"0":"post-761422","1":"product","2":"type-product","3":"status-publish","5":"product_cat-cocuk-ve-genclik-kitaplari","6":"product_cat-hikayeler","7":"pa_cilt-ciltsiz","8":"pa_tur-kitap","9":"pa_yayinevi-cikolata-yayinevi","10":"pa_yazar-meltem-erincmen-kanoglu","12":"first","13":"instock","14":"sale","15":"shipping-taxable","16":"purchasable","17":"product-type-simple"},"_links":{"self":[{"href":"https:\/\/roveyayinevi.com.tr\/index.php\/wp-json\/wp\/v2\/product\/761422","targetHints":{"allow":["GET"]}}],"collection":[{"href":"https:\/\/roveyayinevi.com.tr\/index.php\/wp-json\/wp\/v2\/product"}],"about":[{"href":"https:\/\/roveyayinevi.com.tr\/index.php\/wp-json\/wp\/v2\/types\/product"}],"wp:attachment":[{"href":"https:\/\/roveyayinevi.com.tr\/index.php\/wp-json\/wp\/v2\/media?parent=761422"}],"wp:term":[{"taxonomy":"product_brand","embeddable":true,"href":"https:\/\/roveyayinevi.com.tr\/index.php\/wp-json\/wp\/v2\/product_brand?post=761422"},{"taxonomy":"product_cat","embeddable":true,"href":"https:\/\/roveyayinevi.com.tr\/index.php\/wp-json\/wp\/v2\/product_cat?post=761422"},{"taxonomy":"product_tag","embeddable":true,"href":"https:\/\/roveyayinevi.com.tr\/index.php\/wp-json\/wp\/v2\/product_tag?post=761422"}],"curies":[{"name":"wp","href":"https:\/\/api.w.org\/{rel}","templated":true}]}}