{"id":761421,"date":"2025-08-28T09:36:43","date_gmt":"2025-08-28T06:36:43","guid":{"rendered":"https:\/\/roveyayinevi.com.tr\/index.php\/urun\/matematik-canavarlarindan-matematik-canavarlarina-1\/"},"modified":"2026-04-16T03:14:50","modified_gmt":"2026-04-16T00:14:50","slug":"matematik-canavarlarindan-matematik-canavarlarina-1","status":"publish","type":"product","link":"https:\/\/roveyayinevi.com.tr\/index.php\/urun\/matematik-canavarlarindan-matematik-canavarlarina-1\/","title":{"rendered":"Matematik Canavarlar\u0131ndan &#8211; Matematik Canavarlar\u0131na 1"},"content":{"rendered":"<p>Matematik Canavarlar\u0131ndan Matematik Canavarlar\u0131na &#8211; 1, 5-7 ya\u015flar\u0131ndaki okurlara mant\u0131ksal d\u00fc\u015f\u00fcnme, analitik d\u00fc\u015f\u00fcnme, g\u00f6rsel d\u00fc\u015f\u00fcnme, ili\u015fkisel d\u00fc\u015f\u00fcnme, dikkat ve alg\u0131 becerilerini geli\u015ftirmelerini ama\u00e7lar. Kitap okurun s\u0131n\u0131fland\u0131rma, e\u015fle\u015ftirme, ay\u0131rma, k\u0131yaslama, gruplama, k\u00fcmeleme kavramlar\u0131yla tan\u0131\u015fmas\u0131n\u0131 sa\u011flar. Renkli ve \u015fekillerle dolu tasar\u0131m\u0131yla \u00e7ocuklara matematikle tan\u0131\u015fmalar\u0131n\u0131 e\u011flenceli k\u0131lar.<\/p>\n","protected":false},"excerpt":{"rendered":"<p>Matematik Canavarlar\u0131ndan Matematik Canavarlar\u0131na &#8211; 1, 5-7 ya\u015flar\u0131ndaki okurlara mant\u0131ksal d\u00fc\u015f\u00fcnme, analitik d\u00fc\u015f\u00fcnme, g\u00f6rsel d\u00fc\u015f\u00fcnme, ili\u015fkisel d\u00fc\u015f\u00fcnme, dikkat ve alg\u0131 becerilerini geli\u015ftirmelerini ama\u00e7lar. Kitap okurun s\u0131n\u0131fland\u0131rma,<span class=\"excerpt-hellip\"> [\u2026]<\/span><\/p>\n","protected":false},"featured_media":0,"template":"","meta":{"_monsterinsights_skip_tracking":false,"_monsterinsights_sitenote_active":false,"_monsterinsights_sitenote_note":"","_monsterinsights_sitenote_category":0},"product_brand":[],"product_cat":[12274,15842],"product_tag":[],"class_list":{"0":"post-761421","1":"product","2":"type-product","3":"status-publish","5":"product_cat-cocuk-ve-genclik-kitaplari","6":"product_cat-egitici-kitaplar","7":"pa_cilt-ciltsiz","8":"pa_tur-kitap","9":"pa_yayinevi-cikolata-yayinevi","10":"pa_yazar-meltem-erincmen-kanoglu-sunguralp-solpan","12":"first","13":"instock","14":"sale","15":"shipping-taxable","16":"purchasable","17":"product-type-simple"},"_links":{"self":[{"href":"https:\/\/roveyayinevi.com.tr\/index.php\/wp-json\/wp\/v2\/product\/761421","targetHints":{"allow":["GET"]}}],"collection":[{"href":"https:\/\/roveyayinevi.com.tr\/index.php\/wp-json\/wp\/v2\/product"}],"about":[{"href":"https:\/\/roveyayinevi.com.tr\/index.php\/wp-json\/wp\/v2\/types\/product"}],"wp:attachment":[{"href":"https:\/\/roveyayinevi.com.tr\/index.php\/wp-json\/wp\/v2\/media?parent=761421"}],"wp:term":[{"taxonomy":"product_brand","embeddable":true,"href":"https:\/\/roveyayinevi.com.tr\/index.php\/wp-json\/wp\/v2\/product_brand?post=761421"},{"taxonomy":"product_cat","embeddable":true,"href":"https:\/\/roveyayinevi.com.tr\/index.php\/wp-json\/wp\/v2\/product_cat?post=761421"},{"taxonomy":"product_tag","embeddable":true,"href":"https:\/\/roveyayinevi.com.tr\/index.php\/wp-json\/wp\/v2\/product_tag?post=761421"}],"curies":[{"name":"wp","href":"https:\/\/api.w.org\/{rel}","templated":true}]}}