{"id":761416,"date":"2025-08-28T09:36:34","date_gmt":"2025-08-28T06:36:34","guid":{"rendered":"https:\/\/roveyayinevi.com.tr\/index.php\/urun\/keske-leyla\/"},"modified":"2026-04-02T03:26:23","modified_gmt":"2026-04-02T00:26:23","slug":"keske-leyla","status":"publish","type":"product","link":"https:\/\/roveyayinevi.com.tr\/index.php\/urun\/keske-leyla\/","title":{"rendered":"Ke\u015fke Leyla"},"content":{"rendered":"<p>Buraya kadar gelmeyi ba\u015fard\u0131n. Her \u015fey yolunda.   \u201cG\u00f6zlerimi kap\u0131yorum. Annemi getiriyorum g\u00f6z\u00fcm\u00fcn \u00f6n\u00fcne. \u00dczerinde Ela\u2019ya hamileyken giydi\u011fi \u00e7i\u00e7ekli elbise var. Sa\u00e7lar\u0131 da uzun \u00fcstelik. Dalgalar\u0131n\u0131n i\u00e7ine elimi sokuyorum, bana bak\u0131p g\u00fcl\u00fcms\u00fcyor. \u00d6yle g\u00fczel ki g\u00fcl\u00fcmsemesi sanki d\u00fcnyadaki b\u00fct\u00fcn k\u00f6t\u00fcl\u00fckler siliniyor. Kafam\u0131 kuca\u011f\u0131na koyuyorum. Annemin bir eli benim s\u0131rt\u0131mda, \u00f6b\u00fcr eliyle de ba\u015f\u0131m\u0131 ok\u015fuyor yava\u015f\u00e7a. Kalbimin ac\u0131s\u0131 azal\u0131yor biraz. \u00c7ok g\u00fczel bir uykunun ba\u015f\u0131nday\u0131m. Sa\u00e7\u0131mda bir el daha hissediyorum. G\u00f6z\u00fcm\u00fc a\u00e7\u0131yorum. Kuca\u011f\u0131nday\u0131m. Ama annemin de\u011fil, Leyla\u2019n\u0131n. Sa\u00e7lar\u0131m\u0131 ok\u015fuyor. Ba\u015f\u0131m\u0131 kald\u0131r\u0131yorum, g\u00fcl\u00fcms\u00fcyor bana. Kalbim \u00e7ok h\u0131zl\u0131 atmaya ba\u015fl\u0131yor. Korkuyorum. Ne sevmek istiyorum onu ne de ondan nefret etmek. Sadece annemi bulmak istiyorum.\u201d   Ece Gamze At\u0131c\u0131, kaybolmamak i\u00e7in hayal d\u00fcnyas\u0131na s\u0131\u011f\u0131nan, \u00f6lmekten \u00e7ok hayatta kalmaktan korkan, ya\u015fam\u0131 anlamaya \u00e7al\u0131\u015fan hassas bir \u00e7ocu\u011fun en saf duygular\u0131na terc\u00fcman oluyor.   Ke\u015fke Leyla, \u00e7ocuk kalbiyle yeti\u015fkinlere yaz\u0131lm\u0131\u015f bir b\u00fcy\u00fcme hik\u00e2yesi\u2026 <\/p>\n","protected":false},"excerpt":{"rendered":"<p>Buraya kadar gelmeyi ba\u015fard\u0131n. Her \u015fey yolunda. \u201cG\u00f6zlerimi kap\u0131yorum. Annemi getiriyorum g\u00f6z\u00fcm\u00fcn \u00f6n\u00fcne. \u00dczerinde Ela\u2019ya hamileyken giydi\u011fi \u00e7i\u00e7ekli elbise var. Sa\u00e7lar\u0131 da uzun \u00fcstelik. Dalgalar\u0131n\u0131n i\u00e7ine<span class=\"excerpt-hellip\"> [\u2026]<\/span><\/p>\n","protected":false},"featured_media":0,"template":"","meta":{"_monsterinsights_skip_tracking":false,"_monsterinsights_sitenote_active":false,"_monsterinsights_sitenote_note":"","_monsterinsights_sitenote_category":0},"product_brand":[],"product_cat":[12291,12711],"product_tag":[],"class_list":{"0":"post-761416","1":"product","2":"type-product","3":"status-publish","5":"product_cat-edebiyat","6":"product_cat-roman-oyku","7":"pa_cilt-ciltsiz","8":"pa_tur-kitap","9":"pa_yayinevi-dogan-kitap","10":"pa_yazar-ece-gamze-atici","12":"first","13":"instock","14":"sale","15":"shipping-taxable","16":"purchasable","17":"product-type-simple"},"_links":{"self":[{"href":"https:\/\/roveyayinevi.com.tr\/index.php\/wp-json\/wp\/v2\/product\/761416","targetHints":{"allow":["GET"]}}],"collection":[{"href":"https:\/\/roveyayinevi.com.tr\/index.php\/wp-json\/wp\/v2\/product"}],"about":[{"href":"https:\/\/roveyayinevi.com.tr\/index.php\/wp-json\/wp\/v2\/types\/product"}],"wp:attachment":[{"href":"https:\/\/roveyayinevi.com.tr\/index.php\/wp-json\/wp\/v2\/media?parent=761416"}],"wp:term":[{"taxonomy":"product_brand","embeddable":true,"href":"https:\/\/roveyayinevi.com.tr\/index.php\/wp-json\/wp\/v2\/product_brand?post=761416"},{"taxonomy":"product_cat","embeddable":true,"href":"https:\/\/roveyayinevi.com.tr\/index.php\/wp-json\/wp\/v2\/product_cat?post=761416"},{"taxonomy":"product_tag","embeddable":true,"href":"https:\/\/roveyayinevi.com.tr\/index.php\/wp-json\/wp\/v2\/product_tag?post=761416"}],"curies":[{"name":"wp","href":"https:\/\/api.w.org\/{rel}","templated":true}]}}