{"id":761406,"date":"2025-08-28T09:36:18","date_gmt":"2025-08-28T06:36:18","guid":{"rendered":"https:\/\/roveyayinevi.com.tr\/index.php\/urun\/duskun-cocuk\/"},"modified":"2026-04-16T03:14:50","modified_gmt":"2026-04-16T00:14:50","slug":"duskun-cocuk","status":"publish","type":"product","link":"https:\/\/roveyayinevi.com.tr\/index.php\/urun\/duskun-cocuk\/","title":{"rendered":"D\u00fc\u015fk\u00fcn \u00c7ocuk"},"content":{"rendered":"<p>Ailesiyle ya\u015fad\u0131\u011f\u0131 \u00e7iftli\u011fi ele ge\u00e7irmeye \u00e7al\u0131\u015fan k\u00e2hya taraf\u0131ndan \u0130stanbul\u2019a g\u00f6nderilen Ali Y\u0131lmaz, orada zorla al\u0131konur. Ancak bir s\u00fcre sonra ka\u00e7may\u0131 ba\u015far\u0131r ve b\u00fcy\u00fck \u015fehirde bir ba\u015f\u0131na, akl\u0131 Bursa\u2019daki annesi ve k\u0131z karde\u015finde kalarak, hayata tutunman\u0131n yollar\u0131n\u0131 arar. Remzi ve annesiyle kar\u015f\u0131la\u015f\u0131r \u00f6nce, evsizlerin d\u00fcnyas\u0131nda bulur kendini. Farkl\u0131 i\u015fyerlerinde \u00e7\u0131rak olarak \u00e7al\u0131\u015f\u0131rken, Sirkeci\u2019nin, Tahtakale\u2019nin esnaf\u0131yla, \u0130stanbul\u2019un farkl\u0131 k\u00fclt\u00fcrleriyle tan\u0131\u015f\u0131r. D\u00fcnya ise hen\u00fcz ummad\u0131\u011f\u0131 kadar k\u00fc\u00e7\u00fckt\u00fcr. \u0130yileri de bulu\u015fturur, k\u00f6t\u00fcleri de&#8230;   1940\u2019lardan bu yana say\u0131s\u0131z \u00e7ocu\u011fun okuma al\u0131\u015fkanl\u0131\u011f\u0131 edinmesinde \u00f6nemli rol oynayan Kemalettin Tu\u011fcu, zorluklar\u0131n ve ac\u0131mas\u0131zl\u0131\u011f\u0131n kar\u015f\u0131s\u0131nda diren\u00e7le, umutla, sab\u0131rla duran insanlar\u0131, en \u00e7ok da \u00e7ocuklar\u0131 anlatm\u0131\u015ft\u0131r. Merhameti hi\u00e7bir zaman kaleminden eksik etmeyen Kemalettin Tu\u011fcu\u2019nun ye\u011feni, yazar Nemika Tu\u011fcu\u2019nun titiz dan\u0131\u015fmanl\u0131\u011f\u0131yla yay\u0131na haz\u0131rlanan bu se\u00e7kiyi, \u00e7ocuk edebiyat\u0131n\u0131n usta ill\u00fcstrat\u00f6rlerinden Mustafa Delio\u011flu resimledi.   De\u011ferli \u015fair arkada\u015f\u0131m \u00dclk\u00fc Tamer\u2019in Tu\u011fcu i\u00e7in \u00f6nemli, g\u00fczel bir a\u00e7\u0131klamas\u0131 olmu\u015ftu. \u201cTu\u011fcu \u00e7ok de\u011ferlidir. \u00c7ocuklara merhameti \u00f6\u011fretmi\u015fti.\u201d Nas\u0131l da sevinmi\u015ftim bu saptamas\u0131na \u00dclk\u00fc\u2019n\u00fcn. <\/p>\n","protected":false},"excerpt":{"rendered":"<p>Ailesiyle ya\u015fad\u0131\u011f\u0131 \u00e7iftli\u011fi ele ge\u00e7irmeye \u00e7al\u0131\u015fan k\u00e2hya taraf\u0131ndan \u0130stanbul\u2019a g\u00f6nderilen Ali Y\u0131lmaz, orada zorla al\u0131konur. Ancak bir s\u00fcre sonra ka\u00e7may\u0131 ba\u015far\u0131r ve b\u00fcy\u00fck \u015fehirde bir ba\u015f\u0131na,<span class=\"excerpt-hellip\"> [\u2026]<\/span><\/p>\n","protected":false},"featured_media":0,"template":"","meta":{"_monsterinsights_skip_tracking":false,"_monsterinsights_sitenote_active":false,"_monsterinsights_sitenote_note":"","_monsterinsights_sitenote_category":0},"product_brand":[],"product_cat":[12274],"product_tag":[],"class_list":{"0":"post-761406","1":"product","2":"type-product","3":"status-publish","5":"product_cat-cocuk-ve-genclik-kitaplari","6":"pa_cilt-ciltsiz","7":"pa_tur-kitap","8":"pa_yayinevi-can-cocuk-yayinlari","9":"pa_yazar-kemalettin-tugcu","11":"first","12":"instock","13":"sale","14":"shipping-taxable","15":"purchasable","16":"product-type-simple"},"_links":{"self":[{"href":"https:\/\/roveyayinevi.com.tr\/index.php\/wp-json\/wp\/v2\/product\/761406","targetHints":{"allow":["GET"]}}],"collection":[{"href":"https:\/\/roveyayinevi.com.tr\/index.php\/wp-json\/wp\/v2\/product"}],"about":[{"href":"https:\/\/roveyayinevi.com.tr\/index.php\/wp-json\/wp\/v2\/types\/product"}],"wp:attachment":[{"href":"https:\/\/roveyayinevi.com.tr\/index.php\/wp-json\/wp\/v2\/media?parent=761406"}],"wp:term":[{"taxonomy":"product_brand","embeddable":true,"href":"https:\/\/roveyayinevi.com.tr\/index.php\/wp-json\/wp\/v2\/product_brand?post=761406"},{"taxonomy":"product_cat","embeddable":true,"href":"https:\/\/roveyayinevi.com.tr\/index.php\/wp-json\/wp\/v2\/product_cat?post=761406"},{"taxonomy":"product_tag","embeddable":true,"href":"https:\/\/roveyayinevi.com.tr\/index.php\/wp-json\/wp\/v2\/product_tag?post=761406"}],"curies":[{"name":"wp","href":"https:\/\/api.w.org\/{rel}","templated":true}]}}