{"id":761383,"date":"2025-08-28T09:35:44","date_gmt":"2025-08-28T06:35:44","guid":{"rendered":"https:\/\/roveyayinevi.com.tr\/index.php\/urun\/basimiza-gelenler\/"},"modified":"2026-04-16T03:14:49","modified_gmt":"2026-04-16T00:14:49","slug":"basimiza-gelenler","status":"publish","type":"product","link":"https:\/\/roveyayinevi.com.tr\/index.php\/urun\/basimiza-gelenler\/","title":{"rendered":"Ba\u015f\u0131m\u0131za Gelenler"},"content":{"rendered":"<p>1877-78 Osmanl\u0131 Rus Sava\u015f\u0131, sadece sebepleri de\u011fil sonu\u00e7lar\u0131yla da en \u00f6nemli tarihi hadiselerden biri say\u0131l\u0131r. Bir g\u00f6r\u00fc\u015fe g\u00f6re Osmanl\u0131\u2019n\u0131n y\u0131k\u0131l\u0131\u015f\u0131n\u0131 haz\u0131rlayan son sebeplerden birisidir. Yaratt\u0131\u011f\u0131 ekonomik, siyasal ve toplumsal sorunlar bug\u00fcn de ara\u015ft\u0131r\u0131lmaktad\u0131r. Mehmet \u00c2rif Bey, o sava\u015fta ya\u015fananlar\u0131n i\u00e7eriden tan\u0131\u011f\u0131d\u0131r. Verdi\u011fi bilgiler sayesinde felaketleri yeniden ya\u015famak m\u00fcmk\u00fcnd\u00fcr. Son as\u0131rlarda ya\u015fad\u0131\u011f\u0131m\u0131z b\u00fcy\u00fck hadiselere Mehmet \u00c2rif Bey, yak\u0131ndan nazar k\u0131larak tarihin yeniden d\u00fc\u015f\u00fcn\u00fclmesine imkan vermektedir. Bu her bak\u0131mdan tarih, siyaset, sosyal hayat ve insan ge\u00e7idi eser, eksiksiz, tam metin ve anla\u015f\u0131l\u0131r bir dille okurla bulu\u015fuyor.<\/p>\n","protected":false},"excerpt":{"rendered":"<p>1877-78 Osmanl\u0131 Rus Sava\u015f\u0131, sadece sebepleri de\u011fil sonu\u00e7lar\u0131yla da en \u00f6nemli tarihi hadiselerden biri say\u0131l\u0131r. Bir g\u00f6r\u00fc\u015fe g\u00f6re Osmanl\u0131\u2019n\u0131n y\u0131k\u0131l\u0131\u015f\u0131n\u0131 haz\u0131rlayan son sebeplerden birisidir. Yaratt\u0131\u011f\u0131 ekonomik,<span class=\"excerpt-hellip\"> [\u2026]<\/span><\/p>\n","protected":false},"featured_media":0,"template":"","meta":{"_monsterinsights_skip_tracking":false,"_monsterinsights_sitenote_active":false,"_monsterinsights_sitenote_note":"","_monsterinsights_sitenote_category":0},"product_brand":[],"product_cat":[12304],"product_tag":[],"class_list":{"0":"post-761383","1":"product","2":"type-product","3":"status-publish","5":"product_cat-tarih","6":"pa_cilt-ciltsiz","7":"pa_tur-kitap","8":"pa_yayinevi-kapi-yayinlari","9":"pa_yazar-mehmed-arif-bey","11":"first","12":"instock","13":"sale","14":"shipping-taxable","15":"purchasable","16":"product-type-simple"},"_links":{"self":[{"href":"https:\/\/roveyayinevi.com.tr\/index.php\/wp-json\/wp\/v2\/product\/761383","targetHints":{"allow":["GET"]}}],"collection":[{"href":"https:\/\/roveyayinevi.com.tr\/index.php\/wp-json\/wp\/v2\/product"}],"about":[{"href":"https:\/\/roveyayinevi.com.tr\/index.php\/wp-json\/wp\/v2\/types\/product"}],"wp:attachment":[{"href":"https:\/\/roveyayinevi.com.tr\/index.php\/wp-json\/wp\/v2\/media?parent=761383"}],"wp:term":[{"taxonomy":"product_brand","embeddable":true,"href":"https:\/\/roveyayinevi.com.tr\/index.php\/wp-json\/wp\/v2\/product_brand?post=761383"},{"taxonomy":"product_cat","embeddable":true,"href":"https:\/\/roveyayinevi.com.tr\/index.php\/wp-json\/wp\/v2\/product_cat?post=761383"},{"taxonomy":"product_tag","embeddable":true,"href":"https:\/\/roveyayinevi.com.tr\/index.php\/wp-json\/wp\/v2\/product_tag?post=761383"}],"curies":[{"name":"wp","href":"https:\/\/api.w.org\/{rel}","templated":true}]}}