{"id":761381,"date":"2025-08-28T09:35:41","date_gmt":"2025-08-28T06:35:41","guid":{"rendered":"https:\/\/roveyayinevi.com.tr\/index.php\/urun\/donuyor-zaman-kapadokya-dortlusu-iv\/"},"modified":"2026-03-06T03:37:19","modified_gmt":"2026-03-06T00:37:19","slug":"donuyor-zaman-kapadokya-dortlusu-iv","status":"publish","type":"product","link":"https:\/\/roveyayinevi.com.tr\/index.php\/urun\/donuyor-zaman-kapadokya-dortlusu-iv\/","title":{"rendered":"D\u00f6n\u00fcyor Zaman &#8211; Kapadokya D\u00f6rtl\u00fcs\u00fc IV"},"content":{"rendered":"<p>D\u00f6n\u00fcyor Zaman, f\u0131rt\u0131na sonras\u0131nda ortaya \u00e7\u0131kan bir ma\u011farada iki g\u00fcn i\u00e7inde ya\u015fanan olaylarla a\u00e7\u0131l\u0131r: Palanc\u0131 Emin\u2019in hazine bulmak i\u00e7in dald\u0131\u011f\u0131 bu dehlizlerde otuz y\u0131ld\u0131r donmu\u015f bir tarih \u00f6ylece durmaktad\u0131r. Orada Kuvvac\u0131lar\u0131n, kad\u0131n \u00e7etecilerin, muhacirlerin, m\u00fcbadillerin, Birinci D\u00fcnya Sava\u015f\u0131\u2019n\u0131n ve Milli M\u00fccadele ka\u00e7aklar\u0131n\u0131n an\u0131lar\u0131 vard\u0131r. Romanda ayr\u0131ca Yunan i\u00e7 sava\u015f\u0131, k\u00f6y enstit\u00fcl\u00fc \u00f6\u011fretmenler, Bombay\u2019da esir d\u00fc\u015fenler, Kore\u2019de yitirilen askerler ve ge\u00e7mi\u015fi ara\u015ft\u0131ran sanat tarih\u00e7ileri de kendilerine bir yer bulurlar. G\u00fcrsel Korat, Kapadokya D\u00f6rtl\u00fcs\u00fc\u2019n\u00fcn ilk ad\u0131m\u0131n\u0131 otuz y\u0131l \u00f6nce Zaman Yeli ile atm\u0131\u015ft\u0131. \u0130kinci ad\u0131mda G\u00fcvercine A\u011f\u0131t (1999) ve \u00fc\u00e7\u00fcnc\u00fc ad\u0131mda Kalenderiye (2008) romanlar\u0131yla derin Anadolu\u2019nun katmanlar\u0131n\u0131 yava\u015f yava\u015f ve sab\u0131rla aralad\u0131. Yazar, edebiyat\u0131m\u0131zda b\u00fcy\u00fck ses getiren \u00f6d\u00fcll\u00fc bir roman serisini, D\u00f6n\u00fcyor Zaman\u2019la tamaml\u0131yor. Ge\u00e7mi\u015fteki anlara ve insanlar\u0131n ya\u015famlar\u0131na \u00f6zg\u00fcn bir kavray\u0131\u015fla yakla\u015fan bu romanlar, Anadolu\u2019nun yedi y\u00fcz y\u0131ll\u0131k tarihini, bir sanat\u00e7\u0131n\u0131n sezgisiyle yeniden in\u015fa ediyor. Burada anlatt\u0131klar\u0131m, duracak, duracak ve derken bir bak\u0131\u015f damlayacak \u00fcst\u00fcne. Anlatt\u0131klar\u0131m durgun sudaki halkalar gibi dalga dalga yay\u0131lacak. Bir g\u00fcn yeniden okuyacaks\u0131n yazd\u0131klar\u0131m\u0131, bak\u0131\u015f\u0131n\u0131 bu sayfalar\u0131n \u00fcst\u00fcne d\u00fc\u015f\u00fcreceksin. Sen d\u00fc\u015f\u00fcrmezsen ba\u015fkas\u0131 d\u00fc\u015f\u00fcrecek. \u00c7\u00fcnk\u00fc yaz\u0131 k\u0131sa bir an i\u00e7in canlanan \u00f6l\u00fcmd\u00fcr. Zaman\u0131 geri d\u00f6nd\u00fcr\u00fcr. <\/p>\n","protected":false},"excerpt":{"rendered":"<p>D\u00f6n\u00fcyor Zaman, f\u0131rt\u0131na sonras\u0131nda ortaya \u00e7\u0131kan bir ma\u011farada iki g\u00fcn i\u00e7inde ya\u015fanan olaylarla a\u00e7\u0131l\u0131r: Palanc\u0131 Emin\u2019in hazine bulmak i\u00e7in dald\u0131\u011f\u0131 bu dehlizlerde otuz y\u0131ld\u0131r donmu\u015f bir<span class=\"excerpt-hellip\"> [\u2026]<\/span><\/p>\n","protected":false},"featured_media":0,"template":"","meta":{"_monsterinsights_skip_tracking":false,"_monsterinsights_sitenote_active":false,"_monsterinsights_sitenote_note":"","_monsterinsights_sitenote_category":0},"product_brand":[],"product_cat":[12291,12711],"product_tag":[],"class_list":{"0":"post-761381","1":"product","2":"type-product","3":"status-publish","5":"product_cat-edebiyat","6":"product_cat-roman-oyku","7":"pa_cilt-ciltsiz","8":"pa_tur-kitap","9":"pa_yayinevi-everest-yayinlari","10":"pa_yazar-gursel-korat","12":"first","13":"instock","14":"sale","15":"shipping-taxable","16":"purchasable","17":"product-type-simple"},"_links":{"self":[{"href":"https:\/\/roveyayinevi.com.tr\/index.php\/wp-json\/wp\/v2\/product\/761381","targetHints":{"allow":["GET"]}}],"collection":[{"href":"https:\/\/roveyayinevi.com.tr\/index.php\/wp-json\/wp\/v2\/product"}],"about":[{"href":"https:\/\/roveyayinevi.com.tr\/index.php\/wp-json\/wp\/v2\/types\/product"}],"wp:attachment":[{"href":"https:\/\/roveyayinevi.com.tr\/index.php\/wp-json\/wp\/v2\/media?parent=761381"}],"wp:term":[{"taxonomy":"product_brand","embeddable":true,"href":"https:\/\/roveyayinevi.com.tr\/index.php\/wp-json\/wp\/v2\/product_brand?post=761381"},{"taxonomy":"product_cat","embeddable":true,"href":"https:\/\/roveyayinevi.com.tr\/index.php\/wp-json\/wp\/v2\/product_cat?post=761381"},{"taxonomy":"product_tag","embeddable":true,"href":"https:\/\/roveyayinevi.com.tr\/index.php\/wp-json\/wp\/v2\/product_tag?post=761381"}],"curies":[{"name":"wp","href":"https:\/\/api.w.org\/{rel}","templated":true}]}}