{"id":761376,"date":"2025-08-28T09:35:32","date_gmt":"2025-08-28T06:35:32","guid":{"rendered":"https:\/\/roveyayinevi.com.tr\/index.php\/urun\/catidaki-karlsson-ciltli\/"},"modified":"2026-04-15T03:26:31","modified_gmt":"2026-04-15T00:26:31","slug":"catidaki-karlsson-ciltli","status":"publish","type":"product","link":"https:\/\/roveyayinevi.com.tr\/index.php\/urun\/catidaki-karlsson-ciltli\/","title":{"rendered":"\u00c7at\u0131daki Karlsson (Ciltli)"},"content":{"rendered":"<p>B\u0130R\u0130NC\u0130 K\u0130TAP   Yedi ya\u015f\u0131ndaki K\u00fc\u00e7\u00fckkarde\u015f, \u0130sve\u00e7\u2019in gayet s\u0131radan bir kasabas\u0131ndaki s\u0131radan bir evde ya\u015f\u0131yordur. Fakat bu s\u0131radan evin \u00e7at\u0131s\u0131nda hi\u00e7 de s\u0131radan olmayan biri daha ya\u015f\u0131yordur: \u00c7at\u0131daki Karlsson. Kendisine sorarsan\u0131z d\u00fcnyan\u0131n en yak\u0131\u015f\u0131kl\u0131, en bilge, en ideal kiloda olan adam\u0131d\u0131r Karlsson (bize g\u00f6re biraz \u201ctombulcuk\u201d olabilir). Fakat onu as\u0131l ilgin\u00e7 yapan, s\u0131rt\u0131ndaki k\u00fc\u00e7\u00fck pervanedir. Bir g\u00fcn u\u00e7up K\u00fc\u00e7\u00fckkarde\u015f\u2019in penceresinden i\u00e7eri girince olanlar olur. Bundan sonra hi\u00e7bir \u015fey eskisi gibi olmayacakt\u0131r.   \u00c7ok sevilen Pippi Uzun\u00e7orap kitaplar\u0131n\u0131n yazar\u0131 Astrid Lindgren\u2019in 1955\u2019te kaleme ald\u0131\u011f\u0131 ve klasik h\u00e2line gelmi\u015f bir seri daha. Lindgren, \u00c7at\u0131daki Karlsson karakterini Paris\u2019te g\u00f6rd\u00fc\u011f\u00fc, elinde meyve sepeti olan, kareli g\u00f6mlekli, mavi pantolonlu, hafif \u015fi\u015fman ve k\u00fc\u00e7\u00fcc\u00fck bir adamdan esinlenerek yaratm\u0131\u015ft\u0131.    <\/p>\n","protected":false},"excerpt":{"rendered":"<p>B\u0130R\u0130NC\u0130 K\u0130TAP Yedi ya\u015f\u0131ndaki K\u00fc\u00e7\u00fckkarde\u015f, \u0130sve\u00e7\u2019in gayet s\u0131radan bir kasabas\u0131ndaki s\u0131radan bir evde ya\u015f\u0131yordur. Fakat bu s\u0131radan evin \u00e7at\u0131s\u0131nda hi\u00e7 de s\u0131radan olmayan biri daha ya\u015f\u0131yordur:<span class=\"excerpt-hellip\"> [\u2026]<\/span><\/p>\n","protected":false},"featured_media":0,"template":"","meta":{"_monsterinsights_skip_tracking":false,"_monsterinsights_sitenote_active":false,"_monsterinsights_sitenote_note":"","_monsterinsights_sitenote_category":0},"product_brand":[],"product_cat":[12274],"product_tag":[],"class_list":{"0":"post-761376","1":"product","2":"type-product","3":"status-publish","5":"product_cat-cocuk-ve-genclik-kitaplari","6":"pa_cilt-ciltli","7":"pa_tur-kitap","8":"pa_yayinevi-pegasus-yayinlari","9":"pa_yazar-astrid-lindgren","11":"first","12":"instock","13":"sale","14":"shipping-taxable","15":"purchasable","16":"product-type-simple"},"_links":{"self":[{"href":"https:\/\/roveyayinevi.com.tr\/index.php\/wp-json\/wp\/v2\/product\/761376","targetHints":{"allow":["GET"]}}],"collection":[{"href":"https:\/\/roveyayinevi.com.tr\/index.php\/wp-json\/wp\/v2\/product"}],"about":[{"href":"https:\/\/roveyayinevi.com.tr\/index.php\/wp-json\/wp\/v2\/types\/product"}],"wp:attachment":[{"href":"https:\/\/roveyayinevi.com.tr\/index.php\/wp-json\/wp\/v2\/media?parent=761376"}],"wp:term":[{"taxonomy":"product_brand","embeddable":true,"href":"https:\/\/roveyayinevi.com.tr\/index.php\/wp-json\/wp\/v2\/product_brand?post=761376"},{"taxonomy":"product_cat","embeddable":true,"href":"https:\/\/roveyayinevi.com.tr\/index.php\/wp-json\/wp\/v2\/product_cat?post=761376"},{"taxonomy":"product_tag","embeddable":true,"href":"https:\/\/roveyayinevi.com.tr\/index.php\/wp-json\/wp\/v2\/product_tag?post=761376"}],"curies":[{"name":"wp","href":"https:\/\/api.w.org\/{rel}","templated":true}]}}