{"id":761369,"date":"2025-08-28T09:35:20","date_gmt":"2025-08-28T06:35:20","guid":{"rendered":"https:\/\/roveyayinevi.com.tr\/index.php\/urun\/bilincin-tarihi-insan-beyninin-gelisiminin-4-milyar-yillik-hikayesi\/"},"modified":"2026-04-16T03:14:49","modified_gmt":"2026-04-16T00:14:49","slug":"bilincin-tarihi-insan-beyninin-gelisiminin-4-milyar-yillik-hikayesi","status":"publish","type":"product","link":"https:\/\/roveyayinevi.com.tr\/index.php\/urun\/bilincin-tarihi-insan-beyninin-gelisiminin-4-milyar-yillik-hikayesi\/","title":{"rendered":"Bilincin Tarihi &#8211; \u0130nsan Beyninin Geli\u015fiminin 4 Milyar Y\u0131ll\u0131k Hikayesi"},"content":{"rendered":"<p>\u0130NSAN BEYN\u0130N\u0130N GEL\u0130\u015e\u0130M\u0130N\u0130N 4 M\u0130LYAR YILLIK H\u0130K\u00c2YES\u0130 Pen\/E.O. Wilson Bilimsel Yaz\u0131n \u00d6d\u00fcl\u00fc Aday\u0131   Alan\u0131nda \u00f6nc\u00fc bir n\u00f6robilim profes\u00f6r\u00fc olan Joseph LeDoux, tek h\u00fccreli organizmalardan ba\u015flay\u0131p kompleks canl\u0131lara ve insanlara kadar gelerek beynin nas\u0131l evrimle\u015fti\u011fini ad\u0131m ad\u0131m anlat\u0131yor.   Milyonlarca y\u0131l \u00f6nceki atalar\u0131m\u0131zla aram\u0131zdaki benzerliklere yeni bir perspektiften bakan Profes\u00f6r Joseph LeDoux canl\u0131l\u0131\u011f\u0131n tarihini ba\u015flang\u0131c\u0131ndan bu yana \u00f6n\u00fcm\u00fcze seriyor ve hayvanlardaki sinir sistemlerinin nas\u0131l olu\u015ftu\u011fu, beynin nas\u0131l geli\u015fti\u011fi ve insan olman\u0131n ne anlama geldi\u011fi gibi sorulara yan\u0131tlar veriyor.    Bilincin Tarihi\u2019nde LeDoux, insan davran\u0131\u015flar\u0131n\u0131 anlayabilmenin yolunun, yery\u00fcz\u00fcndeki ilk organizmalar\u0131n evrimine bakmaktan ge\u00e7ece\u011fini \u00f6ne s\u00fcr\u00fcyor ve evrimsel bir zaman cetvelini takip ederek, var olan ilk tek h\u00fccreli canl\u0131lar\u0131n \u015fa\u015f\u0131rt\u0131c\u0131 bir bi\u00e7imde bug\u00fcnk\u00fc h\u00fccrelerimizin, yani bizim davran\u0131\u015flar\u0131m\u0131zla ayn\u0131 d\u00fczlemde hareket etti\u011fini, ayn\u0131 problemleri \u00e7\u00f6zerek hayatta kald\u0131\u011f\u0131n\u0131 g\u00f6steriyor. T\u00fcm bu bilgiler \u0131\u015f\u0131\u011f\u0131nda, kitap boyunca insan t\u00fcr\u00fc olarak do\u011fadaki yerimizle, sinir sistemlerinin evriminin, organizmalar\u0131n hayatta kalma becerisini geli\u015ftirmesiyle ve bilin\u00e7 diye adland\u0131rd\u0131\u011f\u0131m\u0131z kapasite sayesinde t\u00fcr olarak nas\u0131l b\u00fcy\u00fck ba\u015far\u0131lar elde etti\u011fimizle ilgili bilgiler ediniyoruz.     \u201cJoseph LeDoux\u2019yla birlikte Antik Yunan\u2019dan beri sorulan bir soruyu daha derinden ele al\u0131yoruz: Bilincimiz bizi di\u011fer canl\u0131lardan ne \u015fekilde farkl\u0131 k\u0131l\u0131yor? Bu sorunun cevab\u0131n\u0131 bulabilmek i\u00e7in LeDoux\u2019dan daha iyi bir rehber olamaz. D\u00fcnyan\u0131n \u00f6nde gelen n\u00f6robilim profes\u00f6rlerinden LeDoux, ak\u0131c\u0131 bir dille insanlar\u0131n ve d\u00f6rt milyar y\u0131l \u00f6nceki tek h\u00fccreli organizmalar\u0131n ortak temel davran\u0131\u015flara sahip oldu\u011funu ancak insan t\u00fcr\u00fcn\u00fcn evrende e\u015fsiz olabilecek bir \u2018benlik fark\u0131ndal\u0131\u011f\u0131\u2019 ile donat\u0131ld\u0131\u011f\u0131n\u0131 g\u00f6steriyor.\u201d Prof. Jeffrey D. Sachs, Columbia University   \u201cJoseph LeDoux en yeni kitab\u0131 Bilincin Tarihi\u2019nde tek h\u00fccreli mikro organizmalar\u0131n hayatta kalma kapasitesi ile insanlar\u0131n e\u015fsiz hayatta kalma mekanizmalar\u0131 aras\u0131nda bir k\u00f6pr\u00fc kuruyor ve asl\u0131nda insanl\u0131k olarak bizim, bug\u00fcne dek al\u0131\u015fk\u0131n oldu\u011fumuzdan \u00e7ok daha derinlere giden tarihimizi belgeliyor.\u201d  Nobel \u00d6d\u00fcll\u00fc Eric R. Kandel, Columbia University    \u201cCanl\u0131l\u0131\u011f\u0131n d\u00f6rt milyar y\u0131ll\u0131k ge\u00e7mi\u015finin izlerini ad\u0131m ad\u0131m takip etmek insan\u0131n perspektifini k\u00f6kten de\u011fi\u015ftirebilecek bir u\u011fra\u015ft\u0131r. K\u0131sa k\u0131sa ve sizi daha fazlas\u0131n\u0131 okumaya davet eden b\u00f6l\u00fcmlerle \u2018Bilin\u00e7 nedir?\u2019, \u2018Duygu nedir?\u2019 ve en \u00f6nemlisi \u2018Biz Kimiz?\u2019 gibi sorular\u0131n soruldu\u011fu bu kitapta okudu\u011funuz cevaplara \u00e7ok \u015fa\u015f\u0131racaks\u0131n\u0131z.\u201d  Hazel Rose Markus    \u201cJoseph LeDoux insanlar\u0131n ve insanla birlikte t\u00fcm canl\u0131lar\u0131n biyolojik tarihine \u0131\u015f\u0131k tutan ola\u011fan\u00fcst\u00fc bir esere imza atm\u0131\u015f. Hem evrimle hem de do\u011fa tarihiyle ilgili herkesin kolayca okuyabilece\u011fi \u00e7ok y\u00f6nl\u00fc bir kitap.\u201d Daniel Levitin, M\u00fczi\u011fin Etkisindeki Beyin kitab\u0131n\u0131n yazar\u0131    \u201cZooloji, n\u00f6robilim, psikoloji ve felsefeyi harmanlayan LeDoux\u2019nun \u00fczerine e\u011fildi\u011fi ana teman\u0131n, sinir sistemlerinin evrimi ve bu sistemlerin kontrol etti\u011fi davran\u0131\u015flar yoluyla bilincin ortaya \u00e7\u0131kmas\u0131 oldu\u011funu s\u00f6yleyebiliriz. Bu kitapta t\u0131pk\u0131 Darwin\u2019in Ya\u015fam A\u011fac\u0131 gibi bir Bilin\u00e7 A\u011fac\u0131 \u00e7iziliyor.\u201d  Trevor Robbins    \u201c\u0130nsan t\u00fcr\u00fcn\u00fcn zek\u00e2, bilin\u00e7 ve duygu kapasitelerini nas\u0131l geli\u015ftirdi\u011fine dair olmazsa olmaz klasikler aras\u0131na girecek bir \u00e7al\u0131\u015fma. Biyolojiden felsefeye kadar pek \u00e7ok alan\u0131 kapsayan bu kitap hem alana ilgi duyanlara hem de profesyonellere hitap ediyor.\u201d Susan Schneider   \u201cB\u00fcy\u00fck sorulara cevaplar arayan bilim merakl\u0131lar\u0131 i\u00e7in son derece iddial\u0131 bir \u00e7al\u0131\u015fma.\u201d Booklist   \u201cBug\u00fcne dek \u00e7ok say\u0131da yazar ya\u015fam\u0131n tarihi konusuna e\u011filmi\u015ftir ancak LeDoux keyifli bir deneyim sundu\u011fu kadar ak\u0131lda kal\u0131c\u0131 bilgiler de vermek istemi\u015f. Her iyi e\u011fitimcinin yapt\u0131\u011f\u0131 gibi o da en basitten ba\u015flayarak insan davran\u0131\u015flar\u0131n\u0131n tarihini en detayl\u0131 \u015fekilde inceliyor.\u201d Kirkus Reviews   \u201cBu kitap basit ya\u015fam formlar\u0131n\u0131n biyolojisiyle ba\u015flay\u0131p en karma\u015f\u0131k canl\u0131ya, insana kadar geliyor ve insan bilincinin nas\u0131l geli\u015fmi\u015f bir bili\u015fsel s\u00fcre\u00e7 haline geldi\u011fini tart\u0131\u015f\u0131yor. Okurken LeDoux\u2019nun t\u00fcm savlar\u0131na kat\u0131lmak zorunda de\u011filsiniz ancak ba\u015fard\u0131\u011f\u0131 \u015fey ve ortaya \u00e7\u0131kard\u0131\u011f\u0131 \u00e7al\u0131\u015fman\u0131n kalitesi ortada.\u201d Antonio Damasio   \u201cMolek\u00fcler k\u00f6kenlerinden bilin\u00e7li varl\u0131klar olman\u0131n ne anlama geldi\u011fi noktas\u0131na kadar bu kitap hayat\u0131n evrimine \u00e7ok \u015fa\u015f\u0131rt\u0131c\u0131 bir pencereden bak\u0131yor. Joseph LeDoux bilimsel a\u00e7\u0131dan kilit \u00f6nem ta\u015f\u0131yan fikirlere al\u0131\u015f\u0131lm\u0131\u015f\u0131n d\u0131\u015f\u0131nda yakla\u015f\u0131mlar geli\u015ftiriyor ve beynin nas\u0131l \u00e7al\u0131\u015ft\u0131\u011f\u0131yla ilgili de yeni ve a\u00e7\u0131klay\u0131c\u0131 bilgiler sunuyor.\u201d Marian Stamp Dawkins   \u201cJoseph LeDoux do\u011faya hem makro hem mikro d\u00fczeyde bakmay\u0131 ba\u015farabilen nadir bilim insanlar\u0131ndan. \u00c7ok farkl\u0131 alanlara ilgi duyan okuyucular\u0131 tatmin edecek bir kitap yazan LeDoux insan t\u00fcr\u00fcn\u00fcn nas\u0131l bilin\u00e7 kazand\u0131\u011f\u0131yla ilgili ayd\u0131nlat\u0131lmay\u0131 bekleyen pek \u00e7ok soruya yan\u0131t vermeye \u00e7al\u0131\u015f\u0131yor.\u201d Jerome Kagan   \u201cBilin\u00e7le ilgili bilinmesi gereken en \u00f6nemli \u015fey nas\u0131l evrildi\u011fidir. Bu ustal\u0131k eserinde LeDoux bize evrimin b\u00fcy\u00fck resmini g\u00f6stermekle kalmay\u0131p bilincin ortaya \u00e7\u0131kmas\u0131n\u0131 sa\u011flayan karma\u015f\u0131k sinir sistemleriyle ilgili \u00f6nemli detaylar\u0131 da aktar\u0131yor.\u201d Christopher Frith   \u201cBilincin Tarihi, davran\u0131\u015f dedi\u011fimiz \u015feyin en basit organizmalardan en karma\u015f\u0131k olanlara kadar uzanan kesintisiz bir s\u00fcre\u00e7ten kaynakland\u0131\u011f\u0131n\u0131 anlat\u0131yor. LeDoux, bilin\u00e7li fark\u0131ndal\u0131\u011fa kadar uzanan tarihimizi detayl\u0131 ve ustaca bir \u00e7er\u00e7eve i\u00e7erisinde bize sunarken kendi bilin\u00e7 teorilerini de payla\u015f\u0131yor. Ya\u015fam\u0131n, d\u00fc\u015f\u00fcncelerin ve bilincin do\u011fas\u0131yla ilgilenen herkes bu kitab\u0131 okumal\u0131.\u201d David Rosenthal <\/p>\n","protected":false},"excerpt":{"rendered":"<p>\u0130NSAN BEYN\u0130N\u0130N GEL\u0130\u015e\u0130M\u0130N\u0130N 4 M\u0130LYAR YILLIK H\u0130K\u00c2YES\u0130 Pen\/E.O. Wilson Bilimsel Yaz\u0131n \u00d6d\u00fcl\u00fc Aday\u0131 Alan\u0131nda \u00f6nc\u00fc bir n\u00f6robilim profes\u00f6r\u00fc olan Joseph LeDoux, tek h\u00fccreli organizmalardan ba\u015flay\u0131p kompleks<span class=\"excerpt-hellip\"> [\u2026]<\/span><\/p>\n","protected":false},"featured_media":0,"template":"","meta":{"_monsterinsights_skip_tracking":false,"_monsterinsights_sitenote_active":false,"_monsterinsights_sitenote_note":"","_monsterinsights_sitenote_category":0},"product_brand":[],"product_cat":[13005],"product_tag":[],"class_list":{"0":"post-761369","1":"product","2":"type-product","3":"status-publish","5":"product_cat-bilim-muhendislik","6":"pa_cilt-ciltsiz","7":"pa_tur-kitap","8":"pa_yayinevi-pegasus-yayinlari","9":"pa_yazar-joseph-ledoux","11":"first","12":"instock","13":"sale","14":"shipping-taxable","15":"purchasable","16":"product-type-simple"},"_links":{"self":[{"href":"https:\/\/roveyayinevi.com.tr\/index.php\/wp-json\/wp\/v2\/product\/761369","targetHints":{"allow":["GET"]}}],"collection":[{"href":"https:\/\/roveyayinevi.com.tr\/index.php\/wp-json\/wp\/v2\/product"}],"about":[{"href":"https:\/\/roveyayinevi.com.tr\/index.php\/wp-json\/wp\/v2\/types\/product"}],"wp:attachment":[{"href":"https:\/\/roveyayinevi.com.tr\/index.php\/wp-json\/wp\/v2\/media?parent=761369"}],"wp:term":[{"taxonomy":"product_brand","embeddable":true,"href":"https:\/\/roveyayinevi.com.tr\/index.php\/wp-json\/wp\/v2\/product_brand?post=761369"},{"taxonomy":"product_cat","embeddable":true,"href":"https:\/\/roveyayinevi.com.tr\/index.php\/wp-json\/wp\/v2\/product_cat?post=761369"},{"taxonomy":"product_tag","embeddable":true,"href":"https:\/\/roveyayinevi.com.tr\/index.php\/wp-json\/wp\/v2\/product_tag?post=761369"}],"curies":[{"name":"wp","href":"https:\/\/api.w.org\/{rel}","templated":true}]}}