{"id":761343,"date":"2025-08-28T09:34:33","date_gmt":"2025-08-28T06:34:33","guid":{"rendered":"https:\/\/roveyayinevi.com.tr\/index.php\/urun\/liwuna-ile-kaido-everest-acikhava-40\/"},"modified":"2026-04-16T03:14:49","modified_gmt":"2026-04-16T00:14:49","slug":"liwuna-ile-kaido-everest-acikhava-40","status":"publish","type":"product","link":"https:\/\/roveyayinevi.com.tr\/index.php\/urun\/liwuna-ile-kaido-everest-acikhava-40\/","title":{"rendered":"Liwuna ile Kaido &#8211; Everest A\u00e7\u0131khava 40"},"content":{"rendered":"<p>Alman fantastik edebiyat\u0131n\u0131n sayg\u0131n yazar ve \u00e7izerlerinden Paul Scheerbart (1863-1915); roman, \u00f6yk\u00fc ve dramalar\u0131nda genellikle zaman ve mek\u00e2n s\u0131n\u0131rlar\u0131n\u0131 zorlayarak okurlar\u0131n\u0131 b\u00fcy\u00fcleyici bir yolculu\u011fa davet eder. Nevi \u015fahs\u0131na m\u00fcnhas\u0131r yazar\u0131n \u00e7oky\u00f6nl\u00fc eserleri; \u00f6zg\u00fcnl\u00fck, deneysellik, abs\u00fcrtl\u00fck ve mizah \u00f6zellikleriyle \u00f6ne \u00e7\u0131kar. Liw\u00fbna ile Kaid\u00f4 (1902) yazar\u0131n \u00f6yk\u00fc gelene\u011finde \u00f6nemli bir kilometre ta\u015f\u0131d\u0131r. G\u00fcncelli\u011fini halen koruyan bu \u00f6yk\u00fcde Kaid\u00f4, \u00e7i\u00e7ek ya\u011fmurlar\u0131n\u0131n, bulutlar\u0131n, y\u0131ld\u0131zlar\u0131n aras\u0131ndan u\u00e7arak s\u00fcz\u00fcl\u00fcrken Liw\u00fbna ile tan\u0131\u015f\u0131r ve onun rehberli\u011finde fantastik bir d\u00fcnyaya ad\u0131m atar. Liw\u00fbna, onu parlak y\u0131ld\u0131zlar\u0131n ve ate\u015f f\u0131rt\u0131nalar\u0131n\u0131n aras\u0131ndan hayallerin renkli diyar\u0131na, dev y\u0131ld\u0131zlar\u0131n tap\u0131na\u011f\u0131na g\u00f6t\u00fcrerek muazzam bir ser\u00fcvenin i\u00e7ine \u00e7eker. \u201cMuazzam\u201da olan tutkusu ve onu aray\u0131\u015f\u0131yla her ad\u0131mda b\u00fcy\u00fcyen Kaid\u00f4, Liw\u00fbna\u2019yla birlikte \u00f6zlemin k\u00f6klerini ke\u015ffeder. D\u00fcnyaya Paul Scheerbart\u2019\u0131n fantastik \u00e7i\u00e7ek d\u00fcrb\u00fcn\u00fcnden bakmak isteyenler i\u00e7in\u2026 <\/p>\n","protected":false},"excerpt":{"rendered":"<p>Alman fantastik edebiyat\u0131n\u0131n sayg\u0131n yazar ve \u00e7izerlerinden Paul Scheerbart (1863-1915); roman, \u00f6yk\u00fc ve dramalar\u0131nda genellikle zaman ve mek\u00e2n s\u0131n\u0131rlar\u0131n\u0131 zorlayarak okurlar\u0131n\u0131 b\u00fcy\u00fcleyici bir yolculu\u011fa davet eder.<span class=\"excerpt-hellip\"> [\u2026]<\/span><\/p>\n","protected":false},"featured_media":0,"template":"","meta":{"_monsterinsights_skip_tracking":false,"_monsterinsights_sitenote_active":false,"_monsterinsights_sitenote_note":"","_monsterinsights_sitenote_category":0},"product_brand":[],"product_cat":[12291,12711],"product_tag":[],"class_list":{"0":"post-761343","1":"product","2":"type-product","3":"status-publish","5":"product_cat-edebiyat","6":"product_cat-roman-oyku","7":"pa_cilt-ciltsiz","8":"pa_tur-kitap","9":"pa_yayinevi-everest-yayinlari","10":"pa_yazar-paul-scheerbart","12":"first","13":"instock","14":"sale","15":"shipping-taxable","16":"purchasable","17":"product-type-simple"},"_links":{"self":[{"href":"https:\/\/roveyayinevi.com.tr\/index.php\/wp-json\/wp\/v2\/product\/761343","targetHints":{"allow":["GET"]}}],"collection":[{"href":"https:\/\/roveyayinevi.com.tr\/index.php\/wp-json\/wp\/v2\/product"}],"about":[{"href":"https:\/\/roveyayinevi.com.tr\/index.php\/wp-json\/wp\/v2\/types\/product"}],"wp:attachment":[{"href":"https:\/\/roveyayinevi.com.tr\/index.php\/wp-json\/wp\/v2\/media?parent=761343"}],"wp:term":[{"taxonomy":"product_brand","embeddable":true,"href":"https:\/\/roveyayinevi.com.tr\/index.php\/wp-json\/wp\/v2\/product_brand?post=761343"},{"taxonomy":"product_cat","embeddable":true,"href":"https:\/\/roveyayinevi.com.tr\/index.php\/wp-json\/wp\/v2\/product_cat?post=761343"},{"taxonomy":"product_tag","embeddable":true,"href":"https:\/\/roveyayinevi.com.tr\/index.php\/wp-json\/wp\/v2\/product_tag?post=761343"}],"curies":[{"name":"wp","href":"https:\/\/api.w.org\/{rel}","templated":true}]}}