{"id":761341,"date":"2025-08-28T09:34:31","date_gmt":"2025-08-28T06:34:31","guid":{"rendered":"https:\/\/roveyayinevi.com.tr\/index.php\/urun\/ey-gidi-karadeniz\/"},"modified":"2026-04-16T03:14:49","modified_gmt":"2026-04-16T00:14:49","slug":"ey-gidi-karadeniz","status":"publish","type":"product","link":"https:\/\/roveyayinevi.com.tr\/index.php\/urun\/ey-gidi-karadeniz\/","title":{"rendered":"Ey Gidi Karadeniz"},"content":{"rendered":"<p>Karadeniz; \u00b7         Masal ve gizem kokan, efsanevi g\u00fczelliklerin oldu\u011fu, g\u00fcne\u015fin en g\u00fczel batt\u0131\u011f\u0131, yerlerdendir. \u00b7         \u00c7a\u011flar boyu sava\u015flar\u0131n k\u00e2h do\u011frudan, k\u00e2h dolayl\u0131 nedenini te\u015fkil etmi\u015ftir. \u00b7         Asya-Avrupa aras\u0131nda enerji koridoru olup, d\u00fcnyan\u0131n en hassas b\u00f6lgelerinden birinde yer almaktad\u0131r. \u00b7         Bizans, Pers, Mo\u011fol, \u00c7arl\u0131k Rusya\u2019s\u0131n\u0131n Kafkaslara h\u00e2kim olmak i\u00e7in a\u00e7t\u0131\u011f\u0131 sava\u015flara maruz kalan b\u00f6lge insan\u0131n\u0131n bu i\u015fgalcilere kar\u015f\u0131 ortak bir yazg\u0131s\u0131 bulunmaktad\u0131r. \u00b7         Rusya- Ukrayna Sava\u015f\u0131\u2019na \u00f6fkelidir.   Bu kitapta; \u00b7         Karadeniz\u2019i, hakk\u0131nda yay\u0131nlanan eserleri derinlemesine incelemi\u015f, orada do\u011fup b\u00fcy\u00fcm\u00fc\u015f, ge\u00e7mi\u015fi ilk a\u011f\u0131zdan dinlemi\u015f ve \u00fc\u00e7 tarihi roman, \u00fc\u00e7 liderlik, \u00fc\u00e7 ara\u015ft\u0131rma-inceleme kitab\u0131 bulunan yazar\u0131n rehberli\u011finde tan\u0131ma f\u0131rsat\u0131 bulacaks\u0131n\u0131z. \u00b7         D\u00fcn\u00fc, bug\u00fcn\u00fc ve gelece\u011fi, tarihi, co\u011frafyay\u0131 de\u011fi\u015fik a\u00e7\u0131dan g\u00f6receksiniz. \u00b7         Karadeniz\u2019i bekleyen tehlikelerin neler oldu\u011funu daha iyi anlayacaks\u0131n\u0131z. \u00b7         Yan\u0131 ba\u015f\u0131m\u0131zda devam eden Rusya-Ukrayna Sava\u015f\u0131n\u0131 daha geni\u015f perspektiften analiz edeceksiniz. \u00b7         Karadeniz\u2019in \u00f6nemli d\u00f6n\u00fcm noktalar\u0131 hakk\u0131nda geni\u015f bilgi sahibi olacaks\u0131n\u0131z. \u00b7         Kendisi i\u00e7in f\u0131kra \u00fcretip kendisi de g\u00fclebilen karakterlerle de tan\u0131\u015f\u0131p, g\u00fcleceksiniz. <\/p>\n","protected":false},"excerpt":{"rendered":"<p>Karadeniz; \u00b7 Masal ve gizem kokan, efsanevi g\u00fczelliklerin oldu\u011fu, g\u00fcne\u015fin en g\u00fczel batt\u0131\u011f\u0131, yerlerdendir. \u00b7 \u00c7a\u011flar boyu sava\u015flar\u0131n k\u00e2h do\u011frudan, k\u00e2h dolayl\u0131 nedenini te\u015fkil etmi\u015ftir. \u00b7<span class=\"excerpt-hellip\"> [\u2026]<\/span><\/p>\n","protected":false},"featured_media":0,"template":"","meta":{"_monsterinsights_skip_tracking":false,"_monsterinsights_sitenote_active":false,"_monsterinsights_sitenote_note":"","_monsterinsights_sitenote_category":0},"product_brand":[],"product_cat":[74169,74170],"product_tag":[],"class_list":{"0":"post-761341","1":"product","2":"type-product","3":"status-publish","5":"product_cat-cografya","6":"product_cat-turkiye-cografyasi","7":"pa_cilt-ciltsiz","8":"pa_tur-kitap","9":"pa_yayinevi-galeati-yayincilik","10":"pa_yazar-bahtiyar-turker","12":"first","13":"instock","14":"sale","15":"shipping-taxable","16":"purchasable","17":"product-type-simple"},"_links":{"self":[{"href":"https:\/\/roveyayinevi.com.tr\/index.php\/wp-json\/wp\/v2\/product\/761341","targetHints":{"allow":["GET"]}}],"collection":[{"href":"https:\/\/roveyayinevi.com.tr\/index.php\/wp-json\/wp\/v2\/product"}],"about":[{"href":"https:\/\/roveyayinevi.com.tr\/index.php\/wp-json\/wp\/v2\/types\/product"}],"wp:attachment":[{"href":"https:\/\/roveyayinevi.com.tr\/index.php\/wp-json\/wp\/v2\/media?parent=761341"}],"wp:term":[{"taxonomy":"product_brand","embeddable":true,"href":"https:\/\/roveyayinevi.com.tr\/index.php\/wp-json\/wp\/v2\/product_brand?post=761341"},{"taxonomy":"product_cat","embeddable":true,"href":"https:\/\/roveyayinevi.com.tr\/index.php\/wp-json\/wp\/v2\/product_cat?post=761341"},{"taxonomy":"product_tag","embeddable":true,"href":"https:\/\/roveyayinevi.com.tr\/index.php\/wp-json\/wp\/v2\/product_tag?post=761341"}],"curies":[{"name":"wp","href":"https:\/\/api.w.org\/{rel}","templated":true}]}}