{"id":761340,"date":"2025-08-28T09:34:29","date_gmt":"2025-08-28T06:34:29","guid":{"rendered":"https:\/\/roveyayinevi.com.tr\/index.php\/urun\/kibris-yazilari-2003-2023\/"},"modified":"2026-04-16T03:14:49","modified_gmt":"2026-04-16T00:14:49","slug":"kibris-yazilari-2003-2023","status":"publish","type":"product","link":"https:\/\/roveyayinevi.com.tr\/index.php\/urun\/kibris-yazilari-2003-2023\/","title":{"rendered":"K\u0131br\u0131s Yaz\u0131lar\u0131 (2003-2023)"},"content":{"rendered":"<p>Uluslararas\u0131 K\u0131br\u0131s \u00dcniversitesi Fen-Edebiyat Fak\u00fcltesinde 2003-2023 y\u0131llar\u0131 aras\u0131nda dekanl\u0131k yapan halkbilimi \u00f6\u011fretim \u00fcyesi Prof. Dr. Metin Karada\u011f, bu y\u0131llar i\u00e7inde \u00e7e\u015fitli yay\u0131n organlar\u0131nda, baz\u0131lar\u0131na ula\u015fman\u0131n \u00e7e\u015fitli zorluklar yaratt\u0131\u011f\u0131 elektronik ortamlarda ya da bildiri kitaplar\u0131nda yay\u0131mlanm\u0131\u015f yaz\u0131lar\u0131n\u0131, bildiri ve de\u011ferlendirmelerini bu kitapta okurlar\u0131n yararlanmalar\u0131na sunuyor. Kitapta halkbilimi konular\u0131n\u0131n yan\u0131 s\u0131ra, genel edebiyat, ada k\u00fclt\u00fcr ve de\u011ferleri, s\u00f6zel olmayan k\u00fclt\u00fcrel \u00fcr\u00fcnler, kitap tan\u0131t\u0131m ve ele\u015ftirileri gibi farkl\u0131 ba\u011flamlarda olu\u015fan 26 yaz\u0131 bulunmakta.  Bu yaz\u0131lar\u0131n \u00e7o\u011fu K\u0131br\u0131s merkezli edebiyat ve k\u00fclt\u00fcr verileriyle okura farkl\u0131 Akdeniz esintileri sunmaktad\u0131r. <\/p>\n","protected":false},"excerpt":{"rendered":"<p>Uluslararas\u0131 K\u0131br\u0131s \u00dcniversitesi Fen-Edebiyat Fak\u00fcltesinde 2003-2023 y\u0131llar\u0131 aras\u0131nda dekanl\u0131k yapan halkbilimi \u00f6\u011fretim \u00fcyesi Prof. Dr. Metin Karada\u011f, bu y\u0131llar i\u00e7inde \u00e7e\u015fitli yay\u0131n organlar\u0131nda, baz\u0131lar\u0131na ula\u015fman\u0131n \u00e7e\u015fitli<span class=\"excerpt-hellip\"> [\u2026]<\/span><\/p>\n","protected":false},"featured_media":0,"template":"","meta":{"_monsterinsights_skip_tracking":false,"_monsterinsights_sitenote_active":false,"_monsterinsights_sitenote_note":"","_monsterinsights_sitenote_category":0},"product_brand":[],"product_cat":[12370,12304],"product_tag":[],"class_list":{"0":"post-761340","1":"product","2":"type-product","3":"status-publish","5":"product_cat-arastirma-inceleme","6":"product_cat-tarih","7":"pa_cilt-ciltsiz","8":"pa_tur-kitap","9":"pa_yayinevi-zet-akademi-yayinlari","10":"pa_yazar-metin-karadag","12":"first","13":"instock","14":"sale","15":"shipping-taxable","16":"purchasable","17":"product-type-simple"},"_links":{"self":[{"href":"https:\/\/roveyayinevi.com.tr\/index.php\/wp-json\/wp\/v2\/product\/761340","targetHints":{"allow":["GET"]}}],"collection":[{"href":"https:\/\/roveyayinevi.com.tr\/index.php\/wp-json\/wp\/v2\/product"}],"about":[{"href":"https:\/\/roveyayinevi.com.tr\/index.php\/wp-json\/wp\/v2\/types\/product"}],"wp:attachment":[{"href":"https:\/\/roveyayinevi.com.tr\/index.php\/wp-json\/wp\/v2\/media?parent=761340"}],"wp:term":[{"taxonomy":"product_brand","embeddable":true,"href":"https:\/\/roveyayinevi.com.tr\/index.php\/wp-json\/wp\/v2\/product_brand?post=761340"},{"taxonomy":"product_cat","embeddable":true,"href":"https:\/\/roveyayinevi.com.tr\/index.php\/wp-json\/wp\/v2\/product_cat?post=761340"},{"taxonomy":"product_tag","embeddable":true,"href":"https:\/\/roveyayinevi.com.tr\/index.php\/wp-json\/wp\/v2\/product_tag?post=761340"}],"curies":[{"name":"wp","href":"https:\/\/api.w.org\/{rel}","templated":true}]}}