{"id":761337,"date":"2025-08-28T09:34:26","date_gmt":"2025-08-28T06:34:26","guid":{"rendered":"https:\/\/roveyayinevi.com.tr\/index.php\/urun\/nobelli-hayatlar\/"},"modified":"2026-04-16T03:14:49","modified_gmt":"2026-04-16T00:14:49","slug":"nobelli-hayatlar","status":"publish","type":"product","link":"https:\/\/roveyayinevi.com.tr\/index.php\/urun\/nobelli-hayatlar\/","title":{"rendered":"Nobelli Hayatlar"},"content":{"rendered":"<p>\u00c7ok az insan d\u00fcnyay\u0131 Nobel \u00d6d\u00fcl\u00fc sahipleri gibi de\u011fi\u015ftirebilmi\u015ftir. \u00c7\u0131\u011f\u0131r a\u00e7an bulu\u015flar\u0131yla t\u0131p, kimya, fizik ve ekonomiyi devrime u\u011fratm\u0131\u015f Nobel \u00d6d\u00fcll\u00fc yirmi d\u00f6rt isimle Lindau Nobel \u00d6d\u00fcll\u00fc Bilim \u0130nsanlar\u0131 Toplant\u0131lar\u0131\u2019nda yap\u0131lm\u0131\u015f s\u00f6yle\u015filer Nobelli Hayatlar\u2019da bir araya getirildi. Her biri benzersiz hik\u00e2yeler anlat\u0131yor. Evreka anlar\u0131ndan kariyerleri boyunca kar\u015f\u0131la\u015ft\u0131klar\u0131 g\u00fc\u00e7l\u00fcklerin \u00fcstesinden nas\u0131l geldiklerine, gen\u00e7 bilim insanlar\u0131na ilham verecek tavsiyelerden gelece\u011fin bilimine ve ke\u015fiflerine kadar \u00e7ok \u015fey \u00fczerinde konu\u015fuyorlar.Sizi alandan alana, d\u00fc\u015f\u00fcnceden d\u00fc\u015f\u00fcnceye s\u00fcr\u00fckleyecek Nobelli Hayatlar\u2019da Nobel \u00d6d\u00fcll\u00fclerin ya\u015famlar\u0131na her y\u00f6n\u00fcyle tan\u0131k olacaks\u0131n\u0131z. Hayatlar\u0131n\u0131n bir d\u00f6neminde gelen bir telefonla yirmi d\u00f6rt akademisyen Nobel \u00d6d\u00fcl\u00fc\u2019n\u00fc almak \u00fczere Stockholm\u2019e davet edildi. \u015eimdi onlar sizi Nobelliler d\u00fcnyas\u0131na davet ediyor&#8230;<\/p>\n","protected":false},"excerpt":{"rendered":"<p>\u00c7ok az insan d\u00fcnyay\u0131 Nobel \u00d6d\u00fcl\u00fc sahipleri gibi de\u011fi\u015ftirebilmi\u015ftir. \u00c7\u0131\u011f\u0131r a\u00e7an bulu\u015flar\u0131yla t\u0131p, kimya, fizik ve ekonomiyi devrime u\u011fratm\u0131\u015f Nobel \u00d6d\u00fcll\u00fc yirmi d\u00f6rt isimle Lindau Nobel<span class=\"excerpt-hellip\"> [\u2026]<\/span><\/p>\n","protected":false},"featured_media":0,"template":"","meta":{"_monsterinsights_skip_tracking":false,"_monsterinsights_sitenote_active":false,"_monsterinsights_sitenote_note":"","_monsterinsights_sitenote_category":0},"product_brand":[],"product_cat":[13005,15998],"product_tag":[],"class_list":{"0":"post-761337","1":"product","2":"type-product","3":"status-publish","5":"product_cat-bilim-muhendislik","6":"product_cat-bilim-tarihi","7":"pa_cilt-ciltsiz","8":"pa_tur-kitap","9":"pa_yayinevi-koc-universitesi-yayinlari","10":"pa_yazar-stefano-sandrone","12":"first","13":"instock","14":"sale","15":"shipping-taxable","16":"purchasable","17":"product-type-simple"},"_links":{"self":[{"href":"https:\/\/roveyayinevi.com.tr\/index.php\/wp-json\/wp\/v2\/product\/761337","targetHints":{"allow":["GET"]}}],"collection":[{"href":"https:\/\/roveyayinevi.com.tr\/index.php\/wp-json\/wp\/v2\/product"}],"about":[{"href":"https:\/\/roveyayinevi.com.tr\/index.php\/wp-json\/wp\/v2\/types\/product"}],"wp:attachment":[{"href":"https:\/\/roveyayinevi.com.tr\/index.php\/wp-json\/wp\/v2\/media?parent=761337"}],"wp:term":[{"taxonomy":"product_brand","embeddable":true,"href":"https:\/\/roveyayinevi.com.tr\/index.php\/wp-json\/wp\/v2\/product_brand?post=761337"},{"taxonomy":"product_cat","embeddable":true,"href":"https:\/\/roveyayinevi.com.tr\/index.php\/wp-json\/wp\/v2\/product_cat?post=761337"},{"taxonomy":"product_tag","embeddable":true,"href":"https:\/\/roveyayinevi.com.tr\/index.php\/wp-json\/wp\/v2\/product_tag?post=761337"}],"curies":[{"name":"wp","href":"https:\/\/api.w.org\/{rel}","templated":true}]}}