{"id":761334,"date":"2025-08-28T09:34:22","date_gmt":"2025-08-28T06:34:22","guid":{"rendered":"https:\/\/roveyayinevi.com.tr\/index.php\/urun\/deprem-gunlugu-1\/"},"modified":"2026-04-16T03:14:48","modified_gmt":"2026-04-16T00:14:48","slug":"deprem-gunlugu-1","status":"publish","type":"product","link":"https:\/\/roveyayinevi.com.tr\/index.php\/urun\/deprem-gunlugu-1\/","title":{"rendered":"Deprem G\u00fcnl\u00fc\u011f\u00fc 1"},"content":{"rendered":"<p>Elinizdeki \u201cDeprem G\u00fcnl\u00fc\u011f\u00fc\u201d 6 \u015eubat 2023\u2019ten ba\u015flay\u0131p 20 Nisan 2024\u2019e kadarki s\u00fcrede tuttu\u011fum notlardan, bas\u0131nda \u00e7\u0131kan depremle ilgili haber-makale-r\u00f6portaj ve bunlarla ilgili yapt\u0131\u011f\u0131m yorumlardan, konuyla ilgili ki\u015fi ve kurulu\u015flarla yapt\u0131\u011f\u0131m yaz\u0131\u015fmalardan, etkinliklerde yapt\u0131\u011f\u0131m\u0131z konu\u015fma ve sundu\u011fumuz bildirilerden olu\u015fmaktad\u0131r. Bunlar\u0131n yan\u0131nda arada bir okurun de\u011fi\u015fik-ilgin\u00e7 konularla kar\u015f\u0131la\u015fmas\u0131n\u0131, b\u00f6ylece deprem y\u0131k\u0131m\u0131n\u0131n d\u0131\u015f\u0131na \u00e7\u0131karak ufkunu zenginle\u015ftirmesini istedi\u011fim haber ve yorumlara da yer verdim. Dolay\u0131s\u0131yla kapsaml\u0131 ve bir o kadar da \u00e7a\u011fr\u0131\u015f\u0131ml\u0131 bir kitapta, hem haf\u0131zam\u0131z\u0131 tazeleyecek hem de gelece\u011fe \u0131\u015f\u0131k tutacak bilgi-veri ve yorumlar bulunmaktad\u0131r. <\/p>\n","protected":false},"excerpt":{"rendered":"<p>Elinizdeki \u201cDeprem G\u00fcnl\u00fc\u011f\u00fc\u201d 6 \u015eubat 2023\u2019ten ba\u015flay\u0131p 20 Nisan 2024\u2019e kadarki s\u00fcrede tuttu\u011fum notlardan, bas\u0131nda \u00e7\u0131kan depremle ilgili haber-makale-r\u00f6portaj ve bunlarla ilgili yapt\u0131\u011f\u0131m yorumlardan, konuyla ilgili<span class=\"excerpt-hellip\"> [\u2026]<\/span><\/p>\n","protected":false},"featured_media":0,"template":"","meta":{"_monsterinsights_skip_tracking":false,"_monsterinsights_sitenote_active":false,"_monsterinsights_sitenote_note":"","_monsterinsights_sitenote_category":0},"product_brand":[],"product_cat":[12304,14128],"product_tag":[],"class_list":{"0":"post-761334","1":"product","2":"type-product","3":"status-publish","5":"product_cat-tarih","6":"product_cat-yakin-tarih","7":"pa_cilt-ciltsiz","8":"pa_tur-kitap","9":"pa_yayinevi-soncag","10":"pa_yazar-muslum-kabadayi","12":"first","13":"instock","14":"sale","15":"shipping-taxable","16":"purchasable","17":"product-type-simple"},"_links":{"self":[{"href":"https:\/\/roveyayinevi.com.tr\/index.php\/wp-json\/wp\/v2\/product\/761334","targetHints":{"allow":["GET"]}}],"collection":[{"href":"https:\/\/roveyayinevi.com.tr\/index.php\/wp-json\/wp\/v2\/product"}],"about":[{"href":"https:\/\/roveyayinevi.com.tr\/index.php\/wp-json\/wp\/v2\/types\/product"}],"wp:attachment":[{"href":"https:\/\/roveyayinevi.com.tr\/index.php\/wp-json\/wp\/v2\/media?parent=761334"}],"wp:term":[{"taxonomy":"product_brand","embeddable":true,"href":"https:\/\/roveyayinevi.com.tr\/index.php\/wp-json\/wp\/v2\/product_brand?post=761334"},{"taxonomy":"product_cat","embeddable":true,"href":"https:\/\/roveyayinevi.com.tr\/index.php\/wp-json\/wp\/v2\/product_cat?post=761334"},{"taxonomy":"product_tag","embeddable":true,"href":"https:\/\/roveyayinevi.com.tr\/index.php\/wp-json\/wp\/v2\/product_tag?post=761334"}],"curies":[{"name":"wp","href":"https:\/\/api.w.org\/{rel}","templated":true}]}}