{"id":761305,"date":"2025-08-28T09:33:30","date_gmt":"2025-08-28T06:33:30","guid":{"rendered":"https:\/\/roveyayinevi.com.tr\/index.php\/urun\/halfabe\/"},"modified":"2026-04-16T03:14:48","modified_gmt":"2026-04-16T00:14:48","slug":"halfabe","status":"publish","type":"product","link":"https:\/\/roveyayinevi.com.tr\/index.php\/urun\/halfabe\/","title":{"rendered":"Halfabe"},"content":{"rendered":"<p>\u0130leti\u015fim kurdu\u011fumuz insanlarla harfsiz, hecesiz, kelimesiz, c\u00fcmlesiz, anla\u015fabilmek kadim bir lisan \u00e7e\u015fididir. Do\u011far do\u011fmaz bir ismi konulan insan hayat serencam\u0131nda nice h\u00e2llere gark olur. Susarak konu\u015fur, konu\u015farak susar. \u0130nsan \u00f6yle bir noktaya var\u0131r ki kelimelerle yol almas\u0131 m\u00fcmk\u00fcn olmaz. Kelimeler bu b\u00fcy\u00fck anlat\u0131ya kifayet edemez. \u0130\u015fte o zaman harfler yerine h\u00e2ller, &#8220;Alfabe&#8221; yerine &#8220;H\u00e2lfabe&#8221; devreye girer. \u00c7\u00fcnk\u00fc H\u00e2lfabe, h\u00e2l diliyle \u00f6\u011frenenlerin alfabesidir. Kendi h\u00e2line bir isim veremiyorsan e\u011fer bu sat\u0131rlara bir g\u00f6z atmal\u0131s\u0131n.Ve sen, bir ismi olan sen, ya\u015fad\u0131k\u00e7a u\u011frad\u0131\u011f\u0131n duygu durumlar\u0131na bir anlam y\u00fcklemek isteyen m\u00fcthi\u015f sen, ben yazd\u0131m sen oku, h\u00e2l diliyle oku.\u0130nsan\u0131n t\u00fcrl\u00fc t\u00fcrl\u00fc h\u00e2llerinin anlat\u0131ld\u0131\u011f\u0131 bu eserde 40 DENEME 7 \u015e\u0130\u0130R 1 H\u0130K\u00c2YE okuyacaks\u0131n\u0131z. \u0130yi h\u00e2ller dileriz&#8230;<\/p>\n","protected":false},"excerpt":{"rendered":"<p>\u0130leti\u015fim kurdu\u011fumuz insanlarla harfsiz, hecesiz, kelimesiz, c\u00fcmlesiz, anla\u015fabilmek kadim bir lisan \u00e7e\u015fididir. Do\u011far do\u011fmaz bir ismi konulan insan hayat serencam\u0131nda nice h\u00e2llere gark olur. Susarak konu\u015fur,<span class=\"excerpt-hellip\"> [\u2026]<\/span><\/p>\n","protected":false},"featured_media":0,"template":"","meta":{"_monsterinsights_skip_tracking":false,"_monsterinsights_sitenote_active":false,"_monsterinsights_sitenote_note":"","_monsterinsights_sitenote_category":0},"product_brand":[],"product_cat":[12777,12291],"product_tag":[],"class_list":{"0":"post-761305","1":"product","2":"type-product","3":"status-publish","5":"product_cat-deneme","6":"product_cat-edebiyat","7":"pa_cilt-ciltsiz","8":"pa_tur-kitap","9":"pa_yayinevi-yaka-yayinlari","10":"pa_yazar-enes-kusak","12":"first","13":"instock","14":"sale","15":"shipping-taxable","16":"purchasable","17":"product-type-simple"},"_links":{"self":[{"href":"https:\/\/roveyayinevi.com.tr\/index.php\/wp-json\/wp\/v2\/product\/761305","targetHints":{"allow":["GET"]}}],"collection":[{"href":"https:\/\/roveyayinevi.com.tr\/index.php\/wp-json\/wp\/v2\/product"}],"about":[{"href":"https:\/\/roveyayinevi.com.tr\/index.php\/wp-json\/wp\/v2\/types\/product"}],"wp:attachment":[{"href":"https:\/\/roveyayinevi.com.tr\/index.php\/wp-json\/wp\/v2\/media?parent=761305"}],"wp:term":[{"taxonomy":"product_brand","embeddable":true,"href":"https:\/\/roveyayinevi.com.tr\/index.php\/wp-json\/wp\/v2\/product_brand?post=761305"},{"taxonomy":"product_cat","embeddable":true,"href":"https:\/\/roveyayinevi.com.tr\/index.php\/wp-json\/wp\/v2\/product_cat?post=761305"},{"taxonomy":"product_tag","embeddable":true,"href":"https:\/\/roveyayinevi.com.tr\/index.php\/wp-json\/wp\/v2\/product_tag?post=761305"}],"curies":[{"name":"wp","href":"https:\/\/api.w.org\/{rel}","templated":true}]}}