{"id":761269,"date":"2025-08-28T09:32:21","date_gmt":"2025-08-28T06:32:21","guid":{"rendered":"https:\/\/roveyayinevi.com.tr\/index.php\/urun\/piyano-icin-10-makamsal-parca-10-modal-pieces-for-piano\/"},"modified":"2026-04-16T03:14:47","modified_gmt":"2026-04-16T00:14:47","slug":"piyano-icin-10-makamsal-parca-10-modal-pieces-for-piano","status":"publish","type":"product","link":"https:\/\/roveyayinevi.com.tr\/index.php\/urun\/piyano-icin-10-makamsal-parca-10-modal-pieces-for-piano\/","title":{"rendered":"Piyano \u0130\u00e7in 10 Makamsal Par\u00e7a &#8211; 10 Modal Pieces for Piano"},"content":{"rendered":"<p>Merve Dedeo\u011flu\u2019nun \u201cPiyano i\u00e7in 10 Makamsal Par\u00e7a\u201d isimli bu alb\u00fcm\u00fc, bestecinin 2011 y\u0131l\u0131nda ba\u015flay\u0131p Gazi \u00dcniversitesi G\u00fczel Sanatlar E\u011fitimi B\u00f6l\u00fcm\u00fc M\u00fczik E\u011fitimi Anabilim Dal\u0131\u2019na Doktora \u00f6\u011frencisi olarak kabul edildi\u011fi 2012 y\u0131l\u0131na kadar uzanan bir s\u00fcre\u00e7te bestelenmi\u015ftir.   Alb\u00fcmde yer verilen 10 makamsal par\u00e7an\u0131n, dokuzu \u00f6zg\u00fcn ve bir tanesi de d\u00fczenlemedir. Besteci, \u201cB\u00fclb\u00fcl\u00fcm Alt\u0131n Kafeste\u201d t\u00fcrk\u00fcs\u00fcn\u00fc kendine has bir yakla\u015f\u0131mla ele alm\u0131\u015ft\u0131r. Eserlerin tamam\u0131 Kemal \u0130lerici\u2019nin \u00f6nc\u00fcl\u00fc\u011f\u00fcn\u00fc yapt\u0131\u011f\u0131 \u201cd\u00f6rtl\u00fc armoni\u201d sisteminin etkisinde olmakla birlikte, besteci ezgisel materyali kendine \u00f6zg\u00fc duyu\u015flar\u0131n\u0131 kullanarak \u00e7ok seslendirmi\u015ftir. \u00c7e\u015fitli makam dizilerinin yer ald\u0131\u011f\u0131 bu alb\u00fcm \u00e7al\u0131\u015fmas\u0131n\u0131n, piyano \u00f6\u011frencilerinin makam bilgisini artt\u0131raca\u011f\u0131 d\u00fc\u015f\u00fcn\u00fclmektedir. Alb\u00fcmde \u201cNinni\u201d gibi teknik bak\u0131mdan \u00e7al\u0131m\u0131 daha kolay eserler bulunmakla birlikte, \u201cNefes\u201d ba\u015fl\u0131\u011f\u0131yla isimlendirilen ve teknik a\u00e7\u0131dan daha zorlay\u0131c\u0131 eserler de makamsal ezgilerin \u00f6zg\u00fcn armonilerle i\u015flenip sunulmas\u0131yla olu\u015fturulmu\u015f ve bu i\u00e7eri\u011fiyle m\u00fczik e\u011fitimine katk\u0131 sa\u011flamas\u0131 ama\u00e7lanm\u0131\u015ft\u0131r. * * * Piyano E\u011fitiminde en \u00e7ok eksikli\u011fi duyulan makamsal ezgiler, yay\u0131nlanan \u00e7e\u015fitli alb\u00fcmlerle her ge\u00e7en g\u00fcn artmakla birlikte, yeterli say\u0131ya ula\u015ft\u0131\u011f\u0131 s\u00f6ylenemez.  Bu alb\u00fcm, bu alana katk\u0131da bulunacak \u00f6nemli bir \u00e7al\u0131\u015fma niteli\u011findedir. Her hafta Bal\u0131kesir\u2019den Ankara\u2019ya gelerek azimle \u00e7al\u0131\u015fan, kendini \u00f6zellikle makamsal m\u00fczik ve bestecili\u011fi ile ilgili h\u0131zl\u0131 geli\u015ftiren sevgili \u00f6\u011frencim Merve Dedeo\u011flu\u2019nu \u00f6ncelikle kutluyor, \u00e7al\u0131\u015fmas\u0131n\u0131n t\u00fcm piyano \u00f6\u011frencilerine yararl\u0131 olmas\u0131n\u0131 diliyorum. Prof. Erdal Tu\u011fcular <\/p>\n","protected":false},"excerpt":{"rendered":"<p>Merve Dedeo\u011flu\u2019nun \u201cPiyano i\u00e7in 10 Makamsal Par\u00e7a\u201d isimli bu alb\u00fcm\u00fc, bestecinin 2011 y\u0131l\u0131nda ba\u015flay\u0131p Gazi \u00dcniversitesi G\u00fczel Sanatlar E\u011fitimi B\u00f6l\u00fcm\u00fc M\u00fczik E\u011fitimi Anabilim Dal\u0131\u2019na Doktora \u00f6\u011frencisi<span class=\"excerpt-hellip\"> [\u2026]<\/span><\/p>\n","protected":false},"featured_media":0,"template":"","meta":{"_monsterinsights_skip_tracking":false,"_monsterinsights_sitenote_active":false,"_monsterinsights_sitenote_note":"","_monsterinsights_sitenote_category":0},"product_brand":[],"product_cat":[14556],"product_tag":[],"class_list":{"0":"post-761269","1":"product","2":"type-product","3":"status-publish","5":"product_cat-muzik","6":"pa_cilt-ciltsiz","7":"pa_tur-kitap","8":"pa_yayinevi-muzik-egitimi-yayinlari","9":"pa_yazar-merve-dedeoglu","11":"first","12":"instock","13":"sale","14":"shipping-taxable","15":"purchasable","16":"product-type-simple"},"_links":{"self":[{"href":"https:\/\/roveyayinevi.com.tr\/index.php\/wp-json\/wp\/v2\/product\/761269","targetHints":{"allow":["GET"]}}],"collection":[{"href":"https:\/\/roveyayinevi.com.tr\/index.php\/wp-json\/wp\/v2\/product"}],"about":[{"href":"https:\/\/roveyayinevi.com.tr\/index.php\/wp-json\/wp\/v2\/types\/product"}],"wp:attachment":[{"href":"https:\/\/roveyayinevi.com.tr\/index.php\/wp-json\/wp\/v2\/media?parent=761269"}],"wp:term":[{"taxonomy":"product_brand","embeddable":true,"href":"https:\/\/roveyayinevi.com.tr\/index.php\/wp-json\/wp\/v2\/product_brand?post=761269"},{"taxonomy":"product_cat","embeddable":true,"href":"https:\/\/roveyayinevi.com.tr\/index.php\/wp-json\/wp\/v2\/product_cat?post=761269"},{"taxonomy":"product_tag","embeddable":true,"href":"https:\/\/roveyayinevi.com.tr\/index.php\/wp-json\/wp\/v2\/product_tag?post=761269"}],"curies":[{"name":"wp","href":"https:\/\/api.w.org\/{rel}","templated":true}]}}