{"id":761268,"date":"2025-08-28T09:32:20","date_gmt":"2025-08-28T06:32:20","guid":{"rendered":"https:\/\/roveyayinevi.com.tr\/index.php\/urun\/piyano-icin-5-parca-5-pieces-for-piano\/"},"modified":"2026-04-16T03:14:47","modified_gmt":"2026-04-16T00:14:47","slug":"piyano-icin-5-parca-5-pieces-for-piano","status":"publish","type":"product","link":"https:\/\/roveyayinevi.com.tr\/index.php\/urun\/piyano-icin-5-parca-5-pieces-for-piano\/","title":{"rendered":"Piyano \u0130\u00e7in 5 Par\u00e7a &#8211; 5 Pieces for Piano"},"content":{"rendered":"<p>Merve Dedeo\u011flu\u2019nun \u201cPiyano i\u00e7in 5 Par\u00e7a\u201d  isimli piyano alb\u00fcm\u00fc 2004 y\u0131l\u0131nda bestelenmi\u015ftir. Tonal materyalin kullan\u0131ld\u0131\u011f\u0131 bu be\u015f par\u00e7ada akorlar genel olarak i\u015flevsellikleri d\u0131\u015f\u0131nda kullan\u0131lm\u0131\u015ft\u0131r.   Alb\u00fcmde yer alan 5 par\u00e7a bir s\u00fcit olarak ele al\u0131nabilece\u011fi gibi, ayr\u0131 ayr\u0131 da d\u00fc\u015f\u00fcn\u00fclebilir. Bu eserdeki i\u015flevsellikleri d\u0131\u015f\u0131nda kullan\u0131lan tonal materyal yakla\u015f\u0131mla birlikte besteci, zengin bir armonik dil geli\u015ftirmi\u015ftir. M\u00fczik c\u00fcmlelerinin geli\u015fim ve sonu\u00e7lanmalar\u0131ndaki beklenmeyen ezgisel ve armonik y\u00fcr\u00fcy\u00fc\u015fler, eserleri dinleyici i\u00e7in s\u00fcrprizlere a\u00e7\u0131k hale getirmektedir. \u00d6zellikle be\u015finci par\u00e7ada s\u0131kl\u0131kla de\u011fi\u015fen armonik yap\u0131, esere yo\u011fun bir ifade g\u00fcc\u00fc katmaktad\u0131r. Armonik yap\u0131n\u0131n zenginli\u011fine \u00f6nem veren bestecinin canl\u0131 ve g\u00f6z al\u0131c\u0131 armonik arka plan\u0131, eserin ba\u015f\u0131ndan sonuna kadar dikkat \u00e7ekmektedir. Onur \u00d6zmen * * * \u201cPiyano i\u00e7in 5 Par\u00e7a\u201dn\u0131n tamam\u0131 22 Kas\u0131m 2004 tarihinde Dokuz Eyl\u00fcl \u00dcniversitesi Devlet Konservatuvar\u0131 Kompozisyon ve Orkestra \u015eefli\u011fi Ana Sanat Dal\u0131 Konserinde Ece \u00d6zdeniz taraf\u0131ndan seslendirilmi\u015ftir. <\/p>\n","protected":false},"excerpt":{"rendered":"<p>Merve Dedeo\u011flu\u2019nun \u201cPiyano i\u00e7in 5 Par\u00e7a\u201d isimli piyano alb\u00fcm\u00fc 2004 y\u0131l\u0131nda bestelenmi\u015ftir. Tonal materyalin kullan\u0131ld\u0131\u011f\u0131 bu be\u015f par\u00e7ada akorlar genel olarak i\u015flevsellikleri d\u0131\u015f\u0131nda kullan\u0131lm\u0131\u015ft\u0131r. Alb\u00fcmde yer<span class=\"excerpt-hellip\"> [\u2026]<\/span><\/p>\n","protected":false},"featured_media":0,"template":"","meta":{"_monsterinsights_skip_tracking":false,"_monsterinsights_sitenote_active":false,"_monsterinsights_sitenote_note":"","_monsterinsights_sitenote_category":0},"product_brand":[],"product_cat":[14556],"product_tag":[],"class_list":{"0":"post-761268","1":"product","2":"type-product","3":"status-publish","5":"product_cat-muzik","6":"pa_cilt-ciltsiz","7":"pa_tur-kitap","8":"pa_yayinevi-muzik-egitimi-yayinlari","9":"pa_yazar-merve-dedeoglu","11":"first","12":"instock","13":"sale","14":"shipping-taxable","15":"purchasable","16":"product-type-simple"},"_links":{"self":[{"href":"https:\/\/roveyayinevi.com.tr\/index.php\/wp-json\/wp\/v2\/product\/761268","targetHints":{"allow":["GET"]}}],"collection":[{"href":"https:\/\/roveyayinevi.com.tr\/index.php\/wp-json\/wp\/v2\/product"}],"about":[{"href":"https:\/\/roveyayinevi.com.tr\/index.php\/wp-json\/wp\/v2\/types\/product"}],"wp:attachment":[{"href":"https:\/\/roveyayinevi.com.tr\/index.php\/wp-json\/wp\/v2\/media?parent=761268"}],"wp:term":[{"taxonomy":"product_brand","embeddable":true,"href":"https:\/\/roveyayinevi.com.tr\/index.php\/wp-json\/wp\/v2\/product_brand?post=761268"},{"taxonomy":"product_cat","embeddable":true,"href":"https:\/\/roveyayinevi.com.tr\/index.php\/wp-json\/wp\/v2\/product_cat?post=761268"},{"taxonomy":"product_tag","embeddable":true,"href":"https:\/\/roveyayinevi.com.tr\/index.php\/wp-json\/wp\/v2\/product_tag?post=761268"}],"curies":[{"name":"wp","href":"https:\/\/api.w.org\/{rel}","templated":true}]}}