{"id":761258,"date":"2025-08-28T09:32:02","date_gmt":"2025-08-28T06:32:02","guid":{"rendered":"https:\/\/roveyayinevi.com.tr\/index.php\/urun\/ii-abdulhamitin-yitirdigi-balkan-topraklari\/"},"modified":"2026-04-16T03:14:46","modified_gmt":"2026-04-16T00:14:46","slug":"ii-abdulhamitin-yitirdigi-balkan-topraklari","status":"publish","type":"product","link":"https:\/\/roveyayinevi.com.tr\/index.php\/urun\/ii-abdulhamitin-yitirdigi-balkan-topraklari\/","title":{"rendered":"II. Abd\u00fclhamit\u2019in Yitirdi\u011fi Balkan Topraklar\u0131"},"content":{"rendered":"<p>Tarihsel alg\u0131 y\u00f6netimi konusundaki g\u00fcncel sapt\u0131rmalardan biri, Padi\u015fah II. Abd\u00fclhamit\u2019in \u201ctek bir metrekare Osmanl\u0131 topra\u011f\u0131 kaybetmeyen Ulu Hakan\u201d olarak y\u00fcceltilmesidir. Tarihsel ger\u00e7eklere dayanmayan bu iddian\u0131n hi\u00e7bir ge\u00e7erlili\u011finin olmad\u0131\u011f\u0131n\u0131 ortaya koymak ve \u00fclkemiz kamuoyunu do\u011fru yolda ayd\u0131nlatabilmek amac\u0131yla kaleme al\u0131nan bu kitap, \u201cresmi yalanlara\u201d verilmi\u015f bir yan\u0131t niteli\u011findedir. Osmanl\u0131\u2019n\u0131n bir bu\u00e7uk milyon kilometrekare topra\u011f\u0131n\u0131 yitiren, D\u00fcyun-u Umumiye ile imparatorlu\u011fu iflasa s\u00fcr\u00fckleyen, bask\u0131c\u0131 y\u00f6netimiyle Mithat Pa\u015fa\u2019dan ba\u015flamak \u00fczere d\u00f6nemin t\u00fcm ayd\u0131nlar\u0131n\u0131 \u201cistibdat zindanlar\u0131nda\u201d \u00e7\u00fcr\u00fcten II. Abd\u00fclhamit d\u00f6neminde, b\u00fcy\u00fck bir imparatorluk, \u00e7a\u011f\u0131n gereksinimlerini kar\u015f\u0131layamayan kurumlar\u0131yla birlikte \u00e7\u00f6k\u00fc\u015f s\u00fcrecine girmi\u015ftir. E\u011fer tarihten gerekli dersler al\u0131namazsa, Atat\u00fcrk\u2019\u00fcn kurdu\u011fu T\u00fcrkiye Cumhuriyeti iyi y\u00f6netilemez ve \u00e7a\u011fda\u015f uygarl\u0131k d\u00fczeyine eri\u015femezse, ne denli b\u00fcy\u00fck tehlikelerle kar\u015f\u0131 kar\u015f\u0131ya kalabilece\u011fimizi ve hatta Bat\u0131l\u0131 devletlerin g\u00f6z\u00fcnde yeniden \u201cHasta Adam\u201d konumuna indirgenebilece\u011fimizi hi\u00e7bir zaman akl\u0131m\u0131zdan \u00e7\u0131karmamal\u0131y\u0131z. Diplomasi tarih\u00e7isi Do\u00e7. Dr. H\u00fcner Tuncer, Osmanl\u0131\u2019n\u0131n son d\u00f6neminde Avrupa devletleriyle olan ili\u015fkilerini irdeliyor, Balkanlar co\u011frafyas\u0131n\u0131n elden \u00e7\u0131k\u0131\u015f\u0131n\u0131 \u00f6zetliyor ve o d\u00f6nemde yap\u0131lm\u0131\u015f olan yanl\u0131\u015fl\u0131klar\u0131 g\u00f6zler \u00f6n\u00fcne seriyor. <\/p>\n","protected":false},"excerpt":{"rendered":"<p>Tarihsel alg\u0131 y\u00f6netimi konusundaki g\u00fcncel sapt\u0131rmalardan biri, Padi\u015fah II. Abd\u00fclhamit\u2019in \u201ctek bir metrekare Osmanl\u0131 topra\u011f\u0131 kaybetmeyen Ulu Hakan\u201d olarak y\u00fcceltilmesidir. Tarihsel ger\u00e7eklere dayanmayan bu iddian\u0131n hi\u00e7bir<span class=\"excerpt-hellip\"> [\u2026]<\/span><\/p>\n","protected":false},"featured_media":0,"template":"","meta":{"_monsterinsights_skip_tracking":false,"_monsterinsights_sitenote_active":false,"_monsterinsights_sitenote_note":"","_monsterinsights_sitenote_category":0},"product_brand":[],"product_cat":[12370,12304],"product_tag":[],"class_list":{"0":"post-761258","1":"product","2":"type-product","3":"status-publish","5":"product_cat-arastirma-inceleme","6":"product_cat-tarih","7":"pa_cilt-ciltsiz","8":"pa_tur-kitap","9":"pa_yayinevi-cumhuriyet-kitaplari","10":"pa_yazar-huner-tuncer","12":"first","13":"instock","14":"sale","15":"shipping-taxable","16":"purchasable","17":"product-type-simple"},"_links":{"self":[{"href":"https:\/\/roveyayinevi.com.tr\/index.php\/wp-json\/wp\/v2\/product\/761258","targetHints":{"allow":["GET"]}}],"collection":[{"href":"https:\/\/roveyayinevi.com.tr\/index.php\/wp-json\/wp\/v2\/product"}],"about":[{"href":"https:\/\/roveyayinevi.com.tr\/index.php\/wp-json\/wp\/v2\/types\/product"}],"wp:attachment":[{"href":"https:\/\/roveyayinevi.com.tr\/index.php\/wp-json\/wp\/v2\/media?parent=761258"}],"wp:term":[{"taxonomy":"product_brand","embeddable":true,"href":"https:\/\/roveyayinevi.com.tr\/index.php\/wp-json\/wp\/v2\/product_brand?post=761258"},{"taxonomy":"product_cat","embeddable":true,"href":"https:\/\/roveyayinevi.com.tr\/index.php\/wp-json\/wp\/v2\/product_cat?post=761258"},{"taxonomy":"product_tag","embeddable":true,"href":"https:\/\/roveyayinevi.com.tr\/index.php\/wp-json\/wp\/v2\/product_tag?post=761258"}],"curies":[{"name":"wp","href":"https:\/\/api.w.org\/{rel}","templated":true}]}}