{"id":761240,"date":"2025-08-28T09:31:28","date_gmt":"2025-08-28T06:31:28","guid":{"rendered":"https:\/\/roveyayinevi.com.tr\/index.php\/urun\/haclilarin-dunyasi-ciltli\/"},"modified":"2026-04-16T03:14:46","modified_gmt":"2026-04-16T00:14:46","slug":"haclilarin-dunyasi-ciltli","status":"publish","type":"product","link":"https:\/\/roveyayinevi.com.tr\/index.php\/urun\/haclilarin-dunyasi-ciltli\/","title":{"rendered":"Ha\u00e7l\u0131lar\u0131n D\u00fcnyas\u0131 (C\u0130LTL\u0130)"},"content":{"rendered":"<p>HA\u00c7LI SEFERLER\u0130 \u0130\u00c7\u0130N MUAZZAM B\u0130R REHBER   \u201cHa\u00e7l\u0131 Seferleri, Ha\u00e7l\u0131lar ve onlar\u0131n in\u015fa etti\u011fi d\u00fcnya hakk\u0131nda ola\u011fan\u00fcst\u00fc bir kitap. Tyerman, okuyucuya sadece rehberlik etmekle kalm\u0131yor; onlar\u0131 bir zaman yolculu\u011funa da \u00e7\u0131kar\u0131yor.\u201d -Peter Frankopan   Ha\u00e7l\u0131lar\u0131n D\u00fcnyas\u0131, Orta \u00c7a\u011f tarihinin en karma\u015f\u0131k ve tart\u0131\u015fmal\u0131 konular\u0131ndan birinin m\u00fckemmel bir \u00f6zetini sunuyor. Zengin renkli g\u00f6rseller, muhte\u015fem bir \u00fcslup ve birincil kaynaklar\u0131n yan\u0131 s\u0131ra en g\u00fcncel akademik \u00e7al\u0131\u015fmalar\u0131 i\u00e7eren bu son derece kapsaml\u0131 kitap hem akademisyenlerin hem de tarih merakl\u0131lar\u0131n\u0131n vazge\u00e7ilmez el kitab\u0131 olacak. Christopher Tyerman\u2019\u0131n ansiklopedik \u00e7al\u0131\u015fmas\u0131, Ha\u00e7l\u0131 Seferlerinin bahsedildi\u011fi her sohbette yer bulacak, bundan sonra yap\u0131lacak Ha\u00e7l\u0131 Seferleri \u00e7al\u0131\u015fmalar\u0131nda mutlaka bahsedilecek \u00f6l\u00e7\u00fct bir \u00e7al\u0131\u015fma! 12. ve 14. y\u00fczy\u0131llar aras\u0131nda ger\u00e7ekle\u015fen Ha\u00e7l\u0131 Seferleri, d\u00fcnya tarihinin din u\u011fruna y\u00fcr\u00fct\u00fclen en b\u00fcy\u00fck askeri organizasyonlar\u0131n\u0131n ba\u015f\u0131nda gelir. Avrupa\u2019dan kara ve deniz yoluyla Do\u011fu Akdeniz sahas\u0131na ak\u0131n ak\u0131n gelen bu H\u0131ristiyan krallar, prensler, soylular, askerler ve k\u00f6yl\u00fclerin as\u0131l amac\u0131 Kud\u00fcs\u2019\u00fc ele ge\u00e7irmekti. Gelirken beraberlerinde y\u0131k\u0131m getirdiler, d\u00f6n\u00fc\u015fte yanlar\u0131nda Do\u011fu\u2019nun zenginliklerini ve Avrupa\u2019ya yabanc\u0131 farkl\u0131 \u00fcr\u00fcnleri g\u00f6t\u00fcrd\u00fcler. Bu seferlerin hedefi sadece Yak\u0131n Do\u011fu olmad\u0131; Papal\u0131k tehlike olarak g\u00f6rd\u00fc\u011f\u00fc Osmanl\u0131 T\u00fcrkleri \u00fczerine de Ha\u00e7l\u0131 Seferi \u00e7a\u011fr\u0131s\u0131nda bulundu. Bazen de Avrupa i\u00e7erisinde kom\u015fular\u0131 olan Yahudiler veya pagan topluluklar \u00fczerine seferler d\u00fczenlendi. Hepsinin amac\u0131 ise tekti: H\u0131r\u0131stiyan toplulu\u011fun g\u00fcvenli\u011fini ne pahas\u0131na olursa olsun korumak. Oxford \u00dcniversitesi\u2019nde Ha\u00e7l\u0131 Seferleri Tarihi Profes\u00f6r\u00fc olan Christopher Tyerman Ha\u00e7l\u0131lar\u0131n D\u00fcnyas\u0131: Resimli Ha\u00e7l\u0131 Seferleri Rehberi\u2019nde y\u00fczlerce renkli g\u00f6rsel, harita, \u015fema ve bilgi kutusu kullanarak bu seferleri derinlemesine inceliyor. Seferlerin neden ve nas\u0131l organize edildi\u011fini, seferlerden etkilenen Araplar, T\u00fcrkler ve paganlar\u0131n bu ak\u0131nlar kar\u015f\u0131s\u0131nda neler yapt\u0131\u011f\u0131n\u0131 b\u00fcy\u00fck bir ustal\u0131kla ele al\u0131yor. Ha\u00e7l\u0131 Seferlerine dair T\u00fcrk\u00e7edeki en iddial\u0131, kapsaml\u0131 ve ayr\u0131nt\u0131l\u0131 eser olan Ha\u00e7l\u0131lar\u0131n D\u00fcnyas\u0131: Resimli Ha\u00e7l\u0131 Seferleri Rehberi benzersiz bir ba\u015fucu eseri.<\/p>\n","protected":false},"excerpt":{"rendered":"<p>HA\u00c7LI SEFERLER\u0130 \u0130\u00c7\u0130N MUAZZAM B\u0130R REHBER \u201cHa\u00e7l\u0131 Seferleri, Ha\u00e7l\u0131lar ve onlar\u0131n in\u015fa etti\u011fi d\u00fcnya hakk\u0131nda ola\u011fan\u00fcst\u00fc bir kitap. Tyerman, okuyucuya sadece rehberlik etmekle kalm\u0131yor; onlar\u0131 bir<span class=\"excerpt-hellip\"> [\u2026]<\/span><\/p>\n","protected":false},"featured_media":0,"template":"","meta":{"_monsterinsights_skip_tracking":false,"_monsterinsights_sitenote_active":false,"_monsterinsights_sitenote_note":"","_monsterinsights_sitenote_category":0},"product_brand":[],"product_cat":[12304],"product_tag":[],"class_list":{"0":"post-761240","1":"product","2":"type-product","3":"status-publish","5":"product_cat-tarih","6":"pa_cilt-ciltli","7":"pa_tur-kitap","8":"pa_yayinevi-kronik-kitap","9":"pa_yazar-christopher-tyerman","11":"first","12":"instock","13":"sale","14":"shipping-taxable","15":"purchasable","16":"product-type-simple"},"_links":{"self":[{"href":"https:\/\/roveyayinevi.com.tr\/index.php\/wp-json\/wp\/v2\/product\/761240","targetHints":{"allow":["GET"]}}],"collection":[{"href":"https:\/\/roveyayinevi.com.tr\/index.php\/wp-json\/wp\/v2\/product"}],"about":[{"href":"https:\/\/roveyayinevi.com.tr\/index.php\/wp-json\/wp\/v2\/types\/product"}],"wp:attachment":[{"href":"https:\/\/roveyayinevi.com.tr\/index.php\/wp-json\/wp\/v2\/media?parent=761240"}],"wp:term":[{"taxonomy":"product_brand","embeddable":true,"href":"https:\/\/roveyayinevi.com.tr\/index.php\/wp-json\/wp\/v2\/product_brand?post=761240"},{"taxonomy":"product_cat","embeddable":true,"href":"https:\/\/roveyayinevi.com.tr\/index.php\/wp-json\/wp\/v2\/product_cat?post=761240"},{"taxonomy":"product_tag","embeddable":true,"href":"https:\/\/roveyayinevi.com.tr\/index.php\/wp-json\/wp\/v2\/product_tag?post=761240"}],"curies":[{"name":"wp","href":"https:\/\/api.w.org\/{rel}","templated":true}]}}