{"id":761220,"date":"2025-08-28T09:30:47","date_gmt":"2025-08-28T06:30:47","guid":{"rendered":"https:\/\/roveyayinevi.com.tr\/index.php\/urun\/16-buyuk-turk-devleti\/"},"modified":"2026-04-16T03:14:45","modified_gmt":"2026-04-16T00:14:45","slug":"16-buyuk-turk-devleti","status":"publish","type":"product","link":"https:\/\/roveyayinevi.com.tr\/index.php\/urun\/16-buyuk-turk-devleti\/","title":{"rendered":"16 B\u00fcy\u00fck T\u00fcrk Devleti"},"content":{"rendered":"<p>\u0130kiz karde\u015fler Bilge Ka\u011fan ve Beg\u00fcm ile maceraya haz\u0131r m\u0131s\u0131n\u0131z \u00e7ocuklar? 6. S\u0131n\u0131fa giden ikiz karde\u015fler, \u00e7ocukluklar\u0131n\u0131 doyas\u0131ya ya\u015farken, bir yandan da okul arkada\u015flar\u0131 ile payla\u015ft\u0131klar\u0131 anlar\u0131n tad\u0131n\u0131 \u00e7\u0131kar\u0131yorlar. Sosyal Bilgiler \u00d6\u011fretmeni\u2019nin verdi\u011fi \u00f6dev ise durumu biraz de\u011fi\u015ftiriyor gibi. \u201cYine mi \u00f6dev?!\u201d sorular\u0131n\u0131 duyar gibiyiz. Bilge Ka\u011fan ile Beg\u00fcm de aynen b\u00f6yle soruyorlar \u00f6\u011fretmenlerine. T\u00fcm s\u0131n\u0131f\u0131n morali, \u00f6dev laf\u0131n\u0131 duyar duymaz bozuluyor. Fakat bu \u00f6dev farkl\u0131 m\u0131 ne? \u00c7ocuklar\u0131, tarihte k\u00fc\u00e7\u00fck bir zaman yolculu\u011funa \u00e7\u0131kar\u0131yor sanki. \u00dcstelik s\u00fcrekli adlar\u0131n\u0131 duyduklar\u0131 16 B\u00fcy\u00fck T\u00fcrk Devleti ile tan\u0131\u015f\u0131yorlar birer birer. \u0130lteri\u015f \u00d6\u011fretmen de bo\u015f durmuyor, onlar \u00f6dev yaparken, kendince bir s\u00fcrpriz haz\u0131rl\u0131yor. Acaba s\u00fcrpriz ne? \u00c7ocuklar okulda neler yapar? Okul s\u0131k\u0131c\u0131 m\u0131d\u0131r? Ara\u015ft\u0131rma Tak\u0131m\u0131, diye tak\u0131m m\u0131 olur? Ara\u015ft\u0131rma yaparken nelere dikkat edilmeli? \u0130nternet zararl\u0131 m\u0131d\u0131r? Sosyal medya yarat\u0131c\u0131 fikirlerle kullan\u0131labilir mi? 16 B\u00fcy\u00fck T\u00fcrk Devleti, bir efsane mi? Yoksa tarihi bir ger\u00e7e\u011fi mi anlat\u0131yor? Cumhurba\u015fkanl\u0131\u011f\u0131 Forsu\u2019ndaki y\u0131ld\u0131zlar ne anlat\u0131yor? E\u011flenirken \u00f6\u011frenmek m\u00fcmk\u00fcn m\u00fc? Bilge Ka\u011fan ile Beg\u00fcm, arkada\u015flar\u0131 Ay\u00e7a ve Alper ile t\u00fcm \u00e7ocuklar\u0131 Ara\u015ft\u0131rma Tak\u0131m\u0131\u2019na kat\u0131lmaya \u00e7a\u011f\u0131r\u0131yorlar bu kitap ile. Birlikte e\u011flenmek, \u00e7ocuk\u00e7a ya\u015famak, hayat\u0131n keyfini \u00e7\u0131karmak i\u00e7in, haydi siz de kat\u0131l\u0131n Ara\u015ft\u0131rma Tak\u0131m\u0131\u2019na! \u00c7ocuklar\u0131m\u0131z\u0131n, g\u00fcn\u00fcm\u00fcz ko\u015fullar\u0131 nedeniyle gitgide okumaktan uzakla\u015ft\u0131klar\u0131 bir vak\u0131a. Bu hususta elbette, ba\u015fta \u00f6\u011fretmen, anne, baba, yazar ve yay\u0131nevleri olma \u00fczere hepimize d\u00fc\u015fen g\u00f6revler var. Yay\u0131nevimiz, bu durumun hassasiyetinin bilincinde olarak, en ba\u015fta onlara hitap eden, i\u00e7erik olarak g\u00fcvenle okutulabilecek, keyifli, e\u011flenceli ve dolu dolu kitaplar sunmay\u0131 ama\u00e7l\u0131yor \u00e7ocuklar\u0131m\u0131za. \u00c7ocuk kitaplar\u0131 ba\u015fta olmak \u00fczere, bir\u00e7ok kitab\u0131 K\u00fclt\u00fcr ve Turizm Bakanl\u0131\u011f\u0131 taraf\u0131ndan k\u00fct\u00fcphanelerde okuyucular\u0131n yararlanmas\u0131na sunulan Hakan KARCI\u2019n\u0131n kaleminden \u00e7\u0131kan, \u201cBilge Ka\u011fan ile Beg\u00fcm Ara\u015ft\u0131r\u0131yor-16 B\u00dcY\u00dcK T\u00dcRK DEVLET\u0130\u201d de bu kitaplardan. 10 ya\u015f ve \u00fczerindeki, okuduk\u00e7a e\u011flenen, e\u011flenerek \u00f6\u011frenen, y\u00fczlerinden g\u00fcl\u00fcc\u00fck eksik olmayan, mutlu ve huzurlu \u00e7ocuklar\u0131m\u0131z\u0131, Bilge Ka\u011fan ile Beg\u00fcm\u2019e ve Ara\u015ft\u0131rma Tak\u0131m\u0131\u2019na kat\u0131lmaya davet ediyoruz. <\/p>\n","protected":false},"excerpt":{"rendered":"<p>\u0130kiz karde\u015fler Bilge Ka\u011fan ve Beg\u00fcm ile maceraya haz\u0131r m\u0131s\u0131n\u0131z \u00e7ocuklar? 6. S\u0131n\u0131fa giden ikiz karde\u015fler, \u00e7ocukluklar\u0131n\u0131 doyas\u0131ya ya\u015farken, bir yandan da okul arkada\u015flar\u0131 ile payla\u015ft\u0131klar\u0131<span class=\"excerpt-hellip\"> [\u2026]<\/span><\/p>\n","protected":false},"featured_media":0,"template":"","meta":{"_monsterinsights_skip_tracking":false,"_monsterinsights_sitenote_active":false,"_monsterinsights_sitenote_note":"","_monsterinsights_sitenote_category":0},"product_brand":[],"product_cat":[12274,12284],"product_tag":[],"class_list":{"0":"post-761220","1":"product","2":"type-product","3":"status-publish","5":"product_cat-cocuk-ve-genclik-kitaplari","6":"product_cat-hikayeler","7":"pa_cilt-ciltsiz","8":"pa_tur-kitap","9":"pa_yayinevi-kaptan-kitap","10":"pa_yazar-hakan-karci","12":"first","13":"instock","14":"sale","15":"shipping-taxable","16":"purchasable","17":"product-type-simple"},"_links":{"self":[{"href":"https:\/\/roveyayinevi.com.tr\/index.php\/wp-json\/wp\/v2\/product\/761220","targetHints":{"allow":["GET"]}}],"collection":[{"href":"https:\/\/roveyayinevi.com.tr\/index.php\/wp-json\/wp\/v2\/product"}],"about":[{"href":"https:\/\/roveyayinevi.com.tr\/index.php\/wp-json\/wp\/v2\/types\/product"}],"wp:attachment":[{"href":"https:\/\/roveyayinevi.com.tr\/index.php\/wp-json\/wp\/v2\/media?parent=761220"}],"wp:term":[{"taxonomy":"product_brand","embeddable":true,"href":"https:\/\/roveyayinevi.com.tr\/index.php\/wp-json\/wp\/v2\/product_brand?post=761220"},{"taxonomy":"product_cat","embeddable":true,"href":"https:\/\/roveyayinevi.com.tr\/index.php\/wp-json\/wp\/v2\/product_cat?post=761220"},{"taxonomy":"product_tag","embeddable":true,"href":"https:\/\/roveyayinevi.com.tr\/index.php\/wp-json\/wp\/v2\/product_tag?post=761220"}],"curies":[{"name":"wp","href":"https:\/\/api.w.org\/{rel}","templated":true}]}}

16 Büyük Türk Devleti

<p>İkiz kardeşler Bilge Kağan ve Begüm ile maceraya hazır mısınız çocuklar? 6. Sınıfa giden ikiz kardeşler, çocukluklarını doyasıya yaşarken, bir yandan da okul arkadaşları ile paylaştıkları anların tadını çıkarıyorlar. Sosyal Bilgiler Öğretmeni’nin verdiği ödev ise durumu biraz değiştiriyor gibi. “Yine mi ödev?!” sorularını duyar gibiyiz. Bilge Kağan ile Begüm de aynen böyle soruyorlar öğretmenlerine. Tüm sınıfın morali, ödev lafını duyar duymaz bozuluyor. Fakat bu ödev farklı mı ne? Çocukları, tarihte küçük bir zaman yolculuğuna çıkarıyor sanki. Üstelik sürekli adlarını duydukları 16 Büyük Türk Devleti ile tanışıyorlar birer birer. İlteriş Öğretmen de boş durmuyor, onlar ödev yaparken, kendince bir sürpriz hazırlıyor. Acaba sürpriz ne? Çocuklar okulda neler yapar? Okul sıkıcı mıdır? Araştırma Takımı, diye takım mı olur? Araştırma yaparken nelere dikkat edilmeli? İnternet zararlı mıdır? Sosyal medya yaratıcı fikirlerle kullanılabilir mi? 16 Büyük Türk Devleti, bir efsane mi? Yoksa tarihi bir gerçeği mi anlatıyor? Cumhurbaşkanlığı Forsu’ndaki yıldızlar ne anlatıyor? Eğlenirken öğrenmek mümkün mü? Bilge Kağan ile Begüm, arkadaşları Ayça ve Alper ile tüm çocukları Araştırma Takımı’na katılmaya çağırıyorlar bu kitap ile. Birlikte eğlenmek, çocukça yaşamak, hayatın keyfini çıkarmak için, haydi siz de katılın Araştırma Takımı’na! Çocuklarımızın, günümüz koşulları nedeniyle gitgide okumaktan uzaklaştıkları bir vakıa. Bu hususta elbette, başta öğretmen, anne, baba, yazar ve yayınevleri olma üzere hepimize düşen görevler var. Yayınevimiz, bu durumun hassasiyetinin bilincinde olarak, en başta onlara hitap eden, içerik olarak güvenle okutulabilecek, keyifli, eğlenceli ve dolu dolu kitaplar sunmayı amaçlıyor çocuklarımıza. Çocuk kitapları başta olmak üzere, birçok kitabı Kültür ve Turizm Bakanlığı tarafından kütüphanelerde okuyucuların yararlanmasına sunulan Hakan KARCI’nın kaleminden çıkan, “Bilge Kağan ile Begüm Araştırıyor-16 BÜYÜK TÜRK DEVLETİ” de bu kitaplardan. 10 yaş ve üzerindeki, okudukça eğlenen, eğlenerek öğrenen, yüzlerinden gülücük eksik olmayan, mutlu ve huzurlu çocuklarımızı, Bilge Kağan ile Begüm’e ve Araştırma Takımı’na katılmaya davet ediyoruz. </p>

<p>İkiz kardeşler Bilge Kağan ve Begüm ile maceraya hazır mısınız çocuklar? 6. Sınıfa giden ikiz kardeşler, çocukluklarını doyasıya yaşarken, bir yandan da okul arkadaşları ile paylaştıkları<span class="excerpt-hellip"> […]</span></p>
