{"id":761201,"date":"2025-08-28T09:30:14","date_gmt":"2025-08-28T06:30:14","guid":{"rendered":"https:\/\/roveyayinevi.com.tr\/index.php\/urun\/yuk-yeri\/"},"modified":"2026-04-16T03:14:45","modified_gmt":"2026-04-16T00:14:45","slug":"yuk-yeri","status":"publish","type":"product","link":"https:\/\/roveyayinevi.com.tr\/index.php\/urun\/yuk-yeri\/","title":{"rendered":"Y\u00fck Yeri"},"content":{"rendered":"<p>Par\u00e7alar\u0131n tarihi d\u00fcnyay\u0131 ararken ba\u015flad\u0131. Y\u00fck\u00fc ta\u015f\u0131yamayandan almak i\u00e7in yeni aletler icat ettik. B\u00fct\u00fcn g\u00f6revini tamamlam\u0131\u015ft\u0131. Do\u011fan\u0131n ya da \u00fcretimin yanl\u0131\u015flar\u0131n\u0131 d\u00fczeltmemiz gerekiyordu. Devam i\u00e7in otlar kadar yetenekli olsayd\u0131k, kesmek yerine k\u0131r\u0131lman\u0131n k\u0131ymetinde kal\u0131rd\u0131k.<\/p>\n","protected":false},"excerpt":{"rendered":"<p>Par\u00e7alar\u0131n tarihi d\u00fcnyay\u0131 ararken ba\u015flad\u0131. Y\u00fck\u00fc ta\u015f\u0131yamayandan almak i\u00e7in yeni aletler icat ettik. B\u00fct\u00fcn g\u00f6revini tamamlam\u0131\u015ft\u0131. Do\u011fan\u0131n ya da \u00fcretimin yanl\u0131\u015flar\u0131n\u0131 d\u00fczeltmemiz gerekiyordu. Devam i\u00e7in otlar<span class=\"excerpt-hellip\"> [\u2026]<\/span><\/p>\n","protected":false},"featured_media":0,"template":"","meta":{"_monsterinsights_skip_tracking":false,"_monsterinsights_sitenote_active":false,"_monsterinsights_sitenote_note":"","_monsterinsights_sitenote_category":0},"product_brand":[],"product_cat":[12291,12509],"product_tag":[],"class_list":{"0":"post-761201","1":"product","2":"type-product","3":"status-publish","5":"product_cat-edebiyat","6":"product_cat-siir","7":"pa_cilt-ciltsiz","8":"pa_tur-kitap","9":"pa_yayinevi-kirmizi-kedi-yayinevi","10":"pa_yazar-nihat-ozdal","12":"first","13":"instock","14":"sale","15":"shipping-taxable","16":"purchasable","17":"product-type-simple"},"_links":{"self":[{"href":"https:\/\/roveyayinevi.com.tr\/index.php\/wp-json\/wp\/v2\/product\/761201","targetHints":{"allow":["GET"]}}],"collection":[{"href":"https:\/\/roveyayinevi.com.tr\/index.php\/wp-json\/wp\/v2\/product"}],"about":[{"href":"https:\/\/roveyayinevi.com.tr\/index.php\/wp-json\/wp\/v2\/types\/product"}],"wp:attachment":[{"href":"https:\/\/roveyayinevi.com.tr\/index.php\/wp-json\/wp\/v2\/media?parent=761201"}],"wp:term":[{"taxonomy":"product_brand","embeddable":true,"href":"https:\/\/roveyayinevi.com.tr\/index.php\/wp-json\/wp\/v2\/product_brand?post=761201"},{"taxonomy":"product_cat","embeddable":true,"href":"https:\/\/roveyayinevi.com.tr\/index.php\/wp-json\/wp\/v2\/product_cat?post=761201"},{"taxonomy":"product_tag","embeddable":true,"href":"https:\/\/roveyayinevi.com.tr\/index.php\/wp-json\/wp\/v2\/product_tag?post=761201"}],"curies":[{"name":"wp","href":"https:\/\/api.w.org\/{rel}","templated":true}]}}