{"id":761197,"date":"2025-08-28T09:30:07","date_gmt":"2025-08-28T06:30:07","guid":{"rendered":"https:\/\/roveyayinevi.com.tr\/index.php\/urun\/kum-adam-ile-kaplumbagalar\/"},"modified":"2026-04-16T03:14:45","modified_gmt":"2026-04-16T00:14:45","slug":"kum-adam-ile-kaplumbagalar","status":"publish","type":"product","link":"https:\/\/roveyayinevi.com.tr\/index.php\/urun\/kum-adam-ile-kaplumbagalar\/","title":{"rendered":"Kum Adam ile Kaplumba\u011falar"},"content":{"rendered":"<p>\u00dczerine masal tozu serpilmi\u015f bir yaz tatili&#8230;\u0130ngiliz \u00e7ocuk edebiyat\u0131n\u0131n ya\u015fayan efsanelerinden Michael Morpurgo&#8217;nun kaleme al\u0131p bol \u00f6d\u00fcll\u00fc \u00e7izer Tony Ross&#8217;un resimledi\u011fi Kum Adam ile Kaplumba\u011falar, belleklerde iz b\u0131rakacak bir tatil maceras\u0131na d\u00fcmen \u00e7eviriyor.Masal gelene\u011finden ve yerel s\u00f6ylencelerden beslenerek hayal ile ger\u00e7ek aras\u0131nda k\u00f6pr\u00fcler kuran bu s\u00fcr\u00fckleyici roman, e\u011flenceli anlat\u0131m\u0131n\u0131n sat\u0131r aralar\u0131nda aile ili\u015fkilerine, arkada\u015fl\u0131\u011fa ve dayan\u0131\u015fmaya dair s\u0131cac\u0131k payla\u015f\u0131mlarda bulunuyor.\u00c7ocuklar\u0131n kurgu d\u00fcnyas\u0131nda hayal g\u00fcc\u00fcn\u00fcn ve yarat\u0131c\u0131l\u0131\u011f\u0131n yans\u0131malar\u0131na dikkat \u00e7eken kitap, bir tutam sihir biraz da deniz suyunun yard\u0131m\u0131yla yeti\u015fkinlerin giderek \u201cs\u0131radanla\u015fan\u201d ger\u00e7eklik alg\u0131s\u0131n\u0131 sarsmay\u0131 ba\u015far\u0131yor. Michael i\u00e7in yaz tatili demek, amcas\u0131n\u0131n Galler&#8217;deki \u00e7iftli\u011finde kalmak demektir. Orada foklarla beraber y\u00fcz\u00fcp g\u00fcne\u015flenebilir, tarlalarda ko\u015fturabilir ve kuzeni Barry&#8217;yle doyas\u0131ya e\u011flenebilir. En \u00e7ok da dedesinin anlatt\u0131\u011f\u0131 efsanevi masallar\u0131 dinlemeyi sever. \u015eehirli bir \u00e7ocuk i\u00e7in harika bir tatil plan\u0131! Ancak ne yaz\u0131k ki bu yaz \u00f6ncekilerden biraz farkl\u0131 ge\u00e7ecek gibidir. Barry&#8217;nin baca\u011f\u0131 al\u00e7\u0131dad\u0131r; Michael onunla g\u00f6nl\u00fcnce vakit ge\u00e7iremeyecektir. Neyse ki dedi\u015fkosunun masallar\u0131 h\u00e2l\u00e2 vard\u0131r, tabii bir de hayalperest k\u00fc\u00e7\u00fck kuzeni Polly&#8230;Binlerce y\u0131ld\u0131r uyuyan \u015fi\u015fko bir devi ve kay\u0131k sepetini \u00e7eken tosba\u011falar\u0131n\u0131 uyand\u0131rmak ne kadar zor olabilir? Pek kolay g\u00f6r\u00fcnmese de inanmak ba\u015farman\u0131n yar\u0131s\u0131d\u0131r demi\u015fler. G\u00fcn\u00fcn sonunda yeti\u015fkinleri bu i\u015fe inand\u0131rmak var bir de&#8230;Kim bilir belki de Kum Adam&#8217;\u0131, ta\u015fla\u015fm\u0131\u015f kaplumba\u011falar\u0131 ve elbette o \u201ckocaman gri salatal\u0131\u011f\u0131\u201d g\u00f6rece\u011fi bu yaz, Michael i\u00e7in \u00f6nceki t\u00fcm yazlar\u0131n en unutulmaz\u0131 olacakt\u0131r!\u201cTamam, g\u00fczel hik\u00e2ye dedik ama sonu\u00e7ta hik\u00e2ye, de\u011fil mi?\u201dPeki, ya de\u011filse? Ne de olsa hik\u00e2yelerin ger\u00e7e\u011fe d\u00f6n\u00fc\u015fmesi sadece ama sadece bizim elimizde.Evet; kar\u015f\u0131m\u0131zdaki hakiki, kocaman, nefes alan, kanl\u0131 canl\u0131 bir devden ba\u015fkas\u0131 de\u011fil!<\/p>\n","protected":false},"excerpt":{"rendered":"<p>\u00dczerine masal tozu serpilmi\u015f bir yaz tatili&#8230;\u0130ngiliz \u00e7ocuk edebiyat\u0131n\u0131n ya\u015fayan efsanelerinden Michael Morpurgo&#8217;nun kaleme al\u0131p bol \u00f6d\u00fcll\u00fc \u00e7izer Tony Ross&#8217;un resimledi\u011fi Kum Adam ile Kaplumba\u011falar, belleklerde<span class=\"excerpt-hellip\"> [\u2026]<\/span><\/p>\n","protected":false},"featured_media":0,"template":"","meta":{"_monsterinsights_skip_tracking":false,"_monsterinsights_sitenote_active":false,"_monsterinsights_sitenote_note":"","_monsterinsights_sitenote_category":0},"product_brand":[],"product_cat":[12291,12711],"product_tag":[],"class_list":{"0":"post-761197","1":"product","2":"type-product","3":"status-publish","5":"product_cat-edebiyat","6":"product_cat-roman-oyku","7":"pa_cilt-ciltsiz","8":"pa_tur-kitap","9":"pa_yayinevi-tudem-yayinlari","10":"pa_yazar-michael-morpurgo","12":"first","13":"instock","14":"sale","15":"shipping-taxable","16":"purchasable","17":"product-type-simple"},"_links":{"self":[{"href":"https:\/\/roveyayinevi.com.tr\/index.php\/wp-json\/wp\/v2\/product\/761197","targetHints":{"allow":["GET"]}}],"collection":[{"href":"https:\/\/roveyayinevi.com.tr\/index.php\/wp-json\/wp\/v2\/product"}],"about":[{"href":"https:\/\/roveyayinevi.com.tr\/index.php\/wp-json\/wp\/v2\/types\/product"}],"wp:attachment":[{"href":"https:\/\/roveyayinevi.com.tr\/index.php\/wp-json\/wp\/v2\/media?parent=761197"}],"wp:term":[{"taxonomy":"product_brand","embeddable":true,"href":"https:\/\/roveyayinevi.com.tr\/index.php\/wp-json\/wp\/v2\/product_brand?post=761197"},{"taxonomy":"product_cat","embeddable":true,"href":"https:\/\/roveyayinevi.com.tr\/index.php\/wp-json\/wp\/v2\/product_cat?post=761197"},{"taxonomy":"product_tag","embeddable":true,"href":"https:\/\/roveyayinevi.com.tr\/index.php\/wp-json\/wp\/v2\/product_tag?post=761197"}],"curies":[{"name":"wp","href":"https:\/\/api.w.org\/{rel}","templated":true}]}}